000
CDUS43 KDMX 080637
CLIOTM

CLIMATE REPORT
NATIONAL WEATHER SERVICE DES MOINES IA
133 AM CDT WED JUL 8 2015


...................................

...THE OTTUMWA IA CLIMATE SUMMARY FOR JULY 7 2015...

CLIMATE NORMAL PERIOD 1981 TO 2010
CLIMATE RECORD PERIOD 1920 TO 2015


WEATHER ITEM   OBSERVED TIME   RECORD YEAR NORMAL DEPARTURE LAST
                VALUE   (LST)  VALUE       VALUE  FROM      YEAR
                                                  NORMAL
..................................................................
TEMPERATURE (F)
 YESTERDAY
  MAXIMUM         74    309 PM 104    1936  86    -12       87
  MINIMUM         60    556 AM  48    1934  65     -5       68
  AVERAGE         67                        75     -8       78

PRECIPITATION (IN)
  YESTERDAY        0.00          1.52 1986   0.16  -0.16      T
  MONTH TO DATE    1.38                      1.12   0.26     1.78
  SINCE JUN 1      9.17                      6.21   2.96     9.80
  SINCE JAN 1     18.08                     18.74  -0.66    22.91

DEGREE DAYS
 HEATING
  YESTERDAY        0                         0      0        0
  MONTH TO DATE    0                         0      0        7
  SINCE JUN 1     10                        21    -11       16
  SINCE JUL 1      0                         0      0        7

 COOLING
  YESTERDAY        2                        10     -8       13
  MONTH TO DATE   29                        70    -41       34
  SINCE JUN 1    233                       271    -38      248
  SINCE JAN 1    294                       335    -41      359
..................................................................


WIND (MPH)
  HIGHEST WIND SPEED    16   HIGHEST WIND DIRECTION     N (10)
  HIGHEST GUST SPEED    22   HIGHEST GUST DIRECTION     N (360)
  AVERAGE WIND SPEED     9.8


SKY COVER
  POSSIBLE SUNSHINE  MM
  AVERAGE SKY COVER 0.5


WEATHER CONDITIONS
 THE FOLLOWING WEATHER WAS RECORDED YESTERDAY.
  FOG
  HAZE


RELATIVE HUMIDITY (PERCENT)
 HIGHEST    97           400 AM
 LOWEST     53           300 PM
 AVERAGE    75

..........................................................


THE OTTUMWA IA CLIMATE NORMALS FOR TODAY
                         NORMAL    RECORD    YEAR
 MAXIMUM TEMPERATURE (F)   86       102      1936
 MINIMUM TEMPERATURE (F)   65        51      1931


SUNRISE AND SUNSET
JULY  8 2015..........SUNRISE   545 AM CDT   SUNSET   844 PM CDT
JULY  9 2015..........SUNRISE   546 AM CDT   SUNSET   844 PM CDT


-  INDICATES NEGATIVE NUMBERS.
R  INDICATES RECORD WAS SET OR TIED.
MM INDICATES DATA IS MISSING.
T  INDICATES TRACE AMOUNT.




$$
