000
CDUS43 KDMX 280652
CLIOTM

CLIMATE REPORT
NATIONAL WEATHER SERVICE DES MOINES IA
150 AM CDT SAT JUN 28 2014


...................................

...THE OTTUMWA IA CLIMATE SUMMARY FOR JUNE 27 2014...

CLIMATE NORMAL PERIOD 1981 TO 2010
CLIMATE RECORD PERIOD 1920 TO 2014


WEATHER ITEM   OBSERVED TIME   RECORD YEAR NORMAL DEPARTURE LAST
                VALUE   (LST)  VALUE       VALUE  FROM      YEAR
                                                  NORMAL
..................................................................
TEMPERATURE (F)
 YESTERDAY
  MAXIMUM         84    320 PM 101    1934  85     -1       86
  MINIMUM         69    716 AM  48    1938  64      5       65
  AVERAGE         77                        74      3       76

PRECIPITATION (IN)
  YESTERDAY        0.06          1.39 1984   0.16  -0.10     0.01
  MONTH TO DATE    6.54                      4.60   1.94     2.15
  SINCE JUN 1      6.54                      4.60   1.94     2.15
  SINCE JAN 1     17.38                     17.13   0.25    26.47

DEGREE DAYS
 HEATING
  YESTERDAY        0                         0      0        0
  MONTH TO DATE    9                        19    -10       26
  SINCE JUN 1      9                        19    -10       26
  SINCE JUL 1   7106                      6315    791     6271

 COOLING
  YESTERDAY       12                         9      3       11
  MONTH TO DATE  183                       172     11      176
  SINCE JUN 1    183                       172     11      176
  SINCE JAN 1    294                       236     58      253
..................................................................


WIND (MPH)
  HIGHEST WIND SPEED    22   HIGHEST WIND DIRECTION    SE (150)
  HIGHEST GUST SPEED    27   HIGHEST GUST DIRECTION    SE (150)
  AVERAGE WIND SPEED    10.5


SKY COVER
  POSSIBLE SUNSHINE  MM
  AVERAGE SKY COVER 0.4


WEATHER CONDITIONS
 THE FOLLOWING WEATHER WAS RECORDED YESTERDAY.
  HEAVY RAIN
  RAIN
  LIGHT RAIN
  FOG


RELATIVE HUMIDITY (PERCENT)
 HIGHEST    90           300 AM
 LOWEST     69           200 PM
 AVERAGE    80

..........................................................


THE OTTUMWA IA CLIMATE NORMALS FOR TODAY
                         NORMAL    RECORD    YEAR
 MAXIMUM TEMPERATURE (F)   85       103      1934
 MINIMUM TEMPERATURE (F)   64        45      1911


SUNRISE AND SUNSET
JUNE 28 2014..........SUNRISE   540 AM CDT   SUNSET   846 PM CDT
JUNE 29 2014..........SUNRISE   540 AM CDT   SUNSET   846 PM CDT


-  INDICATES NEGATIVE NUMBERS.
R  INDICATES RECORD WAS SET OR TIED.
MM INDICATES DATA IS MISSING.
T  INDICATES TRACE AMOUNT.




$$
