838
CDUS43 KDMX 270707
CLIOTM

CLIMATE REPORT
NATIONAL WEATHER SERVICE DES MOINES IA
104 AM CST TUE DEC 27 2016

...................................

...THE OTTUMWA IA CLIMATE SUMMARY FOR DECEMBER 26 2016...

CLIMATE NORMAL PERIOD 1981 TO 2010
CLIMATE RECORD PERIOD 1920 TO 2016


WEATHER ITEM   OBSERVED TIME   RECORD YEAR NORMAL DEPARTURE LAST
                VALUE   (LST)  VALUE       VALUE  FROM      YEAR
                                                  NORMAL
..................................................................
TEMPERATURE (F)
 YESTERDAY
  MAXIMUM         49   1240 AM  60    1936  32     17       39
  MINIMUM         30   1159 PM -14    1948  15     15       34
  AVERAGE         40                        24     16       37

PRECIPITATION (IN)
  YESTERDAY        0.00          0.90 1942   0.04  -0.04      T
  MONTH TO DATE    1.21                      1.21   0.00     2.86
  SINCE DEC 1      1.21                      1.21   0.00     2.86
  SINCE JAN 1     25.13                     36.91 -11.78    39.55

DEGREE DAYS
 HEATING
  YESTERDAY       25                        41    -16       28
  MONTH TO DATE 1006                       998      8      652
  SINCE DEC 1   1006                       998      8      652
  SINCE JUL 1   1790                      2296   -506     1663

 COOLING
  YESTERDAY        0                         0      0        0
  MONTH TO DATE    0                         0      0        0
  SINCE DEC 1      0                         0      0        0
  SINCE JAN 1   1122                       938    184      933
..................................................................


WIND (MPH)
  HIGHEST WIND SPEED    28   HIGHEST WIND DIRECTION     W (250)
  HIGHEST GUST SPEED    37   HIGHEST GUST DIRECTION     W (250)
  AVERAGE WIND SPEED    15.0


SKY COVER
  POSSIBLE SUNSHINE  MM
  AVERAGE SKY COVER 0.1


WEATHER CONDITIONS
 THE FOLLOWING WEATHER WAS RECORDED YESTERDAY.
  NO SIGNIFICANT WEATHER WAS OBSERVED.


RELATIVE HUMIDITY (PERCENT)
 HIGHEST    86          1200 AM
 LOWEST     44           200 PM
 AVERAGE    65

..........................................................


THE OTTUMWA IA CLIMATE NORMALS FOR TODAY
                         NORMAL    RECORD    YEAR
 MAXIMUM TEMPERATURE (F)   32        68      1946
 MINIMUM TEMPERATURE (F)   15       -10      1935


SUNRISE AND SUNSET
DECEMBER 27 2016......SUNRISE   734 AM CST   SUNSET   448 PM CST
DECEMBER 28 2016......SUNRISE   734 AM CST   SUNSET   449 PM CST


-  INDICATES NEGATIVE NUMBERS.
R  INDICATES RECORD WAS SET OR TIED.
MM INDICATES DATA IS MISSING.
T  INDICATES TRACE AMOUNT.

$$
