975
CDUS43 KDMX 060633
CLIOTM

CLIMATE REPORT
NATIONAL WEATHER SERVICE DES MOINES IA
133 AM CDT SAT MAY 6 2017

...................................

...THE OTTUMWA IA CLIMATE SUMMARY FOR MAY 5 2017...

CLIMATE NORMAL PERIOD 1981 TO 2010
CLIMATE RECORD PERIOD 1920 TO 2017


WEATHER ITEM   OBSERVED TIME   RECORD YEAR NORMAL DEPARTURE LAST
                VALUE   (LST)  VALUE       VALUE  FROM      YEAR
                                                  NORMAL
..................................................................
TEMPERATURE (F)
 YESTERDAY
  MAXIMUM         74    439 PM  91    1926  69      5       69
  MINIMUM         40    529 AM  33    1944  47     -7       35
  AVERAGE         57                        58     -1       52

PRECIPITATION (IN)
  YESTERDAY        0.00          1.43 1933   0.14  -0.14     0.00
  MONTH TO DATE    0.02                      0.71  -0.69     0.16
  SINCE MAR 1      8.28                      6.35   1.93     4.03
  SINCE JAN 1      9.87                      8.53   1.34     5.33

DEGREE DAYS
 HEATING
  YESTERDAY        8                         8      0       13
  MONTH TO DATE   68                        42     26       69
  SINCE MAR 1   1105                      1287   -182     1091
  SINCE JUL 1   4912                      6172  -1260     5145

 COOLING
  YESTERDAY        0                         1     -1        0
  MONTH TO DATE    0                         5     -5        0
  SINCE MAR 1     15                        16     -1        9
  SINCE JAN 1     15                        16     -1        9
..................................................................


WIND (MPH)
  HIGHEST WIND SPEED    22   HIGHEST WIND DIRECTION    NW (330)
  HIGHEST GUST SPEED    37   HIGHEST GUST DIRECTION    NW (310)
  AVERAGE WIND SPEED     9.8


SKY COVER
  POSSIBLE SUNSHINE  MM
  AVERAGE SKY COVER 0.0


WEATHER CONDITIONS
 THE FOLLOWING WEATHER WAS RECORDED YESTERDAY.
  NO SIGNIFICANT WEATHER WAS OBSERVED.


RELATIVE HUMIDITY (PERCENT)
 HIGHEST    82           300 AM
 LOWEST     25           300 PM
 AVERAGE    54

..........................................................


THE OTTUMWA IA CLIMATE NORMALS FOR TODAY
                         NORMAL    RECORD    YEAR
 MAXIMUM TEMPERATURE (F)   69        97      1934
 MINIMUM TEMPERATURE (F)   47        30      2006


SUNRISE AND SUNSET
MAY  6 2017...........SUNRISE   601 AM CDT   SUNSET   812 PM CDT
MAY  7 2017...........SUNRISE   600 AM CDT   SUNSET   813 PM CDT


-  INDICATES NEGATIVE NUMBERS.
R  INDICATES RECORD WAS SET OR TIED.
MM INDICATES DATA IS MISSING.
T  INDICATES TRACE AMOUNT.

$$

SMALL
