000
CDUS43 KDMX 060925
CLIOTM

CLIMATE REPORT
NATIONAL WEATHER SERVICE DES MOINES IA
145 AM CDT TUE JUN 6 2017


...................................

...THE OTTUMWA IA CLIMATE SUMMARY FOR JUNE 5 2017...

CLIMATE NORMAL PERIOD 1981 TO 2010
CLIMATE RECORD PERIOD 1920 TO 2017


WEATHER ITEM   OBSERVED TIME   RECORD YEAR NORMAL DEPARTURE LAST
                VALUE   (LST)  VALUE       VALUE  FROM      YEAR
                                                  NORMAL
..................................................................
TEMPERATURE (F)
 YESTERDAY
  MAXIMUM         88    253 PM 102    1933  79      9       82
  MINIMUM         56    439 AM  43    1926  57     -1       58
  AVERAGE         72                        68      4       70

PRECIPITATION (IN)
  YESTERDAY        0.00          1.94 1947   0.17  -0.17     0.00
  MONTH TO DATE    0.01                      0.84  -0.83     0.24
  SINCE JUN 1      0.01                      0.84  -0.83     0.24
  SINCE JAN 1     12.47                     13.37  -0.90     9.15

DEGREE DAYS
 HEATING
  YESTERDAY        0                         1     -1        0
  MONTH TO DATE    0                         9     -9        0
  SINCE JUN 1      0                         9     -9        0
  SINCE JUL 1   5008                      6305  -1297     5264

 COOLING
  YESTERDAY        7                         4      3        5
  MONTH TO DATE   42                        20     22       21
  SINCE JUN 1     42                        20     22       21
  SINCE JAN 1    103                        84     19       92
..................................................................


WIND (MPH)
  HIGHEST WIND SPEED    20   HIGHEST WIND DIRECTION     E (70)
  HIGHEST GUST SPEED    27   HIGHEST GUST DIRECTION     N (350)
  AVERAGE WIND SPEED     9.0


SKY COVER
  POSSIBLE SUNSHINE  MM
  AVERAGE SKY COVER 0.0


WEATHER CONDITIONS
 THE FOLLOWING WEATHER WAS RECORDED YESTERDAY.
  FOG
  FOG W/VISIBILITY <= 1/4 MILE


RELATIVE HUMIDITY (PERCENT)
 HIGHEST   100           100 AM
 LOWEST     29           100 PM
 AVERAGE    65

..........................................................


THE OTTUMWA IA CLIMATE NORMALS FOR TODAY
                         NORMAL    RECORD    YEAR
 MAXIMUM TEMPERATURE (F)   79       103      1933
 MINIMUM TEMPERATURE (F)   58        36      1897


SUNRISE AND SUNSET
JUNE  6 2017..........SUNRISE   538 AM CDT   SUNSET   840 PM CDT
JUNE  7 2017..........SUNRISE   538 AM CDT   SUNSET   840 PM CDT


-  INDICATES NEGATIVE NUMBERS.
R  INDICATES RECORD WAS SET OR TIED.
MM INDICATES DATA IS MISSING.
T  INDICATES TRACE AMOUNT.




$$
