000
CDUS43 KDMX 270645
CLIOTM

CLIMATE REPORT
NATIONAL WEATHER SERVICE DES MOINES IA
1244 AM CST WED DEC 27 2017

...................................

...THE OTTUMWA IA CLIMATE SUMMARY FOR DECEMBER 26 2017...

CLIMATE NORMAL PERIOD 1981 TO 2010
CLIMATE RECORD PERIOD 1920 TO 2017


WEATHER ITEM   OBSERVED TIME   RECORD YEAR NORMAL DEPARTURE LAST
                VALUE   (LST)  VALUE       VALUE  FROM      YEAR
                                                  NORMAL
..................................................................
TEMPERATURE (F)
 YESTERDAY
  MAXIMUM         10    241 PM  60    1936  32    -22       49
  MINIMUM         -6   1156 PM -14    1948  15    -21       30
  AVERAGE          2                        24    -22       40

PRECIPITATION (IN)
  YESTERDAY        T             0.90 1942   0.04  -0.04     0.00
  MONTH TO DATE    0.56                      1.21  -0.65     1.37
  SINCE DEC 1      0.56                      1.21  -0.65     1.37
  SINCE JAN 1     25.17                     36.91 -11.74    25.29

DEGREE DAYS
 HEATING
  YESTERDAY       63                        41     22       25
  MONTH TO DATE  881                       998   -117     1005
  SINCE DEC 1    881                       998   -117     1005
  SINCE JUL 1   2008                      2296   -288     1798

 COOLING
  YESTERDAY        0                         0      0        0
  MONTH TO DATE    0                         0      0        0
  SINCE DEC 1      0                         0      0        0
  SINCE JAN 1   1120                       938    182     1122
..................................................................


WIND (MPH)
  HIGHEST WIND SPEED    15   HIGHEST WIND DIRECTION     N (340)
  HIGHEST GUST SPEED    17   HIGHEST GUST DIRECTION    NW (310)
  AVERAGE WIND SPEED     6.9


SKY COVER
  POSSIBLE SUNSHINE  MM
  AVERAGE SKY COVER 0.3


WEATHER CONDITIONS
 THE FOLLOWING WEATHER WAS RECORDED YESTERDAY.
  LIGHT SNOW


RELATIVE HUMIDITY (PERCENT)
 HIGHEST    72           200 AM
 LOWEST     49          1100 AM
 AVERAGE    61

..........................................................


THE OTTUMWA IA CLIMATE NORMALS FOR TODAY
                         NORMAL    RECORD    YEAR
 MAXIMUM TEMPERATURE (F)   32        68      1946
 MINIMUM TEMPERATURE (F)   15       -10      1935


SUNRISE AND SUNSET
DECEMBER 27 2017......SUNRISE   734 AM CST   SUNSET   448 PM CST
DECEMBER 28 2017......SUNRISE   734 AM CST   SUNSET   449 PM CST


-  INDICATES NEGATIVE NUMBERS.
R  INDICATES RECORD WAS SET OR TIED.
MM INDICATES DATA IS MISSING.
T  INDICATES TRACE AMOUNT.

$$

SMALL
