000
CDUS43 KDMX 160656
CLIOTM

CLIMATE REPORT
NATIONAL WEATHER SERVICE DES MOINES IA
1256 AM CST TUE JAN 16 2018

...................................

...THE OTTUMWA IA CLIMATE SUMMARY FOR JANUARY 15 2018...

CLIMATE NORMAL PERIOD 1981 TO 2010
CLIMATE RECORD PERIOD 1920 TO 2018


WEATHER ITEM   OBSERVED TIME   RECORD YEAR NORMAL DEPARTURE LAST
                VALUE   (LST)  VALUE       VALUE  FROM      YEAR
                                                  NORMAL
..................................................................
TEMPERATURE (F)
 YESTERDAY
  MAXIMUM         27    100 AM  59    1990  31     -4       32
  MINIMUM         -4   1159 PM -20    1979  13    -17       20
  AVERAGE         12                        22    -10       26

PRECIPITATION (IN)
  YESTERDAY        T             0.86 1969   0.03  -0.03     0.02
  MONTH TO DATE    0.17                      0.47  -0.30     0.20
  SINCE DEC 1      0.87                      1.84  -0.97     1.57
  SINCE JAN 1      0.17                      0.47  -0.30     0.20

DEGREE DAYS
 HEATING
  YESTERDAY       53                        43     10       39
  MONTH TO DATE  759                       639    120      652
  SINCE DEC 1   1954                      1846    108     1808
  SINCE JUL 1   3081                      3144    -63     2601

 COOLING
  YESTERDAY        0                         0      0        0
  MONTH TO DATE    0                         0      0        0
  SINCE DEC 1      0                         0      0        0
  SINCE JAN 1      0                         0      0        0
..................................................................


WIND (MPH)
  HIGHEST WIND SPEED    28   HIGHEST WIND DIRECTION    NW (310)
  HIGHEST GUST SPEED    35   HIGHEST GUST DIRECTION    NW (320)
  AVERAGE WIND SPEED    18.8


SKY COVER
  POSSIBLE SUNSHINE  MM
  AVERAGE SKY COVER 0.5


WEATHER CONDITIONS
 THE FOLLOWING WEATHER WAS RECORDED YESTERDAY.
  LIGHT SNOW
  FOG
  HAZE


RELATIVE HUMIDITY (PERCENT)
 HIGHEST    77           200 AM
 LOWEST     62           600 PM
 AVERAGE    70

..........................................................


THE OTTUMWA IA CLIMATE NORMALS FOR TODAY
                         NORMAL    RECORD    YEAR
 MAXIMUM TEMPERATURE (F)   31        61      1990
 MINIMUM TEMPERATURE (F)   13       -20      2009


SUNRISE AND SUNSET
JANUARY 16 2018.......SUNRISE   732 AM CST   SUNSET   507 PM CST
JANUARY 17 2018.......SUNRISE   732 AM CST   SUNSET   508 PM CST


-  INDICATES NEGATIVE NUMBERS.
R  INDICATES RECORD WAS SET OR TIED.
MM INDICATES DATA IS MISSING.
T  INDICATES TRACE AMOUNT.

$$

SMALL
