000
CDUS43 KDMX 260718
CLIOTM

CLIMATE REPORT
NATIONAL WEATHER SERVICE DES MOINES IA
203 AM CDT SUN JUL 26 2015

...................................

...THE OTTUMWA IA CLIMATE SUMMARY FOR JULY 25 2015...

CLIMATE NORMAL PERIOD 1981 TO 2010
CLIMATE RECORD PERIOD 1920 TO 2015

WEATHER ITEM   OBSERVED TIME   RECORD YEAR NORMAL DEPARTURE LAST
                VALUE   (LST)  VALUE       VALUE  FROM      YEAR
                                                  NORMAL
..................................................................
TEMPERATURE (F)
 YESTERDAY
  MAXIMUM         87    438 PM 111    1936  85      2       78
  MINIMUM         71    745 AM  51    1933  65      6       60
  AVERAGE         79                        75      4       69

PRECIPITATION (IN)
  YESTERDAY        0.16          1.90 2014   0.13   0.03     1.90
  MONTH TO DATE    4.65                      3.65   1.00     5.25
  SINCE JUN 1     12.44                      8.74   3.70    13.27
  SINCE JAN 1     21.35                     21.27   0.08    26.38

DEGREE DAYS
 HEATING
  YESTERDAY        0                         0      0        0
  MONTH TO DATE    6                         0      6       13
  SINCE JUN 1     16                        21     -5       22
  SINCE JUL 1      6                         0      6       13

 COOLING
  YESTERDAY       14                        10      4        4
  MONTH TO DATE  206                       250    -44      137
  SINCE JUN 1    410                       451    -41      351
  SINCE JAN 1    471                       515    -44      462
..................................................................

WIND (MPH)
  HIGHEST WIND SPEED    26   HIGHEST WIND DIRECTION     W (290)
  HIGHEST GUST SPEED    39   HIGHEST GUST DIRECTION    NW (310)
  AVERAGE WIND SPEED     5.9

SKY COVER
  POSSIBLE SUNSHINE  MM
  AVERAGE SKY COVER 0.1

WEATHER CONDITIONS
 THE FOLLOWING WEATHER WAS RECORDED YESTERDAY.
  THUNDERSTORM
  LIGHT RAIN
  FOG

RELATIVE HUMIDITY (PERCENT)
 HIGHEST   100           300 AM
 LOWEST     63           200 PM
 AVERAGE    82
..........................................................

THE OTTUMWA IA CLIMATE NORMALS FOR TODAY
                         NORMAL    RECORD    YEAR
 MAXIMUM TEMPERATURE (F)   85       107      1936
 MINIMUM TEMPERATURE (F)   64        50      1911

SUNRISE AND SUNSET
JULY 26 2015..........SUNRISE   600 AM CDT   SUNSET   832 PM CDT
JULY 27 2015..........SUNRISE   601 AM CDT   SUNSET   831 PM CDT

-  INDICATES NEGATIVE NUMBERS.
R  INDICATES RECORD WAS SET OR TIED.
MM INDICATES DATA IS MISSING.
T  INDICATES TRACE AMOUNT.

$$

FAB
