000
CDUS43 KDMX 290647 RRB
CLIOTM

CLIMATE REPORT
NATIONAL WEATHER SERVICE DES MOINES IA
145 AM CDT MON SEP 29 2014


...................................

...THE OTTUMWA IA CLIMATE SUMMARY FOR SEPTEMBER 28 2014...

CLIMATE NORMAL PERIOD 1981 TO 2010
CLIMATE RECORD PERIOD 1920 TO 2014


WEATHER ITEM   OBSERVED TIME   RECORD YEAR NORMAL DEPARTURE LAST
                VALUE   (LST)  VALUE       VALUE  FROM      YEAR
                                                  NORMAL
..................................................................
TEMPERATURE (F)
 YESTERDAY
  MAXIMUM         82    319 PM  99    1953  71     11       69
  MINIMUM         55    453 AM  23    1942  47      8       47
  AVERAGE         69                        59     10       58

PRECIPITATION (IN)
  YESTERDAY        0.00          1.99 1911   0.11  -0.11     0.39
  MONTH TO DATE    4.16                      3.58   0.58     1.07
  SINCE SEP 1      4.16                      3.58   0.58     1.07
  SINCE JAN 1     35.13                     30.28   4.85    30.18

DEGREE DAYS
 HEATING
  YESTERDAY        0                         7     -7        7
  MONTH TO DATE  119                        94     25       55
  SINCE SEP 1    119                        94     25       55
  SINCE JUL 1    132                       105     27       71

 COOLING
  YESTERDAY        4                         1      3        0
  MONTH TO DATE   65                        90    -25      166
  SINCE SEP 1     65                        90    -25      166
  SINCE JAN 1    797                       924   -127      981
..................................................................


WIND (MPH)
  HIGHEST WIND SPEED     9   HIGHEST WIND DIRECTION     S (190)
  HIGHEST GUST SPEED    13   HIGHEST GUST DIRECTION    SW (230)
  AVERAGE WIND SPEED     2.0


SKY COVER
  POSSIBLE SUNSHINE  MM
  AVERAGE SKY COVER 0.0


WEATHER CONDITIONS
 THE FOLLOWING WEATHER WAS RECORDED YESTERDAY.
  FOG
  HAZE


RELATIVE HUMIDITY (PERCENT)
 HIGHEST    93           100 AM
 LOWEST     40           300 PM
 AVERAGE    67

..........................................................


THE OTTUMWA IA CLIMATE NORMALS FOR TODAY
                         NORMAL    RECORD    YEAR
 MAXIMUM TEMPERATURE (F)   70        93      1953
 MINIMUM TEMPERATURE (F)   47        26      1899


SUNRISE AND SUNSET
SEPTEMBER 29 2014.....SUNRISE   704 AM CDT   SUNSET   655 PM CDT
SEPTEMBER 30 2014.....SUNRISE   705 AM CDT   SUNSET   653 PM CDT


-  INDICATES NEGATIVE NUMBERS.
R  INDICATES RECORD WAS SET OR TIED.
MM INDICATES DATA IS MISSING.
T  INDICATES TRACE AMOUNT.




$$
