000
CDUS43 KDMX 240642 RRA
CLIOTM

CLIMATE REPORT
NATIONAL WEATHER SERVICE DES MOINES IA
142 AM CDT SAT JUN 24 2017

...................................

...THE OTTUMWA IA CLIMATE SUMMARY FOR JUNE 23 2017...

CLIMATE NORMAL PERIOD 1981 TO 2010
CLIMATE RECORD PERIOD 1920 TO 2017


WEATHER ITEM   OBSERVED TIME   RECORD YEAR NORMAL DEPARTURE LAST
                VALUE   (LST)  VALUE       VALUE  FROM      YEAR
                                                  NORMAL
..................................................................
TEMPERATURE (F)
 YESTERDAY
  MAXIMUM         82    132 PM  99    1933  84     -2       83
  MINIMUM         57   1149 PM  48    1942  63     -6       63
  AVERAGE         70                        73     -3       73

PRECIPITATION (IN)
  YESTERDAY        0.07          3.14 2000   0.17  -0.10     0.00
  MONTH TO DATE    0.82                      3.92  -3.10     1.59
  SINCE JUN 1      0.82                      3.92  -3.10     1.59
  SINCE JAN 1     13.28                     16.45  -3.17    10.50

DEGREE DAYS
 HEATING
  YESTERDAY        0                         0      0        0
  MONTH TO DATE    0                        19    -19        1
  SINCE JUN 1      0                        19    -19        1
  SINCE JUL 1   5008                      6315  -1307     5265

 COOLING
  YESTERDAY        5                         8     -3        8
  MONTH TO DATE  237                       136    101      216
  SINCE JUN 1    237                       136    101      216
  SINCE JAN 1    298                       200     98      287
..................................................................


WIND (MPH)
  HIGHEST WIND SPEED    25   HIGHEST WIND DIRECTION    NW (310)
  HIGHEST GUST SPEED    35   HIGHEST GUST DIRECTION    NW (320)
  AVERAGE WIND SPEED    11.9


SKY COVER
  POSSIBLE SUNSHINE  MM
  AVERAGE SKY COVER 0.3


WEATHER CONDITIONS
 THE FOLLOWING WEATHER WAS RECORDED YESTERDAY.
  THUNDERSTORM
  RAIN
  LIGHT RAIN
  FOG


RELATIVE HUMIDITY (PERCENT)
 HIGHEST    97           700 AM
 LOWEST     34           100 PM
 AVERAGE    66

..........................................................


THE OTTUMWA IA CLIMATE NORMALS FOR TODAY
                         NORMAL    RECORD    YEAR
 MAXIMUM TEMPERATURE (F)   84       100      1988
 MINIMUM TEMPERATURE (F)   63        44      1936


SUNRISE AND SUNSET
JUNE 24 2017..........SUNRISE   538 AM CDT   SUNSET   846 PM CDT
JUNE 25 2017..........SUNRISE   539 AM CDT   SUNSET   846 PM CDT


-  INDICATES NEGATIVE NUMBERS.
R  INDICATES RECORD WAS SET OR TIED.
MM INDICATES DATA IS MISSING.
T  INDICATES TRACE AMOUNT.

$$

SMALL
