000
CDUS43 KDMX 190659 RRA
CLIOTM

CLIMATE REPORT
NATIONAL WEATHER SERVICE DES MOINES IA
159 AM CDT TUE AUG 19 2014

...................................

...THE OTTUMWA IA CLIMATE SUMMARY FOR AUGUST 18 2014...

CLIMATE NORMAL PERIOD 1981 TO 2010
CLIMATE RECORD PERIOD 1920 TO 2014


WEATHER ITEM   OBSERVED TIME   RECORD YEAR NORMAL DEPARTURE LAST
                VALUE   (LST)  VALUE       VALUE  FROM      YEAR
                                                  NORMAL
..................................................................
TEMPERATURE (F)
 YESTERDAY
  MAXIMUM         83    346 PM 109    1936  84     -1       80
  MINIMUM         63    242 AM  47    2012  62      1       51
  AVERAGE         73                        73      0       66

PRECIPITATION (IN)
  YESTERDAY        0.00          1.88 2004   0.16  -0.16     0.00
  MONTH TO DATE    1.32                      2.69  -1.37     0.96
  SINCE JUN 1     14.59                     12.25   2.34     4.79
  SINCE JAN 1     25.43                     24.78   0.65    29.11

DEGREE DAYS
 HEATING
  YESTERDAY        0                         0      0        0
  MONTH TO DATE    0                         0      0        6
  SINCE JUN 1     22                        23     -1       42
  SINCE JUL 1     13                         2     11       16

 COOLING
  YESTERDAY        8                         8      0        1
  MONTH TO DATE   96                       161    -65       87
  SINCE JUN 1    474                       676   -202      551
  SINCE JAN 1    585                       740   -155      628
..................................................................


WIND (MPH)
  HIGHEST WIND SPEED    13   HIGHEST WIND DIRECTION    SW (210)
  HIGHEST GUST SPEED    16   HIGHEST GUST DIRECTION     S (200)
  AVERAGE WIND SPEED     5.5


SKY COVER
  POSSIBLE SUNSHINE  MM
  AVERAGE SKY COVER 0.5


WEATHER CONDITIONS
 THE FOLLOWING WEATHER WAS RECORDED YESTERDAY.
  FOG
  FOG W/VISIBILITY <= 1/4 MILE
  HAZE


RELATIVE HUMIDITY (PERCENT)
 HIGHEST   100           200 AM
 LOWEST     63           300 PM
 AVERAGE    82

..........................................................


THE OTTUMWA IA CLIMATE NORMALS FOR TODAY
                         NORMAL    RECORD    YEAR
 MAXIMUM TEMPERATURE (F)   84       106      1913
 MINIMUM TEMPERATURE (F)   62        48      1950


SUNRISE AND SUNSET
AUGUST 19 2014........SUNRISE   623 AM CDT   SUNSET   803 PM CDT
AUGUST 20 2014........SUNRISE   624 AM CDT   SUNSET   801 PM CDT


-  INDICATES NEGATIVE NUMBERS.
R  INDICATES RECORD WAS SET OR TIED.
MM INDICATES DATA IS MISSING.
T  INDICATES TRACE AMOUNT.

$$

SMALL
