000
CDUS43 KDMX 210644
CLIOTM

CLIMATE REPORT
NATIONAL WEATHER SERVICE DES MOINES IA
1240 AM CST TUE FEB 21 2017

...................................

...THE OTTUMWA IA CLIMATE SUMMARY FOR FEBRUARY 20 2017...

CLIMATE NORMAL PERIOD 1981 TO 2010
CLIMATE RECORD PERIOD 1920 TO 2017


WEATHER ITEM   OBSERVED TIME   RECORD YEAR NORMAL DEPARTURE LAST
                VALUE   (LST)  VALUE       VALUE  FROM      YEAR
                                                  NORMAL
..................................................................
TEMPERATURE (F)
 YESTERDAY
  MAXIMUM         65R   348 PM  65    1930  38     27       56
  MINIMUM         56   1012 PM -16    1929  19     37       33
  AVERAGE         61                        29     32       45

PRECIPITATION (IN)
  YESTERDAY        0.07          1.60 1919   0.05   0.02     0.00
  MONTH TO DATE    0.13                      0.78  -0.65     0.80
  SINCE DEC 1      2.65                      3.05  -0.40     5.33
  SINCE JAN 1      1.28                      1.68  -0.40     1.30

DEGREE DAYS
 HEATING
  YESTERDAY        4                        36    -32       20
  MONTH TO DATE  554                       785   -231      748
  SINCE DEC 1   2849                      3309   -460     2814
  SINCE JUL 1   3642                      4607   -965     3825

 COOLING
  YESTERDAY        0                         0      0        0
  MONTH TO DATE    0                         0      0        0
  SINCE DEC 1      0                         0      0        0
  SINCE JAN 1      0                         0      0        0
..................................................................


WIND (MPH)
  HIGHEST WIND SPEED    24   HIGHEST WIND DIRECTION     S (170)
  HIGHEST GUST SPEED    30   HIGHEST GUST DIRECTION     S (170)
  AVERAGE WIND SPEED    12.1


SKY COVER
  POSSIBLE SUNSHINE  MM
  AVERAGE SKY COVER 0.6


WEATHER CONDITIONS
 THE FOLLOWING WEATHER WAS RECORDED YESTERDAY.
  THUNDERSTORM
  LIGHT RAIN
  FOG


RELATIVE HUMIDITY (PERCENT)
 HIGHEST    93           600 AM
 LOWEST     64          1200 AM
 AVERAGE    79

..........................................................


THE OTTUMWA IA CLIMATE NORMALS FOR TODAY
                         NORMAL    RECORD    YEAR
 MAXIMUM TEMPERATURE (F)   38        69      1930
 MINIMUM TEMPERATURE (F)   20        -7      1963


SUNRISE AND SUNSET
FEBRUARY 21 2017......SUNRISE   656 AM CST   SUNSET   552 PM CST
FEBRUARY 22 2017......SUNRISE   654 AM CST   SUNSET   553 PM CST


-  INDICATES NEGATIVE NUMBERS.
R  INDICATES RECORD WAS SET OR TIED.
MM INDICATES DATA IS MISSING.
T  INDICATES TRACE AMOUNT.

$$

REV
