824
CDUS43 KDMX 270656 RRB
CLIOTM

CLIMATE REPORT
NATIONAL WEATHER SERVICE DES MOINES IA
154 AM CDT THU APR 27 2017


...................................

...THE OTTUMWA IA CLIMATE SUMMARY FOR APRIL 26 2017...

CLIMATE NORMAL PERIOD 1981 TO 2010
CLIMATE RECORD PERIOD 1920 TO 2017


WEATHER ITEM   OBSERVED TIME   RECORD YEAR NORMAL DEPARTURE LAST
                VALUE   (LST)  VALUE       VALUE  FROM      YEAR
                                                  NORMAL
..................................................................
TEMPERATURE (F)
 YESTERDAY
  MAXIMUM         58   1200 AM  88    1989  66     -8       64
  MINIMUM         42   1159 PM  29    1926  44     -2       49
  AVERAGE         50                        55     -5       57

PRECIPITATION (IN)
  YESTERDAY        0.22          1.12 1969   0.13   0.09     0.76
  MONTH TO DATE    3.33                      2.86   0.47     1.65
  SINCE MAR 1      6.53                      5.10   1.43     2.87
  SINCE JAN 1      8.12                      7.28   0.84     4.17

DEGREE DAYS
 HEATING
  YESTERDAY       15                        11      4        8
  MONTH TO DATE  230                       396   -166      348
  SINCE MAR 1    957                      1207   -250      963
  SINCE JUL 1   4764                      6092  -1328     5017

 COOLING
  YESTERDAY        0                         1     -1        0
  MONTH TO DATE   15                         6      9        9
  SINCE MAR 1     15                         7      8        9
  SINCE JAN 1     15                         7      8        9
..................................................................


WIND (MPH)
  HIGHEST WIND SPEED    20   HIGHEST WIND DIRECTION    NW (330)
  HIGHEST GUST SPEED    25   HIGHEST GUST DIRECTION    NW (320)
  AVERAGE WIND SPEED    12.2


SKY COVER
  POSSIBLE SUNSHINE  MM
  AVERAGE SKY COVER 1.0


WEATHER CONDITIONS
 THE FOLLOWING WEATHER WAS RECORDED YESTERDAY.
  THUNDERSTORM
  RAIN
  LIGHT RAIN


RELATIVE HUMIDITY (PERCENT)
 HIGHEST    96           300 AM
 LOWEST     74           200 PM
 AVERAGE    85

..........................................................


THE OTTUMWA IA CLIMATE NORMALS FOR TODAY
                         NORMAL    RECORD    YEAR
 MAXIMUM TEMPERATURE (F)   66        86      1981
 MINIMUM TEMPERATURE (F)   44        25      1933


SUNRISE AND SUNSET
APRIL 27 2017.........SUNRISE   613 AM CDT   SUNSET   803 PM CDT
APRIL 28 2017.........SUNRISE   611 AM CDT   SUNSET   804 PM CDT


-  INDICATES NEGATIVE NUMBERS.
R  INDICATES RECORD WAS SET OR TIED.
MM INDICATES DATA IS MISSING.
T  INDICATES TRACE AMOUNT.




$$
