000
CDUS43 KDMX 030633 RRB
CLIOTM

CLIMATE REPORT
NATIONAL WEATHER SERVICE DES MOINES IA
1229 AM CST TUE MAR 3 2015


...................................

...THE OTTUMWA IA CLIMATE SUMMARY FOR MARCH 2 2015...

CLIMATE NORMAL PERIOD 1981 TO 2010
CLIMATE RECORD PERIOD 1920 TO 2015


WEATHER ITEM   OBSERVED TIME   RECORD YEAR NORMAL DEPARTURE LAST
                VALUE   (LST)  VALUE       VALUE  FROM      YEAR
                                                  NORMAL
..................................................................
TEMPERATURE (F)
 YESTERDAY
  MAXIMUM         30    542 PM  74    1983  43    -13        2
  MINIMUM         11    624 AM -11    1913  23    -12       -6
  AVERAGE         21                        33    -12       -2

PRECIPITATION (IN)
  YESTERDAY        0.00          1.02 1970   0.06  -0.06      T
  MONTH TO DATE    0.00                      0.13  -0.13     0.34
  SINCE MAR 1      0.00                      0.13  -0.13     0.34
  SINCE JAN 1      1.16                      2.31  -1.15     3.15

DEGREE DAYS
 HEATING
  YESTERDAY       44                        32     12       67
  MONTH TO DATE   89                        65     24      120
  SINCE MAR 1     89                        65     24      120
  SINCE JUL 1   5220                      4950    270     5633

 COOLING
  YESTERDAY        0                         0      0        0
  MONTH TO DATE    0                         0      0        0
  SINCE MAR 1      0                         0      0        0
  SINCE JAN 1      0                         0      0        0
..................................................................


WIND (MPH)
  HIGHEST WIND SPEED    15   HIGHEST WIND DIRECTION    SE (140)
  HIGHEST GUST SPEED    19   HIGHEST GUST DIRECTION    SE (130)
  AVERAGE WIND SPEED     7.7


SKY COVER
  POSSIBLE SUNSHINE  MM
  AVERAGE SKY COVER 0.3


WEATHER CONDITIONS
 THE FOLLOWING WEATHER WAS RECORDED YESTERDAY.
  NO SIGNIFICANT WEATHER WAS OBSERVED.


RELATIVE HUMIDITY (PERCENT)
 HIGHEST    88           700 AM
 LOWEST     53           100 PM
 AVERAGE    71

..........................................................


THE OTTUMWA IA CLIMATE NORMALS FOR TODAY
                         NORMAL    RECORD    YEAR
 MAXIMUM TEMPERATURE (F)   43        79      1983
 MINIMUM TEMPERATURE (F)   24        -9      2014


SUNRISE AND SUNSET
MARCH  3 2015.........SUNRISE   641 AM CST   SUNSET   603 PM CST
MARCH  4 2015.........SUNRISE   640 AM CST   SUNSET   604 PM CST


-  INDICATES NEGATIVE NUMBERS.
R  INDICATES RECORD WAS SET OR TIED.
MM INDICATES DATA IS MISSING.
T  INDICATES TRACE AMOUNT.




$$
