000
CDUS43 KDMX 010639
CLIOTM

CLIMATE REPORT
NATIONAL WEATHER SERVICE DES MOINES IA
1234 AM CST THU DEC 1 2016

...................................

...THE OTTUMWA IA CLIMATE SUMMARY FOR NOVEMBER 30 2016...

CLIMATE NORMAL PERIOD 1981 TO 2010
CLIMATE RECORD PERIOD 1920 TO 2016


WEATHER ITEM   OBSERVED TIME   RECORD YEAR NORMAL DEPARTURE LAST
                VALUE   (LST)  VALUE       VALUE  FROM      YEAR
                                                  NORMAL
..................................................................
TEMPERATURE (F)
 YESTERDAY
  MAXIMUM         38    337 PM  67    1998  41     -3       39
  MINIMUM         36   1159 PM  -9    1964  23     13       34
  AVERAGE         37                        32      5       37

PRECIPITATION (IN)
  YESTERDAY        T             1.46 1934   0.07  -0.07     0.38
  MONTH TO DATE    0.71                      2.38  -1.67     5.32
  SINCE SEP 1      2.73                      9.00  -6.27    10.98
  SINCE JAN 1     23.92                     35.70 -11.78    36.69

DEGREE DAYS
 HEATING
  YESTERDAY       28                        33     -5       28
  MONTH TO DATE  527                       772   -245      598
  SINCE SEP 1    777                      1287   -510      989
  SINCE JUL 1    784                      1298   -514     1011

 COOLING
  YESTERDAY        0                         0      0        0
  MONTH TO DATE    5                         0      5        0
  SINCE SEP 1    223                       104    119      205
  SINCE JAN 1   1122                       938    184      933
..................................................................


WIND (MPH)
  HIGHEST WIND SPEED    23   HIGHEST WIND DIRECTION     W (270)
  HIGHEST GUST SPEED    31   HIGHEST GUST DIRECTION     W (280)
  AVERAGE WIND SPEED    15.1


SKY COVER
  POSSIBLE SUNSHINE  MM
  AVERAGE SKY COVER 1.0


WEATHER CONDITIONS
 THE FOLLOWING WEATHER WAS RECORDED YESTERDAY.
  NO SIGNIFICANT WEATHER WAS OBSERVED.


RELATIVE HUMIDITY (PERCENT)
 HIGHEST    75           600 AM
 LOWEST     64           900 AM
 AVERAGE    70

..........................................................


THE OTTUMWA IA CLIMATE NORMALS FOR TODAY
                         NORMAL    RECORD    YEAR
 MAXIMUM TEMPERATURE (F)   40        65      1970
 MINIMUM TEMPERATURE (F)   22         2      2005


SUNRISE AND SUNSET
DECEMBER  1 2016......SUNRISE   716 AM CST   SUNSET   442 PM CST
DECEMBER  2 2016......SUNRISE   717 AM CST   SUNSET   442 PM CST


-  INDICATES NEGATIVE NUMBERS.
R  INDICATES RECORD WAS SET OR TIED.
MM INDICATES DATA IS MISSING.
T  INDICATES TRACE AMOUNT.




$$
