748
CDUS43 KDMX 290638
CLIOTM

CLIMATE REPORT
NATIONAL WEATHER SERVICE DES MOINES IA
1232 AM CST SUN JAN 29 2017

...................................

...THE OTTUMWA IA CLIMATE SUMMARY FOR JANUARY 28 2017...

CLIMATE NORMAL PERIOD 1981 TO 2010
CLIMATE RECORD PERIOD 1920 TO 2017


WEATHER ITEM   OBSERVED TIME   RECORD YEAR NORMAL DEPARTURE LAST
                VALUE   (LST)  VALUE       VALUE  FROM      YEAR
                                                  NORMAL
..................................................................
TEMPERATURE (F)
 YESTERDAY
  MAXIMUM         36   1238 PM  59    2008  32      4       41
  MINIMUM         25    635 AM -20    1915  14     11       26
  AVERAGE         31                        23      8       34

PRECIPITATION (IN)
  YESTERDAY        0.00          0.98 2006   0.03  -0.03     0.00
  MONTH TO DATE    1.12                      0.82   0.30     0.48
  SINCE DEC 1      2.49                      2.19   0.30     4.51
  SINCE JAN 1      1.12                      0.82   0.30     0.48

DEGREE DAYS
 HEATING
  YESTERDAY       34                        42     -8       31
  MONTH TO DATE 1051                      1194   -143     1187
  SINCE DEC 1   2207                      2401   -194     2033
  SINCE JUL 1   3000                      3699   -699     3044

 COOLING
  YESTERDAY        0                         0      0        0
  MONTH TO DATE    0                         0      0        0
  SINCE DEC 1      0                         0      0        0
  SINCE JAN 1      0                         0      0        0
..................................................................


WIND (MPH)
  HIGHEST WIND SPEED    22   HIGHEST WIND DIRECTION    NW (310)
  HIGHEST GUST SPEED    27   HIGHEST GUST DIRECTION     W (290)
  AVERAGE WIND SPEED    12.8


SKY COVER
  POSSIBLE SUNSHINE  MM
  AVERAGE SKY COVER 0.6


WEATHER CONDITIONS
 THE FOLLOWING WEATHER WAS RECORDED YESTERDAY.
  NO SIGNIFICANT WEATHER WAS OBSERVED.


RELATIVE HUMIDITY (PERCENT)
 HIGHEST    81           200 AM
 LOWEST     59          1200 PM
 AVERAGE    70

..........................................................


THE OTTUMWA IA CLIMATE NORMALS FOR TODAY
                         NORMAL    RECORD    YEAR
 MAXIMUM TEMPERATURE (F)   32        61      2013
 MINIMUM TEMPERATURE (F)   14       -20      1966


SUNRISE AND SUNSET
JANUARY 29 2017.......SUNRISE   723 AM CST   SUNSET   523 PM CST
JANUARY 30 2017.......SUNRISE   722 AM CST   SUNSET   525 PM CST


-  INDICATES NEGATIVE NUMBERS.
R  INDICATES RECORD WAS SET OR TIED.
MM INDICATES DATA IS MISSING.
T  INDICATES TRACE AMOUNT.

$$

REV
