000
CDUS43 KDMX 060743
CLIOTM

CLIMATE REPORT
NATIONAL WEATHER SERVICE DES MOINES IA
137 AM CDT SAT JUN 6 2015

...................................

...THE OTTUMWA IA CLIMATE SUMMARY FOR JUNE 5 2015...

CLIMATE NORMAL PERIOD 1981 TO 2010
CLIMATE RECORD PERIOD 1920 TO 2015


WEATHER ITEM   OBSERVED TIME   RECORD YEAR NORMAL DEPARTURE LAST
                VALUE   (LST)  VALUE       VALUE  FROM      YEAR
                                                  NORMAL
..................................................................
TEMPERATURE (F)
 YESTERDAY
  MAXIMUM         87    352 PM 102    1933  79      8       73
  MINIMUM         63   1231 AM  43    1926  57      6       59
  AVERAGE         75                        68      7       66

PRECIPITATION (IN)
  YESTERDAY        0.00          1.94 1947   0.17  -0.17     0.00
  MONTH TO DATE    T                         0.84  -0.84     1.82
  SINCE JUN 1      T                         0.84  -0.84     1.82
  SINCE JAN 1      8.91                     13.37  -4.46    14.93

DEGREE DAYS
 HEATING
  YESTERDAY        0                         1     -1        0
  MONTH TO DATE   10                         9      1        0
  SINCE JUN 1     10                         9      1        0
  SINCE JUL 1   6379                      6305     74     7098

 COOLING
  YESTERDAY       10                         4      6        1
  MONTH TO DATE   16                        20     -4       33
  SINCE JUN 1     16                        20     -4       33
  SINCE JAN 1     77                        84     -7      144
..................................................................


WIND (MPH)
  HIGHEST WIND SPEED    16   HIGHEST WIND DIRECTION     E (70)
  HIGHEST GUST SPEED    21   HIGHEST GUST DIRECTION     E (70)
  AVERAGE WIND SPEED     8.1


SKY COVER
  POSSIBLE SUNSHINE  MM
  AVERAGE SKY COVER 0.3


WEATHER CONDITIONS
 THE FOLLOWING WEATHER WAS RECORDED YESTERDAY.
  NO SIGNIFICANT WEATHER WAS OBSERVED.


RELATIVE HUMIDITY (PERCENT)
 HIGHEST   100          1200 AM
 LOWEST     45           400 PM
 AVERAGE    73

..........................................................


THE OTTUMWA IA CLIMATE NORMALS FOR TODAY
                         NORMAL    RECORD    YEAR
 MAXIMUM TEMPERATURE (F)   79       103      1933
 MINIMUM TEMPERATURE (F)   58        36      1897


SUNRISE AND SUNSET
JUNE  6 2015..........SUNRISE   538 AM CDT   SUNSET   839 PM CDT
JUNE  7 2015..........SUNRISE   538 AM CDT   SUNSET   840 PM CDT


-  INDICATES NEGATIVE NUMBERS.
R  INDICATES RECORD WAS SET OR TIED.
MM INDICATES DATA IS MISSING.
T  INDICATES TRACE AMOUNT.




$$
