000
CDUS43 KDMX 010633 RRA
CLIOTM

CLIMATE REPORT
NATIONAL WEATHER SERVICE DES MOINES IA
1230 AM CST SUN MAR 1 2015


...................................

...THE OTTUMWA IA CLIMATE SUMMARY FOR FEBRUARY 28 2015...

CLIMATE NORMAL PERIOD 1981 TO 2010
CLIMATE RECORD PERIOD 1920 TO 2015


WEATHER ITEM   OBSERVED TIME   RECORD YEAR NORMAL DEPARTURE LAST
                VALUE   (LST)  VALUE       VALUE  FROM      YEAR
                                                  NORMAL
..................................................................
TEMPERATURE (F)
 YESTERDAY
  MAXIMUM         22    221 PM  67    1972  42    -20       43
  MINIMUM         -5    524 AM -15    1962  23    -28        5
  AVERAGE          9                        32    -23       24

PRECIPITATION (IN)
  YESTERDAY        T             1.06 1939   0.07  -0.07     0.04
  MONTH TO DATE    0.22                      1.28  -1.06     2.37
  SINCE DEC 1      2.14                      3.55  -1.41     3.47
  SINCE JAN 1      1.16                      2.18  -1.02     2.81

DEGREE DAYS
 HEATING
  YESTERDAY       56                        33     23       41
  MONTH TO DATE 1344                      1061    283     1348
  SINCE DEC 1   3623                      3587     36     4183
  SINCE JUL 1   5131                      4885    246     5513

 COOLING
  YESTERDAY        0                         0      0        0
  MONTH TO DATE    0                         0      0        0
  SINCE DEC 1      0                         0      0        0
  SINCE JAN 1      0                         0      0        0
..................................................................


WIND (MPH)
  HIGHEST WIND SPEED    15   HIGHEST WIND DIRECTION     S (170)
  HIGHEST GUST SPEED    19   HIGHEST GUST DIRECTION     S (160)
  AVERAGE WIND SPEED     7.2


SKY COVER
  POSSIBLE SUNSHINE  MM
  AVERAGE SKY COVER 0.3


WEATHER CONDITIONS
 THE FOLLOWING WEATHER WAS RECORDED YESTERDAY.
  LIGHT SNOW
  FOG
  HAZE


RELATIVE HUMIDITY (PERCENT)
 HIGHEST    92           800 PM
 LOWEST     54          1100 AM
 AVERAGE    73

..........................................................


THE OTTUMWA IA CLIMATE NORMALS FOR TODAY
                         NORMAL    RECORD    YEAR
 MAXIMUM TEMPERATURE (F)   42        75      1992
 MINIMUM TEMPERATURE (F)   23       -20      1962


SUNRISE AND SUNSET
MARCH  1 2015.........SUNRISE   644 AM CST   SUNSET   600 PM CST
MARCH  2 2015.........SUNRISE   643 AM CST   SUNSET   602 PM CST


-  INDICATES NEGATIVE NUMBERS.
R  INDICATES RECORD WAS SET OR TIED.
MM INDICATES DATA IS MISSING.
T  INDICATES TRACE AMOUNT.




$$
