000
CDUS43 KDMX 300639 RRA
CLIOTM

CLIMATE REPORT
NATIONAL WEATHER SERVICE DES MOINES IA
137 AM CDT MON OCT 30 2017

...................................

...THE OTTUMWA IA CLIMATE SUMMARY FOR OCTOBER 29 2017...

CLIMATE NORMAL PERIOD 1981 TO 2010
CLIMATE RECORD PERIOD 1920 TO 2017


WEATHER ITEM   OBSERVED TIME   RECORD YEAR NORMAL DEPARTURE LAST
                VALUE   (LST)  VALUE       VALUE  FROM      YEAR
                                                  NORMAL
..................................................................
TEMPERATURE (F)
 YESTERDAY
  MAXIMUM         55   1258 PM  91    1937  58     -3       80
  MINIMUM         21    323 AM  15    1925  37    -16       56
  AVERAGE         38                        48    -10       68

PRECIPITATION (IN)
  YESTERDAY        0.01          2.28 1896   0.09  -0.08      T
  MONTH TO DATE    2.86                      2.65   0.21     1.01
  SINCE SEP 1      6.53                      6.44   0.09     2.02
  SINCE JAN 1     22.37                     33.14 -10.77    23.21

DEGREE DAYS
 HEATING
  YESTERDAY       27                        17     10        0
  MONTH TO DATE  255                       366   -111      204
  SINCE SEP 1    292                       476   -184      237
  SINCE JUL 1    292                       487   -195      244

 COOLING
  YESTERDAY        0                         0      0        3
  MONTH TO DATE   26                         9     17       45
  SINCE SEP 1    195                       102     93      218
  SINCE JAN 1   1120                       936    184     1117
..................................................................


WIND (MPH)
  HIGHEST WIND SPEED    22   HIGHEST WIND DIRECTION    SW (210)
  HIGHEST GUST SPEED    25   HIGHEST GUST DIRECTION     S (200)
  AVERAGE WIND SPEED     8.5


SKY COVER
  POSSIBLE SUNSHINE  MM
  AVERAGE SKY COVER 0.7


WEATHER CONDITIONS
 THE FOLLOWING WEATHER WAS RECORDED YESTERDAY.
  LIGHT RAIN


RELATIVE HUMIDITY (PERCENT)
 HIGHEST    92           100 AM
 LOWEST     26           100 PM
 AVERAGE    59

..........................................................


THE OTTUMWA IA CLIMATE NORMALS FOR TODAY
                         NORMAL    RECORD    YEAR
 MAXIMUM TEMPERATURE (F)   58        86      1950
 MINIMUM TEMPERATURE (F)   37         5      1925


SUNRISE AND SUNSET
OCTOBER 30 2017.......SUNRISE   739 AM CDT   SUNSET   608 PM CDT
OCTOBER 31 2017.......SUNRISE   740 AM CDT   SUNSET   606 PM CDT


-  INDICATES NEGATIVE NUMBERS.
R  INDICATES RECORD WAS SET OR TIED.
MM INDICATES DATA IS MISSING.
T  INDICATES TRACE AMOUNT.




$$
