000
CDUS43 KDMX 050652
CLIOTM

CLIMATE REPORT
NATIONAL WEATHER SERVICE DES MOINES IA
149 AM CDT SAT AUG 5 2017

...................................

...THE OTTUMWA IA CLIMATE SUMMARY FOR AUGUST 4 2017...

CLIMATE NORMAL PERIOD 1981 TO 2010
CLIMATE RECORD PERIOD 1920 TO 2017


WEATHER ITEM   OBSERVED TIME   RECORD YEAR NORMAL DEPARTURE LAST
                VALUE   (LST)  VALUE       VALUE  FROM      YEAR
                                                  NORMAL
..................................................................
TEMPERATURE (F)
 YESTERDAY
  MAXIMUM         80    324 PM 109    1918  85     -5       91
  MINIMUM         52    548 AM  50    1912  64    -12       71
  AVERAGE         66                        74     -8       81

PRECIPITATION (IN)
  YESTERDAY        0.00          2.16 1970   0.14  -0.14     0.24
  MONTH TO DATE    0.37                      0.57  -0.20     1.08
  SINCE JUN 1      1.98                     10.13  -8.15     7.55
  SINCE JAN 1     14.44                     22.66  -8.22    16.46

DEGREE DAYS
 HEATING
  YESTERDAY        0                         0      0        0
  MONTH TO DATE    0                         0      0        0
  SINCE JUN 1     10                        23    -13        8
  SINCE JUL 1      0                         2     -2        7

 COOLING
  YESTERDAY        1                         9     -8       16
  MONTH TO DATE   30                        38     -8       44
  SINCE JUN 1    714                       553    161      592
  SINCE JAN 1    775                       617    158      663
..................................................................


WIND (MPH)
  HIGHEST WIND SPEED    22   HIGHEST WIND DIRECTION    NW (330)
  HIGHEST GUST SPEED    33   HIGHEST GUST DIRECTION     N (350)
  AVERAGE WIND SPEED    11.0


SKY COVER
  POSSIBLE SUNSHINE  MM
  AVERAGE SKY COVER 0.1


WEATHER CONDITIONS
 THE FOLLOWING WEATHER WAS RECORDED YESTERDAY.
  NO SIGNIFICANT WEATHER WAS OBSERVED.


RELATIVE HUMIDITY (PERCENT)
 HIGHEST    83           600 AM
 LOWEST     35           300 PM
 AVERAGE    59

..........................................................


THE OTTUMWA IA CLIMATE NORMALS FOR TODAY
                         NORMAL    RECORD    YEAR
 MAXIMUM TEMPERATURE (F)   85       101      1934
 MINIMUM TEMPERATURE (F)   64        50      1994


SUNRISE AND SUNSET
AUGUST  5 2017........SUNRISE   610 AM CDT   SUNSET   821 PM CDT
AUGUST  6 2017........SUNRISE   611 AM CDT   SUNSET   820 PM CDT


-  INDICATES NEGATIVE NUMBERS.
R  INDICATES RECORD WAS SET OR TIED.
MM INDICATES DATA IS MISSING.
T  INDICATES TRACE AMOUNT.

$$

ANSORGE
