653
CDUS43 KDMX 270640
CLIOTM

CLIMATE REPORT
NATIONAL WEATHER SERVICE DES MOINES IA
136 AM CDT MON MAR 27 2017


...................................

...THE OTTUMWA IA CLIMATE SUMMARY FOR MARCH 26 2017...

CLIMATE NORMAL PERIOD 1981 TO 2010
CLIMATE RECORD PERIOD 1920 TO 2017


WEATHER ITEM   OBSERVED TIME   RECORD YEAR NORMAL DEPARTURE LAST
                VALUE   (LST)  VALUE       VALUE  FROM      YEAR
                                                  NORMAL
..................................................................
TEMPERATURE (F)
 YESTERDAY
  MAXIMUM         49    407 PM  86    1907  54     -5       51
  MINIMUM         43    822 AM   3    1955  32     11       33
  AVERAGE         46                        43      3       42

PRECIPITATION (IN)
  YESTERDAY        0.36          2.00 1916   0.07   0.29      T
  MONTH TO DATE    1.71                      1.82  -0.11     1.12
  SINCE MAR 1      1.71                      1.82  -0.11     1.12
  SINCE JAN 1      3.30                      4.00  -0.70     2.42

DEGREE DAYS
 HEATING
  YESTERDAY       19                        22     -3       23
  MONTH TO DATE  628                       707    -79      532
  SINCE MAR 1    628                       707    -79      532
  SINCE JUL 1   4435                      5592  -1157     4586

 COOLING
  YESTERDAY        0                         0      0        0
  MONTH TO DATE    0                         0      0        0
  SINCE MAR 1      0                         0      0        0
  SINCE JAN 1      0                         0      0        0
..................................................................


WIND (MPH)
  HIGHEST WIND SPEED    14   HIGHEST WIND DIRECTION     W (280)
  HIGHEST GUST SPEED    17   HIGHEST GUST DIRECTION     W (290)
  AVERAGE WIND SPEED     8.4


SKY COVER
  POSSIBLE SUNSHINE  MM
  AVERAGE SKY COVER 1.0


WEATHER CONDITIONS
 THE FOLLOWING WEATHER WAS RECORDED YESTERDAY.
  HEAVY RAIN
  RAIN
  LIGHT RAIN
  FOG


RELATIVE HUMIDITY (PERCENT)
 HIGHEST   100          1200 AM
 LOWEST     93          1100 AM
 AVERAGE    97

..........................................................


THE OTTUMWA IA CLIMATE NORMALS FOR TODAY
                         NORMAL    RECORD    YEAR
 MAXIMUM TEMPERATURE (F)   55        84      1910
 MINIMUM TEMPERATURE (F)   32        12      1913


SUNRISE AND SUNSET
MARCH 27 2017.........SUNRISE   701 AM CDT   SUNSET   730 PM CDT
MARCH 28 2017.........SUNRISE   659 AM CDT   SUNSET   731 PM CDT


-  INDICATES NEGATIVE NUMBERS.
R  INDICATES RECORD WAS SET OR TIED.
MM INDICATES DATA IS MISSING.
T  INDICATES TRACE AMOUNT.




$$
