000
CDUS43 KDMX 140630 RRA
CLIOTM

CLIMATE REPORT
NATIONAL WEATHER SERVICE DES MOINES IA
126 AM CDT MON AUG 14 2017


...................................

...THE OTTUMWA IA CLIMATE SUMMARY FOR AUGUST 13 2017...

CLIMATE NORMAL PERIOD 1981 TO 2010
CLIMATE RECORD PERIOD 1920 TO 2017


WEATHER ITEM   OBSERVED TIME   RECORD YEAR NORMAL DEPARTURE LAST
                VALUE   (LST)  VALUE       VALUE  FROM      YEAR
                                                  NORMAL
..................................................................
TEMPERATURE (F)
 YESTERDAY
  MAXIMUM         81    416 PM 106    1936  84     -3       83
  MINIMUM         54    346 AM  48    2004  63     -9       65
                                      1964
  AVERAGE         68                        74     -6       74

PRECIPITATION (IN)
  YESTERDAY        0.00          2.35 1974   0.15  -0.15     0.00
  MONTH TO DATE    0.66                      1.89  -1.23     2.22
  SINCE JUN 1      2.27                     11.45  -9.18     8.69
  SINCE JAN 1     14.73                     23.98  -9.25    17.60

DEGREE DAYS
 HEATING
  YESTERDAY        0                         0      0        0
  MONTH TO DATE    0                         0      0        0
  SINCE JUN 1     10                        23    -13        8
  SINCE JUL 1      0                         2     -2        7

 COOLING
  YESTERDAY        3                         9     -6        9
  MONTH TO DATE   67                       119    -52      133
  SINCE JUN 1    751                       634    117      681
  SINCE JAN 1    812                       698    114      752
..................................................................


WIND (MPH)
  HIGHEST WIND SPEED    14   HIGHEST WIND DIRECTION     E (110)
  HIGHEST GUST SPEED    18   HIGHEST GUST DIRECTION    SE (120)
  AVERAGE WIND SPEED     6.6


SKY COVER
  POSSIBLE SUNSHINE  MM
  AVERAGE SKY COVER 0.1


WEATHER CONDITIONS
 THE FOLLOWING WEATHER WAS RECORDED YESTERDAY.
  NO SIGNIFICANT WEATHER WAS OBSERVED.


RELATIVE HUMIDITY (PERCENT)
 HIGHEST    93           400 AM
 LOWEST     39           300 PM
 AVERAGE    66

..........................................................


THE OTTUMWA IA CLIMATE NORMALS FOR TODAY
                         NORMAL    RECORD    YEAR
 MAXIMUM TEMPERATURE (F)   84       109      1936
 MINIMUM TEMPERATURE (F)   63        47      2013


SUNRISE AND SUNSET
AUGUST 14 2017........SUNRISE   619 AM CDT   SUNSET   809 PM CDT
AUGUST 15 2017........SUNRISE   620 AM CDT   SUNSET   808 PM CDT


-  INDICATES NEGATIVE NUMBERS.
R  INDICATES RECORD WAS SET OR TIED.
MM INDICATES DATA IS MISSING.
T  INDICATES TRACE AMOUNT.




$$
