000
CDUS43 KDMX 280700 RRA
CLIOTM

CLIMATE REPORT
NATIONAL WEATHER SERVICE DES MOINES IA
200 AM CDT FRI AUG 28 2015

...................................

...THE OTTUMWA IA CLIMATE SUMMARY FOR AUGUST 27 2015...

CLIMATE NORMAL PERIOD 1981 TO 2010
CLIMATE RECORD PERIOD 1920 TO 2015


WEATHER ITEM   OBSERVED TIME   RECORD YEAR NORMAL DEPARTURE LAST
                VALUE   (LST)  VALUE       VALUE  FROM      YEAR
                                                  NORMAL
..................................................................
TEMPERATURE (F)
 YESTERDAY
  MAXIMUM         75    434 PM 100    1936  82     -7       77
  MINIMUM         53    317 AM  47    1986  61     -8       65
  AVERAGE         64                        71     -7       71

PRECIPITATION (IN)
  YESTERDAY        T             2.56 1998   0.15  -0.15     0.10
  MONTH TO DATE    1.19                      4.04  -2.85     3.85
  SINCE JUN 1     15.74                     13.60   2.14    17.12
  SINCE JAN 1     24.65                     26.13  -1.48    30.23

DEGREE DAYS
 HEATING
  YESTERDAY        1                         0      1        0
  MONTH TO DATE   16                         0     16        0
  SINCE JUN 1     32                        23      9       22
  SINCE JUL 1     22                         2     20       13

 COOLING
  YESTERDAY        0                         7     -7        6
  MONTH TO DATE  165                       229    -64      208
  SINCE JUN 1    645                       744    -99      586
  SINCE JAN 1    706                       808   -102      697
..................................................................


WIND (MPH)
  HIGHEST WIND SPEED    21   HIGHEST WIND DIRECTION    SE (140)
  HIGHEST GUST SPEED    29   HIGHEST GUST DIRECTION     S (160)
  AVERAGE WIND SPEED     8.2


SKY COVER
  POSSIBLE SUNSHINE  MM
  AVERAGE SKY COVER 0.0


WEATHER CONDITIONS
 THE FOLLOWING WEATHER WAS RECORDED YESTERDAY.
  NO SIGNIFICANT WEATHER WAS OBSERVED.


RELATIVE HUMIDITY (PERCENT)
 HIGHEST    93          1200 AM
 LOWEST     64           400 PM
 AVERAGE    79

..........................................................


THE OTTUMWA IA CLIMATE NORMALS FOR TODAY
                         NORMAL    RECORD    YEAR
 MAXIMUM TEMPERATURE (F)   82        98      2013
                                             1984
 MINIMUM TEMPERATURE (F)   60        41      1935


SUNRISE AND SUNSET
AUGUST 28 2015........SUNRISE   632 AM CDT   SUNSET   749 PM CDT
AUGUST 29 2015........SUNRISE   633 AM CDT   SUNSET   748 PM CDT


-  INDICATES NEGATIVE NUMBERS.
R  INDICATES RECORD WAS SET OR TIED.
MM INDICATES DATA IS MISSING.
T  INDICATES TRACE AMOUNT.

$$

SMALL
