000
CDUS43 KDMX 140700 RRC
CLIOTM

CLIMATE REPORT
NATIONAL WEATHER SERVICE DES MOINES IA
1259 AM CST THU DEC 14 2017


...................................

...THE OTTUMWA IA CLIMATE SUMMARY FOR DECEMBER 13 2017...

CLIMATE NORMAL PERIOD 1981 TO 2010
CLIMATE RECORD PERIOD 1920 TO 2017


WEATHER ITEM   OBSERVED TIME   RECORD YEAR NORMAL DEPARTURE LAST
                VALUE   (LST)  VALUE       VALUE  FROM      YEAR
                                                  NORMAL
..................................................................
TEMPERATURE (F)
 YESTERDAY
  MAXIMUM         49   1027 AM  63    2015  35     14       26
  MINIMUM         28    118 AM -11    1961  18     10        8
  AVERAGE         39                        26     13       17

PRECIPITATION (IN)
  YESTERDAY        0.02          1.54 2015   0.05  -0.03     0.00
  MONTH TO DATE    0.36                      0.69  -0.33     0.60
  SINCE DEC 1      0.36                      0.69  -0.33     0.60
  SINCE JAN 1     23.40                     36.39 -12.99    24.52

DEGREE DAYS
 HEATING
  YESTERDAY       26                        39    -13       48
  MONTH TO DATE  395                       474    -79      476
  SINCE DEC 1    395                       474    -79      476
  SINCE JUL 1   1519                      1772   -253     1269

 COOLING
  YESTERDAY        0                         0      0        0
  MONTH TO DATE    0                         0      0        0
  SINCE DEC 1      0                         0      0        0
  SINCE JAN 1   1120                       938    182     1122
..................................................................


WIND (MPH)
  HIGHEST WIND SPEED    37   HIGHEST WIND DIRECTION    NW (320)
  HIGHEST GUST SPEED    47   HIGHEST GUST DIRECTION    NW (300)
  AVERAGE WIND SPEED    20.5


SKY COVER
  POSSIBLE SUNSHINE  MM
  AVERAGE SKY COVER 0.6


WEATHER CONDITIONS
 THE FOLLOWING WEATHER WAS RECORDED YESTERDAY.
  LIGHT RAIN


RELATIVE HUMIDITY (PERCENT)
 HIGHEST    92          1200 PM
 LOWEST     45          1000 AM
 AVERAGE    69

..........................................................


THE OTTUMWA IA CLIMATE NORMALS FOR TODAY
                         NORMAL    RECORD    YEAR
 MAXIMUM TEMPERATURE (F)   35        61      2008
 MINIMUM TEMPERATURE (F)   17       -10      1989


SUNRISE AND SUNSET
DECEMBER 14 2017......SUNRISE   727 AM CST   SUNSET   442 PM CST
DECEMBER 15 2017......SUNRISE   728 AM CST   SUNSET   442 PM CST


-  INDICATES NEGATIVE NUMBERS.
R  INDICATES RECORD WAS SET OR TIED.
MM INDICATES DATA IS MISSING.
T  INDICATES TRACE AMOUNT.




$$
