000
CDUS43 KDMX 260655
CLIOTM

CLIMATE REPORT
NATIONAL WEATHER SERVICE DES MOINES IA
1253 AM CST MON JAN 26 2015


...................................

...THE OTTUMWA IA CLIMATE SUMMARY FOR JANUARY 25 2015...

CLIMATE NORMAL PERIOD 1981 TO 2010
CLIMATE RECORD PERIOD 1920 TO 2015


WEATHER ITEM   OBSERVED TIME   RECORD YEAR NORMAL DEPARTURE LAST
                VALUE   (LST)  VALUE       VALUE  FROM      YEAR
                                                  NORMAL
..................................................................
TEMPERATURE (F)
 YESTERDAY
  MAXIMUM         41   1217 AM  60    1981  32      9       38
  MINIMUM         28   1159 PM -18    1897  13     15       19
  AVERAGE         35                        22     13       29

PRECIPITATION (IN)
  YESTERDAY        0.27          1.30 1898   0.02   0.25      T
  MONTH TO DATE    0.38                      0.74  -0.36     0.44
  SINCE DEC 1      1.36                      2.11  -0.75     1.10
  SINCE JAN 1      0.38                      0.74  -0.36     0.44

DEGREE DAYS
 HEATING
  YESTERDAY       30                        42    -12       36
  MONTH TO DATE 1040                      1068    -28     1194
  SINCE DEC 1   2083                      2275   -192     2539
  SINCE JUL 1   3591                      3573     18     3869

 COOLING
  YESTERDAY        0                         0      0        0
  MONTH TO DATE    0                         0      0        0
  SINCE DEC 1      0                         0      0        0
  SINCE JAN 1      0                         0      0        0
..................................................................


WIND (MPH)
  HIGHEST WIND SPEED    24   HIGHEST WIND DIRECTION    NE (40)
  HIGHEST GUST SPEED    31   HIGHEST GUST DIRECTION    NE (50)
  AVERAGE WIND SPEED     9.6


SKY COVER
  POSSIBLE SUNSHINE  MM
  AVERAGE SKY COVER 1.0


WEATHER CONDITIONS
 THE FOLLOWING WEATHER WAS RECORDED YESTERDAY.
  LIGHT RAIN
  SNOW
  LIGHT SNOW
  FOG


RELATIVE HUMIDITY (PERCENT)
 HIGHEST   100           200 AM
 LOWEST     79          1200 AM
 AVERAGE    90

..........................................................


THE OTTUMWA IA CLIMATE NORMALS FOR TODAY
                         NORMAL    RECORD    YEAR
 MAXIMUM TEMPERATURE (F)   32        65      2002
 MINIMUM TEMPERATURE (F)   13       -14      1936


SUNRISE AND SUNSET
JANUARY 26 2015.......SUNRISE   726 AM CST   SUNSET   519 PM CST
JANUARY 27 2015.......SUNRISE   725 AM CST   SUNSET   520 PM CST


-  INDICATES NEGATIVE NUMBERS.
R  INDICATES RECORD WAS SET OR TIED.
MM INDICATES DATA IS MISSING.
T  INDICATES TRACE AMOUNT.

$$

PODIUM
