000
CDUS43 KDMX 020635 RRB
CLIOTM

CLIMATE REPORT
NATIONAL WEATHER SERVICE DES MOINES IA
132 AM CDT THU JUL 2 2015


...................................

...THE OTTUMWA IA CLIMATE SUMMARY FOR JULY 1 2015...

CLIMATE NORMAL PERIOD 1981 TO 2010
CLIMATE RECORD PERIOD 1920 TO 2015


WEATHER ITEM   OBSERVED TIME   RECORD YEAR NORMAL DEPARTURE LAST
                VALUE   (LST)  VALUE       VALUE  FROM      YEAR
                                                  NORMAL
..................................................................
TEMPERATURE (F)
 YESTERDAY
  MAXIMUM         77    125 PM 103    1911  85     -8       80
  MINIMUM         63    518 AM  49    1924  64     -1       63
  AVERAGE         70                        75     -5       72

PRECIPITATION (IN)
  YESTERDAY        T             1.61 1915   0.16  -0.16     0.00
  MONTH TO DATE    T                         0.16  -0.16     0.00
  SINCE JUN 1      7.79                      5.25   2.54     8.02
  SINCE JAN 1     16.70                     17.78  -1.08    21.13

DEGREE DAYS
 HEATING
  YESTERDAY        0                         0      0        0
  MONTH TO DATE    0                         0      0        0
  SINCE JUN 1     10                        21    -11        9
  SINCE JUL 1      0                         0      0        0

 COOLING
  YESTERDAY        5                        10     -5        7
  MONTH TO DATE    5                        10     -5        7
  SINCE JUN 1    209                       211     -2      221
  SINCE JAN 1    270                       275     -5      332
..................................................................


WIND (MPH)
  HIGHEST WIND SPEED    16   HIGHEST WIND DIRECTION     E (70)
  HIGHEST GUST SPEED    20   HIGHEST GUST DIRECTION     E (80)
  AVERAGE WIND SPEED     9.0


SKY COVER
  POSSIBLE SUNSHINE  MM
  AVERAGE SKY COVER 0.6


WEATHER CONDITIONS
 THE FOLLOWING WEATHER WAS RECORDED YESTERDAY.
  FOG


RELATIVE HUMIDITY (PERCENT)
 HIGHEST   100           500 AM
 LOWEST     73          1000 AM
 AVERAGE    87

..........................................................


THE OTTUMWA IA CLIMATE NORMALS FOR TODAY
                         NORMAL    RECORD    YEAR
 MAXIMUM TEMPERATURE (F)   85       104      1911
 MINIMUM TEMPERATURE (F)   64        49      1932


SUNRISE AND SUNSET
JULY  2 2015..........SUNRISE   541 AM CDT   SUNSET   846 PM CDT
JULY  3 2015..........SUNRISE   542 AM CDT   SUNSET   846 PM CDT


-  INDICATES NEGATIVE NUMBERS.
R  INDICATES RECORD WAS SET OR TIED.
MM INDICATES DATA IS MISSING.
T  INDICATES TRACE AMOUNT.




$$
