000
CDUS43 KDMX 230637 RRA
CLIOTM

CLIMATE REPORT
NATIONAL WEATHER SERVICE DES MOINES IA
1235 AM CST TUE DEC 23 2014


...................................

...THE OTTUMWA IA CLIMATE SUMMARY FOR DECEMBER 22 2014...

CLIMATE NORMAL PERIOD 1981 TO 2010
CLIMATE RECORD PERIOD 1920 TO 2014


WEATHER ITEM   OBSERVED TIME   RECORD YEAR NORMAL DEPARTURE LAST
                VALUE   (LST)  VALUE       VALUE  FROM      YEAR
                                                  NORMAL
..................................................................
TEMPERATURE (F)
 YESTERDAY
  MAXIMUM         41   1159 PM  66    1933  33      8       28
  MINIMUM         38    413 PM -20    1989  16     22       10
  AVERAGE         40                        24     16       19

PRECIPITATION (IN)
  YESTERDAY        0.30          0.57 1961   0.04   0.26     0.36
  MONTH TO DATE    0.93                      1.06  -0.13     0.64
  SINCE DEC 1      0.93                      1.06  -0.13     0.64
  SINCE JAN 1     42.71                     36.76   5.95    36.96

DEGREE DAYS
 HEATING
  YESTERDAY       25                        41    -16       46
  MONTH TO DATE  715                       834   -119      928
  SINCE DEC 1    715                       834   -119      928
  SINCE JUL 1   2223                      2132     91     2258

 COOLING
  YESTERDAY        0                         0      0        0
  MONTH TO DATE    0                         0      0        0
  SINCE DEC 1      0                         0      0        0
  SINCE JAN 1    801                       938   -137     1014
..................................................................


WIND (MPH)
  HIGHEST WIND SPEED    18   HIGHEST WIND DIRECTION     S (160)
  HIGHEST GUST SPEED    23   HIGHEST GUST DIRECTION     S (170)
  AVERAGE WIND SPEED    11.2


SKY COVER
  POSSIBLE SUNSHINE  MM
  AVERAGE SKY COVER 1.0


WEATHER CONDITIONS
 THE FOLLOWING WEATHER WAS RECORDED YESTERDAY.
  RAIN
  LIGHT RAIN
  FOG
  FOG W/VISIBILITY <= 1/4 MILE
  HAZE


RELATIVE HUMIDITY (PERCENT)
 HIGHEST   100           300 PM
 LOWEST     79           300 AM
 AVERAGE    90

..........................................................


THE OTTUMWA IA CLIMATE NORMALS FOR TODAY
                         NORMAL    RECORD    YEAR
 MAXIMUM TEMPERATURE (F)   33        66      1933
 MINIMUM TEMPERATURE (F)   15       -21      1989


SUNRISE AND SUNSET
DECEMBER 23 2014......SUNRISE   732 AM CST   SUNSET   445 PM CST
DECEMBER 24 2014......SUNRISE   733 AM CST   SUNSET   446 PM CST


-  INDICATES NEGATIVE NUMBERS.
R  INDICATES RECORD WAS SET OR TIED.
MM INDICATES DATA IS MISSING.
T  INDICATES TRACE AMOUNT.




$$
