000
CDUS43 KDMX 240641
CLIOTM

CLIMATE REPORT
NATIONAL WEATHER SERVICE DES MOINES IA
132 AM CDT SUN APR 24 2016

...................................

...THE OTTUMWA IA CLIMATE SUMMARY FOR APRIL 23 2016...

CLIMATE NORMAL PERIOD 1981 TO 2010
CLIMATE RECORD PERIOD 1920 TO 2016


WEATHER ITEM   OBSERVED TIME   RECORD YEAR NORMAL DEPARTURE LAST
                VALUE   (LST)  VALUE       VALUE  FROM      YEAR
                                                  NORMAL
..................................................................
TEMPERATURE (F)
 YESTERDAY
  MAXIMUM         70    420 PM  86    1960  65      5       61
  MINIMUM         39    331 AM  26    1927  42     -3       27
  AVERAGE         55                        54      1       44

PRECIPITATION (IN)
  YESTERDAY        0.00          2.04 1955   0.13  -0.13     0.00
  MONTH TO DATE    0.88                      2.47  -1.59     1.91
  SINCE MAR 1      2.10                      4.71  -2.61     2.37
  SINCE JAN 1      2.53                      6.89  -4.36     4.49

DEGREE DAYS
 HEATING
  YESTERDAY       10                        12     -2       21
  MONTH TO DATE  340                       362    -22      264
  SINCE MAR 1    955                      1173   -218     1031
  SINCE JUL 1   5009                      6058  -1049     6162

 COOLING
  YESTERDAY        0                         1     -1        0
  MONTH TO DATE    3                         3      0        1
  SINCE MAR 1      3                         4     -1        1
  SINCE JAN 1      3                         4     -1        1
..................................................................


WIND (MPH)
  HIGHEST WIND SPEED    21   HIGHEST WIND DIRECTION     S (160)
  HIGHEST GUST SPEED    26   HIGHEST GUST DIRECTION    SE (150)
  AVERAGE WIND SPEED     9.1


SKY COVER
  POSSIBLE SUNSHINE  MM
  AVERAGE SKY COVER 0.5


WEATHER CONDITIONS
 THE FOLLOWING WEATHER WAS RECORDED YESTERDAY.
  FOG
  FOG W/VISIBILITY <= 1/4 MILE


RELATIVE HUMIDITY (PERCENT)
 HIGHEST   100          1200 AM
 LOWEST     51           500 PM
 AVERAGE    76

..........................................................


THE OTTUMWA IA CLIMATE NORMALS FOR TODAY
                         NORMAL    RECORD    YEAR
 MAXIMUM TEMPERATURE (F)   65        88      1989
 MINIMUM TEMPERATURE (F)   43        24      1910


SUNRISE AND SUNSET
APRIL 24 2016.........SUNRISE   616 AM CDT   SUNSET   800 PM CDT
APRIL 25 2016.........SUNRISE   615 AM CDT   SUNSET   801 PM CDT


-  INDICATES NEGATIVE NUMBERS.
R  INDICATES RECORD WAS SET OR TIED.
MM INDICATES DATA IS MISSING.
T  INDICATES TRACE AMOUNT.

$$

REV
