000
CDUS43 KDMX 210631 RRB
CLIOTM

CLIMATE REPORT
NATIONAL WEATHER SERVICE DES MOINES IA
129 AM CDT WED SEP 21 2016


...................................

...THE OTTUMWA IA CLIMATE SUMMARY FOR SEPTEMBER 20 2016...

CLIMATE NORMAL PERIOD 1981 TO 2010
CLIMATE RECORD PERIOD 1920 TO 2016


WEATHER ITEM   OBSERVED TIME   RECORD YEAR NORMAL DEPARTURE LAST
                VALUE   (LST)  VALUE       VALUE  FROM      YEAR
                                                  NORMAL
..................................................................
TEMPERATURE (F)
 YESTERDAY
  MAXIMUM         87    346 PM  95    1940  74     13       73
  MINIMUM         55    410 AM  32    2006  51      4       44
  AVERAGE         71                        63      8       59

PRECIPITATION (IN)
  YESTERDAY        0.00          3.31 1965   0.13  -0.13     0.00
  MONTH TO DATE    1.01                      2.64  -1.63     4.26
  SINCE SEP 1      1.01                      2.64  -1.63     4.26
  SINCE JAN 1     22.20                     29.34  -7.14    29.97

DEGREE DAYS
 HEATING
  YESTERDAY        0                         5     -5        6
  MONTH TO DATE    4                        47    -43       33
  SINCE SEP 1      4                        47    -43       33
  SINCE JUL 1     11                        58    -47       55

 COOLING
  YESTERDAY        6                         2      4        0
  MONTH TO DATE  114                        78     36      166
  SINCE SEP 1    114                        78     36      166
  SINCE JAN 1   1013                       912    101      894
..................................................................


WIND (MPH)
  HIGHEST WIND SPEED    15   HIGHEST WIND DIRECTION     E (100)
  HIGHEST GUST SPEED    18   HIGHEST GUST DIRECTION    SE (130)
  AVERAGE WIND SPEED     7.9


SKY COVER
  POSSIBLE SUNSHINE  MM
  AVERAGE SKY COVER 0.0


WEATHER CONDITIONS
 THE FOLLOWING WEATHER WAS RECORDED YESTERDAY.
  FOG
  FOG W/VISIBILITY <= 1/4 MILE


RELATIVE HUMIDITY (PERCENT)
 HIGHEST   100           300 AM
 LOWEST     53           300 PM
 AVERAGE    77

..........................................................


THE OTTUMWA IA CLIMATE NORMALS FOR TODAY
                         NORMAL    RECORD    YEAR
 MAXIMUM TEMPERATURE (F)   74        95      1940
 MINIMUM TEMPERATURE (F)   50        36      1999


SUNRISE AND SUNSET
SEPTEMBER 21 2016.....SUNRISE   657 AM CDT   SUNSET   708 PM CDT
SEPTEMBER 22 2016.....SUNRISE   658 AM CDT   SUNSET   706 PM CDT


-  INDICATES NEGATIVE NUMBERS.
R  INDICATES RECORD WAS SET OR TIED.
MM INDICATES DATA IS MISSING.
T  INDICATES TRACE AMOUNT.




$$
