000
CDUS43 KDMX 240632 RRD
CLIOTM

CLIMATE REPORT
NATIONAL WEATHER SERVICE DES MOINES IA
130 AM CDT SUN AUG 24 2014


...................................

...THE OTTUMWA IA CLIMATE SUMMARY FOR AUGUST 23 2014...

CLIMATE NORMAL PERIOD 1981 TO 2010
CLIMATE RECORD PERIOD 1920 TO 2014


WEATHER ITEM   OBSERVED TIME   RECORD YEAR NORMAL DEPARTURE LAST
                VALUE   (LST)  VALUE       VALUE  FROM      YEAR
                                                  NORMAL
..................................................................
TEMPERATURE (F)
 YESTERDAY
  MAXIMUM         85    224 PM 102    1948  83      2       87
  MINIMUM         70    856 AM  44    1923  61      9       63
  AVERAGE         78                        72      6       75

PRECIPITATION (IN)
  YESTERDAY        1.51          3.24 2007   0.15   1.36     0.00
  MONTH TO DATE    2.83                      3.44  -0.61     0.96
  SINCE JUN 1     16.10                     13.00   3.10     4.79
  SINCE JAN 1     26.94                     25.53   1.41    29.11

DEGREE DAYS
 HEATING
  YESTERDAY        0                         0      0        0
  MONTH TO DATE    0                         0      0        6
  SINCE JUN 1     22                        23     -1       42
  SINCE JUL 1     13                         2     11       16

 COOLING
  YESTERDAY       13                         8      5       10
  MONTH TO DATE  157                       201    -44      136
  SINCE JUN 1    535                       716   -181      600
  SINCE JAN 1    646                       780   -134      677
..................................................................


WIND (MPH)
  HIGHEST WIND SPEED    21   HIGHEST WIND DIRECTION    NW (300)
  HIGHEST GUST SPEED    28   HIGHEST GUST DIRECTION    NW (310)
  AVERAGE WIND SPEED     8.3


SKY COVER
  POSSIBLE SUNSHINE  MM
  AVERAGE SKY COVER 0.3


WEATHER CONDITIONS
 THE FOLLOWING WEATHER WAS RECORDED YESTERDAY.
  THUNDERSTORM
  HEAVY RAIN
  RAIN
  LIGHT RAIN
  FOG


RELATIVE HUMIDITY (PERCENT)
 HIGHEST   100           300 AM
 LOWEST     70           300 PM
 AVERAGE    85

..........................................................


THE OTTUMWA IA CLIMATE NORMALS FOR TODAY
                         NORMAL    RECORD    YEAR
 MAXIMUM TEMPERATURE (F)   83       107      1936
 MINIMUM TEMPERATURE (F)   61        43      1942


SUNRISE AND SUNSET
AUGUST 24 2014........SUNRISE   628 AM CDT   SUNSET   755 PM CDT
AUGUST 25 2014........SUNRISE   629 AM CDT   SUNSET   753 PM CDT


-  INDICATES NEGATIVE NUMBERS.
R  INDICATES RECORD WAS SET OR TIED.
MM INDICATES DATA IS MISSING.
T  INDICATES TRACE AMOUNT.




$$
