000
CDUS43 KDMX 040655 RRA
CLIOTM

CLIMATE REPORT
NATIONAL WEATHER SERVICE DES MOINES IA
1248 AM CST THU FEB 4 2016


...................................

...THE OTTUMWA IA CLIMATE SUMMARY FOR FEBRUARY 3 2016...

CLIMATE NORMAL PERIOD 1981 TO 2010
CLIMATE RECORD PERIOD 1920 TO 2016


WEATHER ITEM   OBSERVED TIME   RECORD YEAR NORMAL DEPARTURE LAST
                VALUE   (LST)  VALUE       VALUE  FROM      YEAR
                                                  NORMAL
..................................................................
TEMPERATURE (F)
 YESTERDAY
  MAXIMUM         37    134 AM  67    1992  33      4       29
  MINIMUM         17   1156 PM -27    1996  15      2        4
  AVERAGE         27                        24      3       17

PRECIPITATION (IN)
  YESTERDAY       MM             0.88 1943   0.03  MM        0.00
  MONTH TO DATE    0.29                      0.09   0.20     0.49
  SINCE DEC 1      4.36                      2.36   2.00     2.70
  SINCE JAN 1      0.33                      0.99  -0.66     1.72

DEGREE DAYS
 HEATING
  YESTERDAY       38                        41     -3       48
  MONTH TO DATE  101                       124    -23      148
  SINCE DEC 1   2167                      2648   -481     2427
  SINCE JUL 1   3178                      3946   -768     3935

 COOLING
  YESTERDAY        0                         0      0        0
  MONTH TO DATE    0                         0      0        0
  SINCE DEC 1      0                         0      0        0
  SINCE JAN 1      0                         0      0        0
..................................................................


WIND (MPH)
  HIGHEST WIND SPEED    31   HIGHEST WIND DIRECTION    NW (320)
  HIGHEST GUST SPEED    38   HIGHEST GUST DIRECTION    NW (310)
  AVERAGE WIND SPEED    16.8


SKY COVER
  POSSIBLE SUNSHINE  MM
  AVERAGE SKY COVER 0.8


WEATHER CONDITIONS
 THE FOLLOWING WEATHER WAS RECORDED YESTERDAY.
  LIGHT SNOW
  FOG


RELATIVE HUMIDITY (PERCENT)
 HIGHEST   100          1200 AM
 LOWEST     67           800 PM
 AVERAGE    84

..........................................................


THE OTTUMWA IA CLIMATE NORMALS FOR TODAY
                         NORMAL    RECORD    YEAR
 MAXIMUM TEMPERATURE (F)   33        59      2005
 MINIMUM TEMPERATURE (F)   15       -19      1996


SUNRISE AND SUNSET
FEBRUARY  4 2016......SUNRISE   718 AM CST   SUNSET   530 PM CST
FEBRUARY  5 2016......SUNRISE   717 AM CST   SUNSET   531 PM CST


-  INDICATES NEGATIVE NUMBERS.
R  INDICATES RECORD WAS SET OR TIED.
MM INDICATES DATA IS MISSING.
T  INDICATES TRACE AMOUNT.




$$
