000
CDUS43 KDMX 130649
CLIOTM

CLIMATE REPORT
NATIONAL WEATHER SERVICE DES MOINES IA
134 AM CDT FRI OCT 13 2017

...................................

...THE OTTUMWA IA CLIMATE SUMMARY FOR OCTOBER 12 2017...

CLIMATE NORMAL PERIOD 1981 TO 2010
CLIMATE RECORD PERIOD 1920 TO 2017


WEATHER ITEM   OBSERVED TIME   RECORD YEAR NORMAL DEPARTURE LAST
                VALUE   (LST)  VALUE       VALUE  FROM      YEAR
                                                  NORMAL
..................................................................
TEMPERATURE (F)
 YESTERDAY
  MAXIMUM         58    253 PM  88    1975  65     -7       65
  MINIMUM         53   1042 PM  24    1946  42     11       35
  AVERAGE         56                        54      2       50

PRECIPITATION (IN)
  YESTERDAY        0.00          1.57 1997   0.08  -0.08      T
  MONTH TO DATE    2.08                      1.13   0.95     0.74
  SINCE SEP 1      5.75                      4.92   0.83     1.75
  SINCE JAN 1     21.59                     31.62 -10.03    22.94

DEGREE DAYS
 HEATING
  YESTERDAY        9                        12     -3       15
  MONTH TO DATE   53                       118    -65       58
  SINCE SEP 1     90                       228   -138       91
  SINCE JUL 1     90                       239   -149       98

 COOLING
  YESTERDAY        0                         0      0        0
  MONTH TO DATE   23                         9     14       15
  SINCE SEP 1    192                       102     90      188
  SINCE JAN 1   1117                       936    181     1087
..................................................................


WIND (MPH)
  HIGHEST WIND SPEED    16   HIGHEST WIND DIRECTION    SE (150)
  HIGHEST GUST SPEED    21   HIGHEST GUST DIRECTION    SE (150)
  AVERAGE WIND SPEED     8.0


SKY COVER
  POSSIBLE SUNSHINE  MM
  AVERAGE SKY COVER 0.9


WEATHER CONDITIONS
 THE FOLLOWING WEATHER WAS RECORDED YESTERDAY.
  FOG


RELATIVE HUMIDITY (PERCENT)
 HIGHEST   100          1200 AM
 LOWEST     80           200 PM
 AVERAGE    90

..........................................................


THE OTTUMWA IA CLIMATE NORMALS FOR TODAY
                         NORMAL    RECORD    YEAR
 MAXIMUM TEMPERATURE (F)   65        88      1975
 MINIMUM TEMPERATURE (F)   42        28      2016
                                             2006
                                             2002


SUNRISE AND SUNSET
OCTOBER 13 2017.......SUNRISE   719 AM CDT   SUNSET   632 PM CDT
OCTOBER 14 2017.......SUNRISE   721 AM CDT   SUNSET   630 PM CDT


-  INDICATES NEGATIVE NUMBERS.
R  INDICATES RECORD WAS SET OR TIED.
MM INDICATES DATA IS MISSING.
T  INDICATES TRACE AMOUNT.

$$

ANSORGE
