000
CDUS43 KDMX 160650 RRB
CLIOTM

CLIMATE REPORT
NATIONAL WEATHER SERVICE DES MOINES IA
148 AM CDT TUE AUG 16 2016


...................................

...THE OTTUMWA IA CLIMATE SUMMARY FOR AUGUST 15 2016...

CLIMATE NORMAL PERIOD 1981 TO 2010
CLIMATE RECORD PERIOD 1920 TO 2016


WEATHER ITEM   OBSERVED TIME   RECORD YEAR NORMAL DEPARTURE LAST
                VALUE   (LST)  VALUE       VALUE  FROM      YEAR
                                                  NORMAL
..................................................................
TEMPERATURE (F)
 YESTERDAY
  MAXIMUM         81    233 PM 105    1936  84     -3       86
  MINIMUM         65    511 AM  45    2004  63      2       62
  AVERAGE         73                        73      0       74

PRECIPITATION (IN)
  YESTERDAY        0.00          1.33 1902   0.15  -0.15     0.00
  MONTH TO DATE    2.22                      2.20   0.02     0.25
  SINCE JUN 1      8.69                     11.76  -3.07    14.79
  SINCE JAN 1     16.73                     24.29  -7.56    24.66

DEGREE DAYS
 HEATING
  YESTERDAY        0                         0      0        0
  MONTH TO DATE    0                         0      0        0
  SINCE JUN 1      8                        23    -15       16
  SINCE JUL 1      7                         2      5        6

 COOLING
  YESTERDAY        8                         9     -1        9
  MONTH TO DATE  150                       137     13      128
  SINCE JUN 1    698                       652     46      608
  SINCE JAN 1    769                       716     53      669
..................................................................


WIND (MPH)
  HIGHEST WIND SPEED    13   HIGHEST WIND DIRECTION     E (70)
  HIGHEST GUST SPEED    16   HIGHEST GUST DIRECTION     E (70)
  AVERAGE WIND SPEED     5.0


SKY COVER
  POSSIBLE SUNSHINE  MM
  AVERAGE SKY COVER 0.1


WEATHER CONDITIONS
 THE FOLLOWING WEATHER WAS RECORDED YESTERDAY.
  FOG


RELATIVE HUMIDITY (PERCENT)
 HIGHEST   100           300 AM
 LOWEST     58           300 PM
 AVERAGE    79

..........................................................


THE OTTUMWA IA CLIMATE NORMALS FOR TODAY
                         NORMAL    RECORD    YEAR
 MAXIMUM TEMPERATURE (F)   84       106      1936
 MINIMUM TEMPERATURE (F)   63        49      2013


SUNRISE AND SUNSET
AUGUST 16 2016........SUNRISE   621 AM CDT   SUNSET   806 PM CDT
AUGUST 17 2016........SUNRISE   622 AM CDT   SUNSET   805 PM CDT


-  INDICATES NEGATIVE NUMBERS.
R  INDICATES RECORD WAS SET OR TIED.
MM INDICATES DATA IS MISSING.
T  INDICATES TRACE AMOUNT.




$$
