000
CDUS43 KDMX 200635 RRA
CLIOTM

CLIMATE REPORT
NATIONAL WEATHER SERVICE DES MOINES IA
1232 AM CST SAT JAN 20 2018

...................................

...THE OTTUMWA IA CLIMATE SUMMARY FOR JANUARY 19 2018...

CLIMATE NORMAL PERIOD 1981 TO 2010
CLIMATE RECORD PERIOD 1920 TO 2018


WEATHER ITEM   OBSERVED TIME   RECORD YEAR NORMAL DEPARTURE LAST
                VALUE   (LST)  VALUE       VALUE  FROM      YEAR
                                                  NORMAL
..................................................................
TEMPERATURE (F)
 YESTERDAY
  MAXIMUM         47    157 PM  60    1952  31     16       40
  MINIMUM         32    749 AM -21    1936  13     19       28
  AVERAGE         40                        22     18       34

PRECIPITATION (IN)
  YESTERDAY        0.00          1.31 1907   0.02  -0.02     0.11
  MONTH TO DATE    0.17                      0.58  -0.41     1.09
  SINCE DEC 1      0.87                      1.95  -1.08     2.46
  SINCE JAN 1      0.17                      0.58  -0.41     1.09

DEGREE DAYS
 HEATING
  YESTERDAY       25                        43    -18       31
  MONTH TO DATE  941                       811    130      770
  SINCE DEC 1   2136                      2018    118     1926
  SINCE JUL 1   3263                      3316    -53     2719

 COOLING
  YESTERDAY        0                         0      0        0
  MONTH TO DATE    0                         0      0        0
  SINCE DEC 1      0                         0      0        0
  SINCE JAN 1      0                         0      0        0
..................................................................


WIND (MPH)
  HIGHEST WIND SPEED    24   HIGHEST WIND DIRECTION    SW (210)
  HIGHEST GUST SPEED    30   HIGHEST GUST DIRECTION     S (200)
  AVERAGE WIND SPEED    14.9


SKY COVER
  POSSIBLE SUNSHINE  MM
  AVERAGE SKY COVER 0.0


WEATHER CONDITIONS
 THE FOLLOWING WEATHER WAS RECORDED YESTERDAY.
  NO SIGNIFICANT WEATHER WAS OBSERVED.


RELATIVE HUMIDITY (PERCENT)
 HIGHEST    64          1100 PM
 LOWEST     42           200 PM
 AVERAGE    53

..........................................................


THE OTTUMWA IA CLIMATE NORMALS FOR TODAY
                         NORMAL    RECORD    YEAR
 MAXIMUM TEMPERATURE (F)   32        57      1934
 MINIMUM TEMPERATURE (F)   13       -25      1936


SUNRISE AND SUNSET
JANUARY 20 2018.......SUNRISE   730 AM CST   SUNSET   512 PM CST
JANUARY 21 2018.......SUNRISE   729 AM CST   SUNSET   513 PM CST


-  INDICATES NEGATIVE NUMBERS.
R  INDICATES RECORD WAS SET OR TIED.
MM INDICATES DATA IS MISSING.
T  INDICATES TRACE AMOUNT.




$$
