352
CDUS43 KDMX 240638 RRB
CLIOTM

CLIMATE REPORT
NATIONAL WEATHER SERVICE DES MOINES IA
136 AM CDT FRI MAR 24 2017


...................................

...THE OTTUMWA IA CLIMATE SUMMARY FOR MARCH 23 2017...

CLIMATE NORMAL PERIOD 1981 TO 2010
CLIMATE RECORD PERIOD 1920 TO 2017


WEATHER ITEM   OBSERVED TIME   RECORD YEAR NORMAL DEPARTURE LAST
                VALUE   (LST)  VALUE       VALUE  FROM      YEAR
                                                  NORMAL
..................................................................
TEMPERATURE (F)
 YESTERDAY
  MAXIMUM         55    547 PM  90    1910  53      2       51
  MINIMUM         39    601 AM   9    1974  31      8       39
  AVERAGE         47                        42      5       45

PRECIPITATION (IN)
  YESTERDAY        T             1.08 1946   0.07  -0.07     0.43
  MONTH TO DATE    0.52                      1.60  -1.08     1.11
  SINCE MAR 1      0.52                      1.60  -1.08     1.11
  SINCE JAN 1      2.11                      3.78  -1.67     2.41

DEGREE DAYS
 HEATING
  YESTERDAY       18                        23     -5       20
  MONTH TO DATE  589                       640    -51      453
  SINCE MAR 1    589                       640    -51      453
  SINCE JUL 1   4396                      5525  -1129     4507

 COOLING
  YESTERDAY        0                         0      0        0
  MONTH TO DATE    0                         0      0        0
  SINCE MAR 1      0                         0      0        0
  SINCE JAN 1      0                         0      0        0
..................................................................


WIND (MPH)
  HIGHEST WIND SPEED    26   HIGHEST WIND DIRECTION    SE (140)
  HIGHEST GUST SPEED    31   HIGHEST GUST DIRECTION    SE (150)
  AVERAGE WIND SPEED    14.9


SKY COVER
  POSSIBLE SUNSHINE  MM
  AVERAGE SKY COVER 0.6


WEATHER CONDITIONS
 THE FOLLOWING WEATHER WAS RECORDED YESTERDAY.
  NO SIGNIFICANT WEATHER WAS OBSERVED.


RELATIVE HUMIDITY (PERCENT)
 HIGHEST    73          1200 PM
 LOWEST     37          1200 AM
 AVERAGE    55

..........................................................


THE OTTUMWA IA CLIMATE NORMALS FOR TODAY
                         NORMAL    RECORD    YEAR
 MAXIMUM TEMPERATURE (F)   53        84      1910
 MINIMUM TEMPERATURE (F)   31         4      1974


SUNRISE AND SUNSET
MARCH 24 2017.........SUNRISE   706 AM CDT   SUNSET   727 PM CDT
MARCH 25 2017.........SUNRISE   704 AM CDT   SUNSET   728 PM CDT


-  INDICATES NEGATIVE NUMBERS.
R  INDICATES RECORD WAS SET OR TIED.
MM INDICATES DATA IS MISSING.
T  INDICATES TRACE AMOUNT.




$$
