000
CDUS43 KDMX 210658 RRB
CLIOTM

CLIMATE REPORT
NATIONAL WEATHER SERVICE DES MOINES IA
1256 AM CST SUN DEC 21 2014


...................................

...THE OTTUMWA IA CLIMATE SUMMARY FOR DECEMBER 20 2014...

CLIMATE NORMAL PERIOD 1981 TO 2010
CLIMATE RECORD PERIOD 1920 TO 2014


WEATHER ITEM   OBSERVED TIME   RECORD YEAR NORMAL DEPARTURE LAST
                VALUE   (LST)  VALUE       VALUE  FROM      YEAR
                                                  NORMAL
..................................................................
TEMPERATURE (F)
 YESTERDAY
  MAXIMUM         36   1159 PM  67    1941  33      3       33
  MINIMUM         30    439 AM -13    1983  16     14       24
  AVERAGE         33                        25      8       29

PRECIPITATION (IN)
  YESTERDAY        T             1.01 2006   0.04  -0.04     0.01
  MONTH TO DATE    0.61                      0.98  -0.37     0.21
  SINCE DEC 1      0.61                      0.98  -0.37     0.21
  SINCE JAN 1     42.39                     36.68   5.71    36.53

DEGREE DAYS
 HEATING
  YESTERDAY       32                        40     -8       36
  MONTH TO DATE  665                       752    -87      843
  SINCE DEC 1    665                       752    -87      843
  SINCE JUL 1   2173                      2050    123     2173

 COOLING
  YESTERDAY        0                         0      0        0
  MONTH TO DATE    0                         0      0        0
  SINCE DEC 1      0                         0      0        0
  SINCE JAN 1    801                       938   -137     1014
..................................................................


WIND (MPH)
  HIGHEST WIND SPEED    10   HIGHEST WIND DIRECTION     S (170)
  HIGHEST GUST SPEED    13   HIGHEST GUST DIRECTION     S (170)
  AVERAGE WIND SPEED     6.5


SKY COVER
  POSSIBLE SUNSHINE  MM
  AVERAGE SKY COVER 1.0


WEATHER CONDITIONS
 THE FOLLOWING WEATHER WAS RECORDED YESTERDAY.
  LIGHT SNOW
  FOG


RELATIVE HUMIDITY (PERCENT)
 HIGHEST   100           800 AM
 LOWEST     85          1200 AM
 AVERAGE    93

..........................................................


THE OTTUMWA IA CLIMATE NORMALS FOR TODAY
                         NORMAL    RECORD    YEAR
 MAXIMUM TEMPERATURE (F)   33        62      1941
 MINIMUM TEMPERATURE (F)   16       -19      1989


SUNRISE AND SUNSET
DECEMBER 21 2014......SUNRISE   732 AM CST   SUNSET   444 PM CST
DECEMBER 22 2014......SUNRISE   732 AM CST   SUNSET   445 PM CST


-  INDICATES NEGATIVE NUMBERS.
R  INDICATES RECORD WAS SET OR TIED.
MM INDICATES DATA IS MISSING.
T  INDICATES TRACE AMOUNT.




$$
