000
CDUS43 KDMX 220638
CLIOTM

CLIMATE REPORT
NATIONAL WEATHER SERVICE DES MOINES IA
135 AM CDT FRI APR 22 2016

...................................

...THE OTTUMWA IA CLIMATE SUMMARY FOR APRIL 21 2016...

CLIMATE NORMAL PERIOD 1981 TO 2010
CLIMATE RECORD PERIOD 1920 TO 2016


WEATHER ITEM   OBSERVED TIME   RECORD YEAR NORMAL DEPARTURE LAST
                VALUE   (LST)  VALUE       VALUE  FROM      YEAR
                                                  NORMAL
..................................................................
TEMPERATURE (F)
 YESTERDAY
  MAXIMUM         62    457 PM  89    1980  64     -2       60
  MINIMUM         47    553 AM  25    1934  42      5       33
  AVERAGE         55                        53      2       47

PRECIPITATION (IN)
  YESTERDAY        0.15          1.38 1972   0.12   0.03      T
  MONTH TO DATE    0.88                      2.21  -1.33     1.91
  SINCE MAR 1      2.10                      4.45  -2.35     2.37
  SINCE JAN 1      2.53                      6.63  -4.10     4.49

DEGREE DAYS
 HEATING
  YESTERDAY       10                        13     -3       18
  MONTH TO DATE  317                       338    -21      222
  SINCE MAR 1    932                      1149   -217      989
  SINCE JUL 1   4986                      6034  -1048     6120

 COOLING
  YESTERDAY        0                         1     -1        0
  MONTH TO DATE    3                         1      2        1
  SINCE MAR 1      3                         2      1        1
  SINCE JAN 1      3                         2      1        1
..................................................................


WIND (MPH)
  HIGHEST WIND SPEED    14   HIGHEST WIND DIRECTION     N (340)
  HIGHEST GUST SPEED    18   HIGHEST GUST DIRECTION    NW (330)
  AVERAGE WIND SPEED     7.2


SKY COVER
  POSSIBLE SUNSHINE  MM
  AVERAGE SKY COVER 0.4


WEATHER CONDITIONS
 THE FOLLOWING WEATHER WAS RECORDED YESTERDAY.
  RAIN
  LIGHT RAIN
  FOG


RELATIVE HUMIDITY (PERCENT)
 HIGHEST    93           600 AM
 LOWEST     69           600 PM
 AVERAGE    81

..........................................................


THE OTTUMWA IA CLIMATE NORMALS FOR TODAY
                         NORMAL    RECORD    YEAR
 MAXIMUM TEMPERATURE (F)   65        89      1980
 MINIMUM TEMPERATURE (F)   42        25      1936


SUNRISE AND SUNSET
APRIL 22 2016.........SUNRISE   619 AM CDT   SUNSET   758 PM CDT
APRIL 23 2016.........SUNRISE   618 AM CDT   SUNSET   759 PM CDT


-  INDICATES NEGATIVE NUMBERS.
R  INDICATES RECORD WAS SET OR TIED.
MM INDICATES DATA IS MISSING.
T  INDICATES TRACE AMOUNT.

$$

REV
