000
CDUS43 KDMX 190631
CLIOTM

CLIMATE REPORT
NATIONAL WEATHER SERVICE DES MOINES IA
127 AM CDT SUN MAR 19 2017

...................................

...THE OTTUMWA IA CLIMATE SUMMARY FOR MARCH 18 2017...

CLIMATE NORMAL PERIOD 1981 TO 2010
CLIMATE RECORD PERIOD 1920 TO 2017


WEATHER ITEM   OBSERVED TIME   RECORD YEAR NORMAL DEPARTURE LAST
                VALUE   (LST)  VALUE       VALUE  FROM      YEAR
                                                  NORMAL
..................................................................
TEMPERATURE (F)
 YESTERDAY
  MAXIMUM         52    416 PM  81    2012  50      2       46
  MINIMUM         34   1159 PM   2    1923  29      5       28
  AVERAGE         43                        40      3       37

PRECIPITATION (IN)
  YESTERDAY        0.00          1.06 1963   0.07  -0.07     0.00
  MONTH TO DATE    0.38                      1.24  -0.86     0.66
  SINCE MAR 1      0.38                      1.24  -0.86     0.66
  SINCE JAN 1      1.97                      3.42  -1.45     1.96

DEGREE DAYS
 HEATING
  YESTERDAY       22                        25     -3       28
  MONTH TO DATE  495                       520    -25      343
  SINCE MAR 1    495                       520    -25      343
  SINCE JUL 1   4302                      5405  -1103     4397

 COOLING
  YESTERDAY        0                         0      0        0
  MONTH TO DATE    0                         0      0        0
  SINCE MAR 1      0                         0      0        0
  SINCE JAN 1      0                         0      0        0
..................................................................


WIND (MPH)
  HIGHEST WIND SPEED    22   HIGHEST WIND DIRECTION    NW (320)
  HIGHEST GUST SPEED    29   HIGHEST GUST DIRECTION    NW (320)
  AVERAGE WIND SPEED    12.4


SKY COVER
  POSSIBLE SUNSHINE  MM
  AVERAGE SKY COVER 0.3


WEATHER CONDITIONS
 THE FOLLOWING WEATHER WAS RECORDED YESTERDAY.
  NO SIGNIFICANT WEATHER WAS OBSERVED.


RELATIVE HUMIDITY (PERCENT)
 HIGHEST    75          1200 AM
 LOWEST     41           300 PM
 AVERAGE    58

..........................................................


THE OTTUMWA IA CLIMATE NORMALS FOR TODAY
                         NORMAL    RECORD    YEAR
 MAXIMUM TEMPERATURE (F)   51        81      2012
 MINIMUM TEMPERATURE (F)   30        -6      1923


SUNRISE AND SUNSET
MARCH 19 2017.........SUNRISE   714 AM CDT   SUNSET   721 PM CDT
MARCH 20 2017.........SUNRISE   713 AM CDT   SUNSET   722 PM CDT


-  INDICATES NEGATIVE NUMBERS.
R  INDICATES RECORD WAS SET OR TIED.
MM INDICATES DATA IS MISSING.
T  INDICATES TRACE AMOUNT.

$$

ANSORGE
