000
CDUS43 KDMX 170632 RRC
CLIOTM

CLIMATE REPORT
NATIONAL WEATHER SERVICE DES MOINES IA
1230 AM CST FRI FEB 17 2017


...................................

...THE OTTUMWA IA CLIMATE SUMMARY FOR FEBRUARY 16 2017...

CLIMATE NORMAL PERIOD 1981 TO 2010
CLIMATE RECORD PERIOD 1920 TO 2017


WEATHER ITEM   OBSERVED TIME   RECORD YEAR NORMAL DEPARTURE LAST
                VALUE   (LST)  VALUE       VALUE  FROM      YEAR
                                                  NORMAL
..................................................................
TEMPERATURE (F)
 YESTERDAY
  MAXIMUM         65R   245 PM  61    1981  36     29       36
  MINIMUM         25    339 AM -17    1958  18      7       29
  AVERAGE         45                        27     18       33

PRECIPITATION (IN)
  YESTERDAY        0.00          2.50 1911   0.04  -0.04     0.14
  MONTH TO DATE    0.06                      0.58  -0.52     0.80
  SINCE DEC 1      2.58                      2.85  -0.27     5.33
  SINCE JAN 1      1.21                      1.48  -0.27     1.30

DEGREE DAYS
 HEATING
  YESTERDAY       20                        38    -18       32
  MONTH TO DATE  516                       638   -122      656
  SINCE DEC 1   2811                      3162   -351     2722
  SINCE JUL 1   3604                      4460   -856     3733

 COOLING
  YESTERDAY        0                         0      0        0
  MONTH TO DATE    0                         0      0        0
  SINCE DEC 1      0                         0      0        0
  SINCE JAN 1      0                         0      0        0
..................................................................


WIND (MPH)
  HIGHEST WIND SPEED    17   HIGHEST WIND DIRECTION     W (260)
  HIGHEST GUST SPEED    22   HIGHEST GUST DIRECTION     W (250)
  AVERAGE WIND SPEED     7.8


SKY COVER
  POSSIBLE SUNSHINE  MM
  AVERAGE SKY COVER 0.0


WEATHER CONDITIONS
 THE FOLLOWING WEATHER WAS RECORDED YESTERDAY.
  NO SIGNIFICANT WEATHER WAS OBSERVED.


RELATIVE HUMIDITY (PERCENT)
 HIGHEST    76          1100 PM
 LOWEST     26           200 PM
 AVERAGE    51

..........................................................


THE OTTUMWA IA CLIMATE NORMALS FOR TODAY
                         NORMAL    RECORD    YEAR
 MAXIMUM TEMPERATURE (F)   37        68      2011
 MINIMUM TEMPERATURE (F)   18       -20      1958


SUNRISE AND SUNSET
FEBRUARY 17 2017......SUNRISE   701 AM CST   SUNSET   547 PM CST
FEBRUARY 18 2017......SUNRISE   700 AM CST   SUNSET   548 PM CST


-  INDICATES NEGATIVE NUMBERS.
R  INDICATES RECORD WAS SET OR TIED.
MM INDICATES DATA IS MISSING.
T  INDICATES TRACE AMOUNT.




$$
