000
CDUS43 KDMX 260635
CLIOTM

CLIMATE REPORT
NATIONAL WEATHER SERVICE DES MOINES IA
130 AM CDT MON JUN 26 2017

...................................

...THE OTTUMWA IA CLIMATE SUMMARY FOR JUNE 25 2017...

CLIMATE NORMAL PERIOD 1981 TO 2010
CLIMATE RECORD PERIOD 1920 TO 2017

WEATHER ITEM   OBSERVED TIME   RECORD YEAR NORMAL DEPARTURE LAST
                VALUE   (LST)  VALUE       VALUE  FROM      YEAR
                                                  NORMAL
..................................................................
TEMPERATURE (F)
 YESTERDAY
  MAXIMUM         75    315 PM 103    1988  84     -9       91
  MINIMUM         48    435 AM  44    2004  63    -15       71
  AVERAGE         62                        74    -12       81

PRECIPITATION (IN)
  YESTERDAY        0.00          3.42 2008   0.17  -0.17     0.00
  MONTH TO DATE    0.82                      4.27  -3.45     1.59
  SINCE JUN 1      0.82                      4.27  -3.45     1.59
  SINCE JAN 1     13.28                     16.80  -3.52    10.50

DEGREE DAYS
 HEATING
  YESTERDAY        3                         0      3        0
  MONTH TO DATE    3                        19    -16        1
  SINCE JUN 1      3                        19    -16        1
  SINCE JUL 1   5011                      6315  -1304     5265

 COOLING
  YESTERDAY        0                         9     -9       16
  MONTH TO DATE  237                       154     83      238
  SINCE JUN 1    237                       154     83      238
  SINCE JAN 1    298                       218     80      309
..................................................................

WIND (MPH)
  HIGHEST WIND SPEED    21   HIGHEST WIND DIRECTION     W (290)
  HIGHEST GUST SPEED    28   HIGHEST GUST DIRECTION     W (270)
  AVERAGE WIND SPEED     9.8

SKY COVER
  POSSIBLE SUNSHINE  MM
  AVERAGE SKY COVER 0.1

WEATHER CONDITIONS
 THE FOLLOWING WEATHER WAS RECORDED YESTERDAY.
  NO SIGNIFICANT WEATHER WAS OBSERVED.

RELATIVE HUMIDITY (PERCENT)
 HIGHEST    93           400 AM
 LOWEST     33           300 PM
 AVERAGE    63
..........................................................

THE OTTUMWA IA CLIMATE NORMALS FOR TODAY
                         NORMAL    RECORD    YEAR
 MAXIMUM TEMPERATURE (F)   84       103      1936
 MINIMUM TEMPERATURE (F)   63        46      1926

SUNRISE AND SUNSET
JUNE 26 2017..........SUNRISE   539 AM CDT   SUNSET   846 PM CDT
JUNE 27 2017..........SUNRISE   539 AM CDT   SUNSET   846 PM CDT

-  INDICATES NEGATIVE NUMBERS.
R  INDICATES RECORD WAS SET OR TIED.
MM INDICATES DATA IS MISSING.
T  INDICATES TRACE AMOUNT.

$$

FAB
