000
CDUS43 KDMX 110628 RRC
CLIOTM

CLIMATE REPORT
NATIONAL WEATHER SERVICE DES MOINES IA
126 AM CDT FRI JUL 11 2014


...................................

...THE OTTUMWA IA CLIMATE SUMMARY FOR JULY 10 2014...

CLIMATE NORMAL PERIOD 1981 TO 2010
CLIMATE RECORD PERIOD 1920 TO 2014


WEATHER ITEM   OBSERVED TIME   RECORD YEAR NORMAL DEPARTURE LAST
                VALUE   (LST)  VALUE       VALUE  FROM      YEAR
                                                  NORMAL
..................................................................
TEMPERATURE (F)
 YESTERDAY
  MAXIMUM         80    336 PM 106    1901  86     -6       84
  MINIMUM         59    417 AM  50    1945  65     -6       62
  AVERAGE         70                        75     -5       73

PRECIPITATION (IN)
  YESTERDAY        0.00          1.25 1902   0.14  -0.14     0.00
  MONTH TO DATE    1.78                      1.55   0.23      T
  SINCE JUN 1      9.80                      6.64   3.16     2.39
  SINCE JAN 1     20.64                     19.17   1.47    26.71

DEGREE DAYS
 HEATING
  YESTERDAY        0                         0      0        0
  MONTH TO DATE    7                         0      7        0
  SINCE JUN 1     16                        21     -5       26
  SINCE JUL 1      7                         0      7        0

 COOLING
  YESTERDAY        5                        10     -5        8
  MONTH TO DATE   50                       100    -50       92
  SINCE JUN 1    264                       301    -37      290
  SINCE JAN 1    375                       365     10      367
..................................................................


WIND (MPH)
  HIGHEST WIND SPEED    15   HIGHEST WIND DIRECTION    SE (150)
  HIGHEST GUST SPEED    20   HIGHEST GUST DIRECTION     S (160)
  AVERAGE WIND SPEED     7.9


SKY COVER
  POSSIBLE SUNSHINE  MM
  AVERAGE SKY COVER 0.0


WEATHER CONDITIONS
 THE FOLLOWING WEATHER WAS RECORDED YESTERDAY.
  NO SIGNIFICANT WEATHER WAS OBSERVED.


RELATIVE HUMIDITY (PERCENT)
 HIGHEST    90          1200 AM
 LOWEST     45           300 PM
 AVERAGE    68

..........................................................


THE OTTUMWA IA CLIMATE NORMALS FOR TODAY
                         NORMAL    RECORD    YEAR
 MAXIMUM TEMPERATURE (F)   86       107      1936
 MINIMUM TEMPERATURE (F)   65        50      1945


SUNRISE AND SUNSET
JULY 11 2014..........SUNRISE   547 AM CDT   SUNSET   843 PM CDT
JULY 12 2014..........SUNRISE   548 AM CDT   SUNSET   842 PM CDT


-  INDICATES NEGATIVE NUMBERS.
R  INDICATES RECORD WAS SET OR TIED.
MM INDICATES DATA IS MISSING.
T  INDICATES TRACE AMOUNT.




$$
