000
CDUS43 KDMX 040637 RRA
CLIOTM

CLIMATE REPORT
NATIONAL WEATHER SERVICE DES MOINES IA
136 AM CDT SAT JUL 4 2015


...................................

...THE OTTUMWA IA CLIMATE SUMMARY FOR JULY 3 2015...

CLIMATE NORMAL PERIOD 1981 TO 2010
CLIMATE RECORD PERIOD 1920 TO 2015


WEATHER ITEM   OBSERVED TIME   RECORD YEAR NORMAL DEPARTURE LAST
                VALUE   (LST)  VALUE       VALUE  FROM      YEAR
                                                  NORMAL
..................................................................
TEMPERATURE (F)
 YESTERDAY
  MAXIMUM         78    355 PM 101    1911  85     -7       77
  MINIMUM         58   1029 PM  49    1924  64     -6       51
  AVERAGE         68                        75     -7       64

PRECIPITATION (IN)
  YESTERDAY        0.00          2.25 1896   0.16  -0.16     0.00
  MONTH TO DATE    T                         0.48  -0.48     0.06
  SINCE JUN 1      7.79                      5.57   2.22     8.08
  SINCE JAN 1     16.70                     18.10  -1.40    21.19

DEGREE DAYS
 HEATING
  YESTERDAY        0                         0      0        1
  MONTH TO DATE    0                         0      0        7
  SINCE JUN 1     10                        21    -11       16
  SINCE JUL 1      0                         0      0        7

 COOLING
  YESTERDAY        3                        10     -7        0
  MONTH TO DATE    8                        30    -22        7
  SINCE JUN 1    212                       231    -19      221
  SINCE JAN 1    273                       295    -22      332
..................................................................


WIND (MPH)
  HIGHEST WIND SPEED    12   HIGHEST WIND DIRECTION    NE (30)
  HIGHEST GUST SPEED    16   HIGHEST GUST DIRECTION    NE (50)
  AVERAGE WIND SPEED     4.8


SKY COVER
  POSSIBLE SUNSHINE  MM
  AVERAGE SKY COVER 0.1


WEATHER CONDITIONS
 THE FOLLOWING WEATHER WAS RECORDED YESTERDAY.
  NO SIGNIFICANT WEATHER WAS OBSERVED.


RELATIVE HUMIDITY (PERCENT)
 HIGHEST    90           300 AM
 LOWEST     52           400 PM
 AVERAGE    71

..........................................................


THE OTTUMWA IA CLIMATE NORMALS FOR TODAY
                         NORMAL    RECORD    YEAR
 MAXIMUM TEMPERATURE (F)   85       108      1936
 MINIMUM TEMPERATURE (F)   65        49      1940


SUNRISE AND SUNSET
JULY  4 2015..........SUNRISE   543 AM CDT   SUNSET   846 PM CDT
JULY  5 2015..........SUNRISE   543 AM CDT   SUNSET   845 PM CDT


-  INDICATES NEGATIVE NUMBERS.
R  INDICATES RECORD WAS SET OR TIED.
MM INDICATES DATA IS MISSING.
T  INDICATES TRACE AMOUNT.




$$
