000
CDUS43 KDMX 010640 RRC
CLIOTM

CLIMATE REPORT
NATIONAL WEATHER SERVICE DES MOINES IA
138 AM CDT WED JUN 1 2016

...................................

...THE OTTUMWA IA CLIMATE SUMMARY FOR MAY 31 2016...

CLIMATE NORMAL PERIOD 1981 TO 2010
CLIMATE RECORD PERIOD 1920 TO 2016


WEATHER ITEM   OBSERVED TIME   RECORD YEAR NORMAL DEPARTURE LAST
                VALUE   (LST)  VALUE       VALUE  FROM      YEAR
                                                  NORMAL
..................................................................
TEMPERATURE (F)
 YESTERDAY
  MAXIMUM         80    414 PM 103    1934  77      3       68
  MINIMUM         59    453 AM  40    1930  56      3       47
  AVERAGE         70                        66      4       58

PRECIPITATION (IN)
  YESTERDAY        0.05          2.00 1987   0.17  -0.12     0.00
  MONTH TO DATE    3.74                      4.71  -0.97     4.75
  SINCE MAR 1      7.61                     10.35  -2.74     7.75
  SINCE JAN 1      8.04                     12.53  -4.49     9.87

DEGREE DAYS
 HEATING
  YESTERDAY        0                         2     -2        7
  MONTH TO DATE  188                       166     22      122
  SINCE MAR 1   1210                      1411   -201     1238
  SINCE JUL 1   5264                      6296  -1032     6369

 COOLING
  YESTERDAY        5                         3      2        0
  MONTH TO DATE   62                        53      9       60
  SINCE MAR 1     71                        64      7       61
  SINCE JAN 1     71                        64      7       61
..................................................................


WIND (MPH)
  HIGHEST WIND SPEED    20   HIGHEST WIND DIRECTION     S (180)
  HIGHEST GUST SPEED    23   HIGHEST GUST DIRECTION     S (180)
  AVERAGE WIND SPEED     7.3


SKY COVER
  POSSIBLE SUNSHINE  MM
  AVERAGE SKY COVER 0.4


WEATHER CONDITIONS
 THE FOLLOWING WEATHER WAS RECORDED YESTERDAY.
  THUNDERSTORM
  RAIN
  LIGHT RAIN
  FOG


RELATIVE HUMIDITY (PERCENT)
 HIGHEST   100          1100 PM
 LOWEST     54           200 PM
 AVERAGE    77

..........................................................


THE OTTUMWA IA CLIMATE NORMALS FOR TODAY
                         NORMAL    RECORD    YEAR
 MAXIMUM TEMPERATURE (F)   77       103      1934
 MINIMUM TEMPERATURE (F)   56        41      1897


SUNRISE AND SUNSET
JUNE  1 2016..........SUNRISE   539 AM CDT   SUNSET   836 PM CDT
JUNE  2 2016..........SUNRISE   539 AM CDT   SUNSET   837 PM CDT


-  INDICATES NEGATIVE NUMBERS.
R  INDICATES RECORD WAS SET OR TIED.
MM INDICATES DATA IS MISSING.
T  INDICATES TRACE AMOUNT.




$$
