000
CDUS43 KDMX 290654
CLIOTM

CLIMATE REPORT
NATIONAL WEATHER SERVICE DES MOINES IA
153 AM CDT WED JUL 29 2015


...................................

...THE OTTUMWA IA CLIMATE SUMMARY FOR JULY 28 2015...

CLIMATE NORMAL PERIOD 1981 TO 2010
CLIMATE RECORD PERIOD 1920 TO 2015


WEATHER ITEM   OBSERVED TIME   RECORD YEAR NORMAL DEPARTURE LAST
                VALUE   (LST)  VALUE       VALUE  FROM      YEAR
                                                  NORMAL
..................................................................
TEMPERATURE (F)
 YESTERDAY
  MAXIMUM         89    436 PM 105    1983  85      4       74
  MINIMUM         69    605 PM  48    2013  64      5       57
  AVERAGE         79                        75      4       66

PRECIPITATION (IN)
  YESTERDAY        1.02          1.90 1915   0.14   0.88     0.00
  MONTH TO DATE    6.36                      4.06   2.30     5.25
  SINCE JUN 1     14.15                      9.15   5.00    13.27
  SINCE JAN 1     23.06                     21.68   1.38    26.38

DEGREE DAYS
 HEATING
  YESTERDAY        0                         0      0        0
  MONTH TO DATE    6                         0      6       13
  SINCE JUN 1     16                        21     -5       22
  SINCE JUL 1      6                         0      6       13

 COOLING
  YESTERDAY       14                        10      4        1
  MONTH TO DATE  248                       280    -32      155
  SINCE JUN 1    452                       481    -29      369
  SINCE JAN 1    513                       545    -32      480
..................................................................


WIND (MPH)
  HIGHEST WIND SPEED    43   HIGHEST WIND DIRECTION    NW (330)
  HIGHEST GUST SPEED    53   HIGHEST GUST DIRECTION    NW (330)
  AVERAGE WIND SPEED    10.2


SKY COVER
  POSSIBLE SUNSHINE  MM
  AVERAGE SKY COVER 0.5


WEATHER CONDITIONS
 THE FOLLOWING WEATHER WAS RECORDED YESTERDAY.
  THUNDERSTORM
  HEAVY RAIN
  RAIN
  LIGHT RAIN
  FOG


RELATIVE HUMIDITY (PERCENT)
 HIGHEST   100          1200 AM
 LOWEST     75           400 PM
 AVERAGE    88

..........................................................


THE OTTUMWA IA CLIMATE NORMALS FOR TODAY
                         NORMAL    RECORD    YEAR
 MAXIMUM TEMPERATURE (F)   85       104      1941
 MINIMUM TEMPERATURE (F)   64        49      2013


SUNRISE AND SUNSET
JULY 29 2015..........SUNRISE   602 AM CDT   SUNSET   829 PM CDT
JULY 30 2015..........SUNRISE   603 AM CDT   SUNSET   828 PM CDT


-  INDICATES NEGATIVE NUMBERS.
R  INDICATES RECORD WAS SET OR TIED.
MM INDICATES DATA IS MISSING.
T  INDICATES TRACE AMOUNT.




$$
