096
CDUS43 KDMX 130631 RRA
CLIOTM

CLIMATE REPORT
NATIONAL WEATHER SERVICE DES MOINES IA
1227 AM CST SAT FEB 13 2016

...................................

...THE OTTUMWA IA CLIMATE SUMMARY FOR FEBRUARY 12 2016...

CLIMATE NORMAL PERIOD 1981 TO 2010
CLIMATE RECORD PERIOD 1920 TO 2016


WEATHER ITEM   OBSERVED TIME   RECORD YEAR NORMAL DEPARTURE LAST
                VALUE   (LST)  VALUE       VALUE  FROM      YEAR
                                                  NORMAL
..................................................................
TEMPERATURE (F)
 YESTERDAY
  MAXIMUM         22   1153 AM  71    1990  35    -13       17
  MINIMUM          6   1159 PM -13    1988  17    -11        4
  AVERAGE         14                        26    -12       11

PRECIPITATION (IN)
  YESTERDAY        T             1.12 1906   0.04  -0.04      T
  MONTH TO DATE    0.29                      0.42  -0.13     0.64
  SINCE DEC 1      4.36                      2.69   1.67     2.85
  SINCE JAN 1      0.33                      1.32  -0.99     1.87

DEGREE DAYS
 HEATING
  YESTERDAY       51                        39     12       54
  MONTH TO DATE  481                       485     -4      532
  SINCE DEC 1   2547                      3009   -462     2811
  SINCE JUL 1   3558                      4307   -749     4319

 COOLING
  YESTERDAY        0                         0      0        0
  MONTH TO DATE    0                         0      0        0
  SINCE DEC 1      0                         0      0        0
  SINCE JAN 1      0                         0      0        0
..................................................................


WIND (MPH)
  HIGHEST WIND SPEED    30   HIGHEST WIND DIRECTION    NW (330)
  HIGHEST GUST SPEED    36   HIGHEST GUST DIRECTION    NW (320)
  AVERAGE WIND SPEED    15.5


SKY COVER
  POSSIBLE SUNSHINE  MM
  AVERAGE SKY COVER 0.5


WEATHER CONDITIONS
 THE FOLLOWING WEATHER WAS RECORDED YESTERDAY.
  LIGHT SNOW
  FOG
  HAZE


RELATIVE HUMIDITY (PERCENT)
 HIGHEST   100           200 AM
 LOWEST     49           400 PM
 AVERAGE    75

..........................................................


THE OTTUMWA IA CLIMATE NORMALS FOR TODAY
                         NORMAL    RECORD    YEAR
 MAXIMUM TEMPERATURE (F)   35        65      1938
 MINIMUM TEMPERATURE (F)   17        -7      1986


SUNRISE AND SUNSET
FEBRUARY 13 2016......SUNRISE   707 AM CST   SUNSET   541 PM CST
FEBRUARY 14 2016......SUNRISE   706 AM CST   SUNSET   542 PM CST


-  INDICATES NEGATIVE NUMBERS.
R  INDICATES RECORD WAS SET OR TIED.
MM INDICATES DATA IS MISSING.
T  INDICATES TRACE AMOUNT.

$$

REV
