000
CXUS53 KARX 012354
CF6OVS
PRELIMINARY LOCAL CLIMATOLOGICAL DATA (WS FORM: F-6)
STATION: BOSCOBEL_(ASOS) WI
MONTH: AUGUST
YEAR: 2023
LATITUDE: 43 9 N
LONGITUDE: 90 41 W
TEMPERATURE IN F: :PCPN: SNOW: WIND :SUNSHINE: SKY :PK WND
================================================================================
1 2 3 4 5 6A 6B 7 8 9 10 11 12 13 14 15 16 17 18
12Z AVG MX 2MIN
DY MAX MIN AVG DEP HDD CDD WTR SNW DPTH SPD SPD DIR MIN PSBL S-S WX SPD DR
================================================================================
1 86 54 70 -3 0 5 0.00 0.0 0 2.6 9 190 M M 2 12 16 170
2 85 62 74 1 0 9 0.00 0.0 0 1.9 10 210 M M 3 1 16 210
3 89 65 77 4 0 12 0.00 0.0 0 2.4 9 220 M M 5 12 12 270
4 90 66 78 6 0 13 0.00 0.0 0 3.9 10 110 M M 3 12 18 130
5 87 64 76 4 0 11 0.00 0.0 0 4.5 12 70 M M 2 20 110
6 80 62 71 -1 0 6 T 0.0 0 1.7 9 100 M M 3 1 15 80
7 84 60 72 0 0 7 T 0.0 0 2.2 9 340 M M 1 1 15 20
8 88 59 74 2 0 9 0.00 0.0 0 2.7 14 300 M M 2 1 21 260
9 84 55 70 -2 0 5 0.00 0.0 0 2.5 13 220 M M 1 1 19 230
10 86 60 73 1 0 8 0.00 0.0 0 2.7 10 300 M M 3 12 18 290
11 88 64 76 4 0 11 M 0.0 0 5.1 21 360 M M 4 13 34 360
12 88 61 75 3 0 10 0.00 0.0 0 5.0 20 300 M M 3 12 30 280
13 73 56 65 -7 0 0 T 0.0 0 1.1 8 30 M M 7 12 14 20
14 75 61 68 -4 0 3 M 0.0 0 4.6 10 360 M M 9 13 17 20
15 81 54 68 -4 0 3 0.00 0.0 0 3.7 13 290 M M 0 1 21 320
16 85 55 70 -2 0 5 0.00 0.0 0 6.9 16 210 M M 0 29 190
17 77 53 65 -6 0 0 T 0.0 0 8.1 21 240 M M 3 33 230
18 80 51 66 -5 0 1 0.00 0.0 0 3.1 12 210 M M 3 12 17 180
19 91 61 76 5 0 11 0.00 0.0 0 4.3 14 200 M M 1 25 190
20 96 70 83 12 0 18 0.00 0.0 0 2.1 9 90 M M 2 12 16 40
21 88 70 79 8 0 14 0.00 0.0 0 2.9 8 130 M M 7 14 180
22 91 61 76 5 0 11 0.00 0.0 0 4.1 13 220 M M 2 23 220
23 105 74 90 20 0 25 0.00 0.0 0 6.5 16 240 M M 0 128 26 230
24 100 76 88 18 0 23 0.00 0.0 0 5.5 14 280 M M 1 1 22 260
25 90 71 81 11 0 16 0.02 0.0 0 2.2 10 250 M M 4 1 16 230
26 79 59 69 -1 0 4 0.00 0.0 0 3.9 12 80 M M 5 12 21 90
27 82 51 67 -3 0 2 0.00 0.0 0 1.9 8 70 M M 4 12 13 20
28 84 54 69 0 0 4 0.00 0.0 0 3.0 10 260 M M 3 12 17 300
29 86 59 73 4 0 8 0.00 0.0 0 4.8 16 300 M M 2 24 350
30 80 48 64 -5 1 0 0.00 0.0 0 2.8 9 70 M M 0 1 14 90
31 81 45 63 -6 2 0 0.00 0.0 0 1.8 10 110 M M 2 12 17 120
================================================================================
SM 2659 1861 3 254 0.02 0.0 110.5 M 87
================================================================================
AV 85.8 60.0 3.6 FASTST M M 3 MAX(MPH)
MISC ----> # 21 360 34 360
================================================================================
NOTES:
# LAST OF SEVERAL OCCURRENCES
COLUMN 17 PEAK WIND IN M.P.H.
PRELIMINARY LOCAL CLIMATOLOGICAL DATA (WS FORM: F-6) , PAGE 2
STATION: BOSCOBEL_(ASOS) WI
MONTH: AUGUST
YEAR: 2023
LATITUDE: 43 9 N
LONGITUDE: 90 41 W
[TEMPERATURE DATA] [PRECIPITATION DATA] SYMBOLS USED IN COLUMN 16
AVERAGE MONTHLY: 72.9 TOTAL FOR MONTH: 0.02 1 = FOG OR MIST
DPTR FM NORMAL: 1.7 DPTR FM NORMAL: -4.05 2 = FOG REDUCING VISIBILITY
HIGHEST: 105 ON 23 GRTST 24HR 0.02 ON 25-25 TO 1/4 MILE OR LESS
LOWEST: 45 ON 31 3 = THUNDER
SNOW, ICE PELLETS, HAIL 4 = ICE PELLETS
TOTAL MONTH: 0.0 INCH 5 = HAIL
GRTST 24HR 0.0 6 = FREEZING RAIN OR DRIZZLE
GRTST DEPTH: 0 7 = DUSTSTORM OR SANDSTORM:
VSBY 1/2 MILE OR LESS
8 = SMOKE OR HAZE
[NO. OF DAYS WITH] [WEATHER - DAYS WITH] 9 = BLOWING SNOW
X = TORNADO
MAX 32 OR BELOW: 0 0.01 INCH OR MORE: 1
MAX 90 OR ABOVE: 7 0.10 INCH OR MORE: 0
MIN 32 OR BELOW: 0 0.50 INCH OR MORE: 0
MIN 0 OR BELOW: 0 1.00 INCH OR MORE: 0
[HDD (BASE 65) ]
TOTAL THIS MO. 3 CLEAR (SCALE 0-3) 20
DPTR FM NORMAL -9 PTCLDY (SCALE 4-7) 10
TOTAL FM JUL 1 7 CLOUDY (SCALE 8-10) 1
DPTR FM NORMAL -6
[CDD (BASE 65) ]
TOTAL THIS MO. 254
DPTR FM NORMAL 50 [PRESSURE DATA]
TOTAL FM JAN 1 715 HIGHEST SLP 30.25 ON 21
DPTR FM NORMAL 59 LOWEST SLP 29.63 ON 17
[REMARKS]
#FINAL-08-23#