000
CXUS53 KDDC 011459
CLMP28
CLIMATE REPORT
NATIONAL WEATHER SERVICE DODGE CITY, KANSAS
959 AM CDT TUE AUG 01 2023
...................................
...THE MEDICINE LODGE KS CLIMATE SUMMARY FOR THE MONTH OF JULY 2023...
CLIMATE NORMAL PERIOD 1991 TO 2020
CLIMATE RECORD PERIOD 1893 TO 2023
WEATHER OBSERVED NORMAL DEPART LAST YEAR`S
VALUE DATE(S) VALUE FROM VALUE DATE(S)
NORMAL
................................................................
TEMPERATURE (F)
RECORD
HIGH 115 07/14/1954
07/18/1936
LOW 47 07/13/1975
HIGHEST 103 07/25 MM MM 112 07/19
07/30
07/31
LOWEST 59 07/02 MM MM 64 07/11
07/13
AVG. MAXIMUM 93.0 94.4 -1.4 98.7
AVG. MINIMUM 68.0 69.5 -1.5 70.8
MEAN 80.5 82.0 -1.5 84.8
DAYS MAX >= 90 23 23.9 -0.9 29
DAYS MAX <= 32 0 0.0 0.0 0
DAYS MIN <= 32 0 0.0 0.0 0
DAYS MIN <= 0 0 0.0 0.0 0
PRECIPITATION (INCHES)
RECORD
MAXIMUM 10.65 2015
MINIMUM 0.00 1983
TOTALS 7.82 3.13 4.69 0.88
DAYS >= .01 12 6.7 5.3 11
DAYS >= .10 7 4.1 2.9 4
DAYS >= .50 4 1.7 2.3 0
DAYS >= 1.00 2 1.0 1.0 0
GREATEST
24 HR. TOTAL 5.27 07/05 TO 07/06 0.26 07/29 TO 07/30
DEGREE DAYS
HEATING TOTAL 0 0 0 0
SINCE 7/1 0 0 0 0
COOLING TOTAL 486 526 -40 622
SINCE 1/1 965 1079 -114 1322
................................................................
WIND (MPH)
AVERAGE WIND SPEED 6.9
RESULTANT WIND SPEED/DIRECTION 3/140
HIGHEST WIND SPEED/DIRECTION 39/180 DATE 07/07
HIGHEST GUST SPEED/DIRECTION 62/190 DATE 07/07
AVERAGE RH (PERCENT) 71
- INDICATES NEGATIVE NUMBERS.
R INDICATES RECORD WAS SET OR TIED.
MM INDICATES DATA IS MISSING.
T INDICATES TRACE AMOUNT.
$$