000
CXUS56 KLKN 281210
CF6P68
PRELIMINARY LOCAL CLIMATOLOGICAL DATA (WS FORM: F-6)
STATION: EUREKA AIRPORT NV
MONTH: MARCH
YEAR: 2024
LATITUDE: 39 30 N
LONGITUDE: 115 58 W
TEMPERATURE IN F: :PCPN: SNOW: WIND :SUNSHINE: SKY :PK WND
================================================================================
1 2 3 4 5 6A 6B 7 8 9 10 11 12 13 14 15 16 17 18
12Z AVG MX 2MIN
DY MAX MIN AVG DEP HDD CDD WTR SNW DPTH SPD SPD DIR MIN PSBL S-S WX SPD DR
================================================================================
1 53 34 44 10 21 0 0.00 M M 19.5 33 190 M M M 45 180
2 44 24 34 0 31 0 0.02 M M 15.8 39 260 M M M 57 260
3 32 19 26 -8 39 0 0.25 M M 6.5 26 270 M M M 43 260
4 36 16 26 -9 39 0 0.03 M M 4.6 13 50 M M M 16 60
5 51 24 38 3 27 0 0.00 M M 5.0 18 270 M M M 27 270
6 48 25 37 2 28 0 0.01 M M 5.2 14 360 M M M 17 360
7 44 19 32 -4 33 0 0.01 M M 7.7 22 350 M M M 36 350
8 45 12 29 -7 36 0 0.00 M M 2.6 12 30 M M M 16 340
9 55 15 35 -1 30 0 0.00 M M 9.3 26 160 M M M 33 160
10 53 21 37 0 28 0 0.00 M M 8.0 21 180 M M M 29 180
11 54 27 41 4 24 0 0.00 M M 4.9 9 270 M M M M M
12 51 28 40 3 25 0 0.11 M M 5.6 25 270 M M M 35 270
13 39 20 30 -8 35 0 0.00 M M 9.6 22 340 M M M 36 360
14 42 23 33 -5 32 0 0.00 M M 0.0 25 360 M M M 34 360
15 51 28 40 2 25 0 0.00 M M 11.4 22 40 M M M 30 20
16 57 21 39 1 26 0 0.00 M M 6.5 20 350 M M M 27 10
17 58 21 40 1 25 0 0.00 M M 5.7 17 40 M M M 22 50
18 62 21 42 3 23 0 0.00 M M 4.6 15 20 M M M 20 50
19 64 22 43 4 22 0 0.00 M M 6.0 14 30 M M M 19 30
20 68 28 48 9 17 0 0.00 M M 7.1 18 280 M M M 29 280
21 63 28 46 7 19 0 0.00 M M 6.7 17 290 M M M 25 280
22 63 26 45 5 20 0 0.00 M M 7.5 24 180 M M M 36 190
23 51 25 38 -2 27 0 0.14 M M 7.6 23 190 M M M 30 270
24 42 21 32 -8 33 0 0.25 M M 5.1 24 10 M M M 37 10
25 43 20 32 -8 33 0 0.08 M M 6.4 23 330 M M M 35 320
26 42 22 32 -8 33 0 0.02 M M 5.5 21 300 M M M 26 260
27 56 22 39 -1 26 0 0.00 M M 9.6 24 160 M M M 34 190
================================================================================
SM 1367 612 757 0 0.92 M 194.0 M M
================================================================================
AV 50.6 22.7 7.2 FASTST M M M MAX(MPH)
MISC ----> 39 260 57 260
================================================================================
NOTES:
# LAST OF SEVERAL OCCURRENCES
COLUMN 17 PEAK WIND IN M.P.H.
PRELIMINARY LOCAL CLIMATOLOGICAL DATA (WS FORM: F-6) , PAGE 2
STATION: EUREKA AIRPORT NV
MONTH: MARCH
YEAR: 2024
LATITUDE: 39 30 N
LONGITUDE: 115 58 W
[TEMPERATURE DATA] [PRECIPITATION DATA] SYMBOLS USED IN COLUMN 16
AVERAGE MONTHLY: 36.6 TOTAL FOR MONTH: 0.92 1 = FOG OR MIST
DPTR FM NORMAL: -0.9 DPTR FM NORMAL: 0.09 2 = FOG REDUCING VISIBILITY
HIGHEST: 68 ON 20 GRTST 24HR 0.26 ON 2- 3 TO 1/4 MILE OR LESS
LOWEST: 12 ON 8 3 = THUNDER
SNOW, ICE PELLETS, HAIL 4 = ICE PELLETS
TOTAL MONTH: M 5 = HAIL
GRTST 24HR M ON M 6 = FREEZING RAIN OR DRIZZLE
GRTST DEPTH: M ON M 7 = DUSTSTORM OR SANDSTORM:
VSBY 1/2 MILE OR LESS
8 = SMOKE OR HAZE
[NO. OF DAYS WITH] [WEATHER - DAYS WITH] 9 = BLOWING SNOW
X = TORNADO
MAX 32 OR BELOW: 1 0.01 INCH OR MORE: 10
MAX 90 OR ABOVE: 0 0.10 INCH OR MORE: 4
MIN 32 OR BELOW: 26 0.50 INCH OR MORE: 0
MIN 0 OR BELOW: 0 1.00 INCH OR MORE: 0
[HDD (BASE 65) ]
TOTAL THIS MO. 757 CLEAR (SCALE 0-3) 0
DPTR FM NORMAL 14 PTCLDY (SCALE 4-7) 0
TOTAL FM JUL 1 5326 CLOUDY (SCALE 8-10) 27
DPTR FM NORMAL -538
[CDD (BASE 65) ]
TOTAL THIS MO. 0
DPTR FM NORMAL 0 [PRESSURE DATA]
TOTAL FM JAN 1 0 HIGHEST SLP M ON M
DPTR FM NORMAL 0 LOWEST SLP 29.32 ON 2
[REMARKS]