000
CXUS53 KPAH 231816
CLSPAH
CLIMATE REPORT
NATIONAL WEATHER SERVICE PADUCAH
116 PM CDT FRI JUL 23 2021
...................................
...THE PADUCAH KY CLIMATE SUMMARY FOR THE SEASON, FROM
3/1/2021 TO 5/31/2021...
CLIMATE NORMAL PERIOD 1991 TO 2020
CLIMATE RECORD PERIOD 1937 TO 2021
WEATHER OBSERVED NORMAL DEPART LAST YEAR`S
VALUE DATE(S) VALUE FROM VALUE
NORMAL
..............................................................
TEMPERATURE (F)
RECORD
HIGH 96 05/26/1953
05/26/1944
05/22/1941
LOW -6 03/06/2015
HIGHEST 92 05/24 68 24
LOWEST 26 04/02 47 -21
AVG. MAXIMUM 70.0 69.8 0.2
AVG. MINIMUM 47.7 47.9 -0.2
MEAN 58.8 58.8 0.0
DAYS MAX >= 90 2 1.5 0.5
DAYS MAX <= 32 0 0.4 -0.4
DAYS MIN <= 32 7 12.2 -5.2
DAYS MIN <= 0 0 0.0 0.0
PRECIPITATION (INCHES)
RECORD
MAXIMUM 31.21 2011
MINIMUM 4.95 2012
TOTALS 15.45 14.68 0.77
DAILY AVG. 0.17 0.16 0.01
DAYS >= .01 35 33.8 1.2
DAYS >= .10 20 23.2 -3.2
DAYS >= .50 13 9.9 3.1
DAYS >= 1.00 5 3.9 1.1
GREATEST
24 HR. TOTAL 1.78 05/04 TO 05/04
SNOWFALL (INCHES)
RECORDS
TOTAL 24.0 1960
24 HR TOTAL 8.1 MM
TOTALS 0.6 1.1 -0.5
LIQUID EQUIV 0.10
SINCE 7/1 14.0 8.9 5.1
LIQUID 7/1 1.40
SNOWDEPTH AVG. 0
DAYS >= TRACE 3
DAYS >= 1.0 0
GREATEST
SNOW DEPTH 0
24 HR TOTAL 0.6
STORM TOTAL 0.6
(MM/DD(HH))
DEGREE DAYS
HEATING TOTAL 692 779 -87
SINCE 7/1 3888 3924 -36
COOLING TOTAL 147 209 -62
SINCE 1/1 147 210 -63
FREEZE DATES
EARLIEST 11/02
LATEST 04/15
..............................................................
WIND (MPH)
AVERAGE WIND SPEED 6.9
HIGHEST WIND SPEED/DIRECTION 31/270 DATE 03/25
HIGHEST GUST SPEED/DIRECTION 45/250 DATE 05/04
SKY COVER
POSSIBLE SUNSHINE (PERCENT) MM
AVERAGE SKY COVER 0.36
NUMBER OF DAYS FAIR 48
NUMBER OF DAYS PC 27
NUMBER OF DAYS CLOUDY 17
AVERAGE RH (PERCENT) 63
WEATHER CONDITIONS. NUMBER OF DAYS WITH
THUNDERSTORM 12 MIXED PRECIP 0
HEAVY RAIN 12 RAIN 19
LIGHT RAIN 36 FREEZING RAIN 0
LT FREEZING RAIN 0 HAIL 2
HEAVY SNOW 0 SNOW 0
LIGHT SNOW 2 SLEET 0
FOG 33 FOG W/VIS <= 1/4 MILE 2
HAZE 20
- INDICATES NEGATIVE NUMBERS.
R INDICATES RECORD WAS SET OR TIED.
MM INDICATES DATA IS MISSING.
T INDICATES TRACE AMOUNT.
$$