000
CXUS52 KMFL 011130
CF6PBI
PRELIMINARY LOCAL CLIMATOLOGICAL DATA (WS FORM: F-6)
STATION: WEST PALM BEACH
MONTH: FEBRUARY
YEAR: 2024
LATITUDE: 26 40 N
LONGITUDE: 80 7 W
TEMPERATURE IN F: :PCPN: SNOW: WIND :SUNSHINE: SKY :PK WND
================================================================================
1 2 3 4 5 6A 6B 7 8 9 10 11 12 13 14 15 16 17 18
12Z AVG MX 2MIN
DY MAX MIN AVG DEP HDD CDD WTR SNW DPTH SPD SPD DIR MIN PSBL S-S WX SPD DR
================================================================================
1 73 53 63 -4 2 0 T 0.0 0 7.7 14 40 M M 3 19 10
2 77 57 67 0 0 2 0.00 0.0 0 4.8 13 230 M M 5 20 240
3 76 56 66 -1 0 1 0.00 0.0 0 6.3 16 130 M M 4 23 120
4 74 63 69 2 0 4 0.14 0.0 0 10.4 25 100 M M 7 1 32 100
5 68 55 62 -5 3 0 0.02 0.0 0 7.9 21 320 M M 7 26 310
6 71 54 63 -5 2 0 T 0.0 0 18.2 31 320 M M 7 40 310
7 74 54 64 -4 1 0 0.00 0.0 0 13.0 21 360 M M 2 30 340
8 76 56 66 -2 0 1 T 0.0 0 8.6 18 80 M M 7 18 24 90
9 76 69 73 5 0 8 0.00 0.0 0 10.1 16 100 M M 9 22 100
10 79 66 73 5 0 8 0.00 0.0 0 10.5 18 120 M M 8 27 120
11 81 72 77 9 0 12 0.00 0.0 0 13.5 22 150 M M 6 32 140
12 87 73 80 12 0 15 0.00 0.0 0 13.5 26 200 M M 5 36 250
13 78 59 69 1 0 4 0.00 0.0 0 11.5 21 290 M M 6 26 200
14 77 55 66 -2 0 1 0.00 0.0 0 9.2 16 30 M M 3 20 30
15 77 67 72 4 0 7 0.00 0.0 0 10.0 17 110 M M 4 22 110
16 80 60 70 1 0 5 0.00 0.0 0 6.6 20 130 M M 5 27 130
17 85 63 74 5 0 9 0.00 0.0 0 7.5 20 220 M M 6 27 220
18 71 63 67 -2 0 2 2.74 0.0 0 9.6 20 350 M M 10 1 26 340
19 70 52 61 -8 4 0 0.07 0.0 0 12.4 24 330 M M 8 1 32 320
20 72 48 60 -9 5 0 0.00 0.0 0 7.4 17 320 M M 0 24 340
21 73 51 62 -7 3 0 0.00 0.0 0 11.5 21 360 M M 1 26 340
22 74 52 63 -6 2 0 0.00 0.0 0 6.8 14 130 M M 4 19 350
23 79 56 68 -1 0 3 0.00 0.0 0 10.5 25 210 M M 4 34 230
24 76 57 67 -2 0 2 0.08 0.0 0 11.1 20 310 M M 6 1 28 230
25 77 51 64 -6 1 0 0.00 0.0 0 5.4 14 10 M M 0 28 10
26 77 53 65 -5 0 0 0.00 0.0 0 6.5 15 110 M M 2 21 110
27 78 55 67 -3 0 2 0.00 0.0 0 8.3 16 110 M M 3 22 110
28 80 62 71 1 0 6 0.00 0.0 0 9.0 20 150 M M 3 27 160
29 81 66 74 4 0 9 0.00 0.0 0 5.3 10 70 M M 7 M M
================================================================================
SM 2217 1698 23 101 3.05 0.0 273.1 M 142
================================================================================
AV 76.4 58.6 9.4 FASTST M M 5 MAX(MPH)
MISC ----> 31 320 40 310
================================================================================
NOTES:
# LAST OF SEVERAL OCCURRENCES
COLUMN 17 PEAK WIND IN M.P.H.
PRELIMINARY LOCAL CLIMATOLOGICAL DATA (WS FORM: F-6) , PAGE 2
STATION: WEST PALM BEACH
MONTH: FEBRUARY
YEAR: 2024
LATITUDE: 26 40 N
LONGITUDE: 80 7 W
[TEMPERATURE DATA] [PRECIPITATION DATA] SYMBOLS USED IN COLUMN 16
AVERAGE MONTHLY: 67.5 TOTAL FOR MONTH: 3.05 1 = FOG OR MIST
DPTR FM NORMAL: -0.9 DPTR FM NORMAL: 0.42 2 = FOG REDUCING VISIBILITY
HIGHEST: 87 ON 12 GRTST 24HR 2.81 ON 18-19 TO 1/4 MILE OR LESS
LOWEST: 48 ON 20 3 = THUNDER
SNOW, ICE PELLETS, HAIL 4 = ICE PELLETS
TOTAL MONTH: 0.0 INCH 5 = HAIL
GRTST 24HR 0.0 6 = FREEZING RAIN OR DRIZZLE
GRTST DEPTH: 0 7 = DUSTSTORM OR SANDSTORM:
VSBY 1/2 MILE OR LESS
8 = SMOKE OR HAZE
[NO. OF DAYS WITH] [WEATHER - DAYS WITH] 9 = BLOWING SNOW
X = TORNADO
MAX 32 OR BELOW: 0 0.01 INCH OR MORE: 5
MAX 90 OR ABOVE: 0 0.10 INCH OR MORE: 2
MIN 32 OR BELOW: 0 0.50 INCH OR MORE: 1
MIN 0 OR BELOW: 0 1.00 INCH OR MORE: 1
[HDD (BASE 65) ]
TOTAL THIS MO. 23 CLEAR (SCALE 0-3) 6
DPTR FM NORMAL -19 PTCLDY (SCALE 4-7) 21
TOTAL FM JUL 1 88 CLOUDY (SCALE 8-10) 2
DPTR FM NORMAL -94
[CDD (BASE 65) ]
TOTAL THIS MO. 101
DPTR FM NORMAL -37 [PRESSURE DATA]
TOTAL FM JAN 1 247 HIGHEST SLP 30.27 ON 20
DPTR FM NORMAL -7 LOWEST SLP 29.47 ON 5
[REMARKS]
#FINAL-02-24#