000
CXUS54 KEWX 011010
CF6PEZ
PRELIMINARY LOCAL CLIMATOLOGICAL DATA (WS FORM: F-6)
STATION: PLEASANTON MUNICIPAL AIRPORT
MONTH: JUNE
YEAR: 2023
LATITUDE: 28 57 N
LONGITUDE: 98 31 W
TEMPERATURE IN F: :PCPN: SNOW: WIND :SUNSHINE: SKY :PK WND
================================================================================
1 2 3 4 5 6A 6B 7 8 9 10 11 12 13 14 15 16 17 18
12Z AVG MX 2MIN
DY MAX MIN AVG DEP HDD CDD WTR SNW DPTH SPD SPD DIR MIN PSBL S-S WX SPD DR
================================================================================
1 92 71 82 M 0 17 0.00 M M 6.8 17 160 M M 3 23 160
2 92 67 80 M 0 15 0.21 M M 6.4 13 120 M M 3 1 36 0
3 91 65 78 M 0 13 0.27 M M 4.7 12 270 M M 3 3 27 10
4 87 70 79 M 0 14 0.12 M M 4.4 9 110 M M 2 3 17 110
5 89 67 78 M 0 13 0.47 M M 3.3 10 110 M M 4 3 22 80
6 90 67 79 M 0 14 0.00 M M 1.5 13 60 M M 2 1 23 0
7 91 69 80 M 0 15 0.00 M M 3.3 10 170 M M 1 16 170
8 96 72 84 M 0 19 0.00 M M 4.1 15 60 M M 1 M M
9 98 72 85 M 0 20 0.00 M M 3.5 9 140 M M 0 16 140
10 97 76 87 M 0 22 0.00 M M 6.1 14 200 M M 1 20 180
11 100 76 88 M 0 23 0.00 M M 8.0 15 190 M M 2 20 100
12 98 77 88 M 0 23 0.00 M M 8.0 12 140 M M 4 22 120
13 98 78 88 M 0 23 0.00 M M 8.1 13 140 M M 5 18 20 130
14 96 78 87 M 0 22 0.00 M M 5.6 16 140 M M 5 18 22 140
15 102 80 91 M 0 26 0.00 M M 6.8 15 140 M M 4 18 22 140
16 102 79 91 M 0 26 0.00 M M 7.6 13 120 M M 2 18 17 120
17 100 81 91 M 0 26 0.00 M M 6.9 14 140 M M 3 18 150
18 105 79 92 M 0 27 0.00 M M 6.6 13 170 M M 3 17 210
19 107 78 93 M 0 28 0.00 M M 6.6 13 120 M M 1 18 160
20 107 79 93 M 0 28 0.00 M M 5.2 8 140 M M 3 1 20 170
21 103 77 90 M 0 25 0.00 M M 5.8 18 90 M M 0 1 31 90
22 94 79 87 M 0 22 0.00 M M 7.1 14 90 M M 1 3 23 130
23 102 77 90 M 0 25 0.00 M M 7.2 16 140 M M 2 1 22 140
24 102 77 90 M 0 25 0.00 M M 7.1 13 140 M M 2 22 140
25 104 77 91 M 0 26 0.00 M M 7.5 14 150 M M 1 21 150
26 106 76 91 M 0 26 0.00 M M 7.1 14 140 M M 0 24 140
27 106 75 91 M 0 26 0.00 M M 7.2 13 140 M M 0 8 18 140
28 102 74 88 M 0 23 0.00 M M 7.9 14 140 M M 1 18 22 150
29 100 76 88 M 0 23 0.00 M M 8.1 14 120 M M 3 18 21 140
30 101 80 91 M 0 26 M M M 10.5 15 140 M M 4 25 140
================================================================================
SM 2958 2249 0 661 1.07 M 188.9 M 66
================================================================================
AV 98.6 75.0 6.3 FASTST M M 2 MAX(MPH)
MISC ----> 18 90 36 0
================================================================================
NOTES:
# LAST OF SEVERAL OCCURRENCES
COLUMN 17 PEAK WIND IN M.P.H.
PRELIMINARY LOCAL CLIMATOLOGICAL DATA (WS FORM: F-6) , PAGE 2
STATION: PLEASANTON MUNICIPAL AIRPORT
MONTH: JUNE
YEAR: 2023
LATITUDE: 28 57 N
LONGITUDE: 98 31 W
[TEMPERATURE DATA] [PRECIPITATION DATA] SYMBOLS USED IN COLUMN 16
AVERAGE MONTHLY: 86.8 TOTAL FOR MONTH: 1.07 1 = FOG OR MIST
DPTR FM NORMAL: 0.0 DPTR FM NORMAL: M 2 = FOG REDUCING VISIBILITY
HIGHEST: 107 ON 20,19 GRTST 24HR 0.47 ON 5- 5 TO 1/4 MILE OR LESS
LOWEST: 65 ON 3 3 = THUNDER
SNOW, ICE PELLETS, HAIL 4 = ICE PELLETS
TOTAL MONTH: M 5 = HAIL
GRTST 24HR M ON M 6 = FREEZING RAIN OR DRIZZLE
GRTST DEPTH: M ON M 7 = DUSTSTORM OR SANDSTORM:
VSBY 1/2 MILE OR LESS
8 = SMOKE OR HAZE
[NO. OF DAYS WITH] [WEATHER - DAYS WITH] 9 = BLOWING SNOW
X = TORNADO
MAX 32 OR BELOW: 0 0.01 INCH OR MORE: 4
MAX 90 OR ABOVE: 28 0.10 INCH OR MORE: 4
MIN 32 OR BELOW: 0 0.50 INCH OR MORE: 0
MIN 0 OR BELOW: 0 1.00 INCH OR MORE: 0
[HDD (BASE 65) ]
TOTAL THIS MO. 0 CLEAR (SCALE 0-3) 22
DPTR FM NORMAL M PTCLDY (SCALE 4-7) 8
TOTAL FM JUL 1 1054 CLOUDY (SCALE 8-10) 0
DPTR FM NORMAL M
[CDD (BASE 65) ]
TOTAL THIS MO. 661
DPTR FM NORMAL M [PRESSURE DATA]
TOTAL FM JAN 1 1599 HIGHEST SLP M ON M
DPTR FM NORMAL M LOWEST SLP M ON M
[REMARKS]
#FINAL-06-23#