000
CXUS51 KPHI 010924
CLMPHL
CLIMATE REPORT
NATIONAL WEATHER SERVICE MOUNT HOLLY NJ
524 AM EDT WED NOV 01 2023
...................................
...THE PHILADELPHIA PA CLIMATE SUMMARY FOR THE MONTH OF OCTOBER 2023...
CLIMATE NORMAL PERIOD: 1991 TO 2020
CLIMATE RECORD PERIOD: 1872 TO 2023
WEATHER OBSERVED NORMAL DEPART LAST YEAR`S
VALUE DATE(S) VALUE FROM VALUE DATE(S)
NORMAL
................................................................
TEMPERATURE (F)
RECORD
HIGH 96 10/05/1941
LOW 25 10/24/1969
10/25/1962
HIGHEST 83 82 1 80
LOWEST 43 34 9 40
AVG. MAXIMUM 70.3 67.2 3.1 65.7
AVG. MINIMUM 52.6 49.2 3.4 48.6
MEAN 61.4 58.2 3.2 57.2
DAYS MAX >= 90 0 0.0 0.0 0
DAYS MAX <= 32 0 0.0 0.0 0
DAYS MIN <= 32 0 0.1 -0.1 0
DAYS MIN <= 0 0 0.0 0.0 0
PRECIPITATION (INCHES)
RECORD
MAXIMUM 8.68 2005
MINIMUM 0.09 1963
TOTALS 0.72 3.47 -2.75 5.80
DAILY AVG. 0.02 0.11 -0.09 0.19
DAYS >= .01 8 9.1 -1.1 13
DAYS >= .10 2 5.5 -3.5 7
DAYS >= .50 0 2.4 -2.4 5
DAYS >= 1.00 0 0.8 -0.8 1
GREATEST
24 HR. TOTAL 0.47 10/14 TO 10/15 2.02
SNOWFALL (INCHES)
RECORDS
TOTAL 2.1 1979
24 HR TOTAL MM
TOTALS 0.0 0.0 0.0 T
SINCE 7/1 0.0 0.0 0.0 MM
SNOWDEPTH AVG. 0 0
DAYS >= 1.0 0 0.0 0.0 0
GREATEST
SNOW DEPTH 0 0 MM
24 HR TOTAL MM MM
DEGREE DAYS
HEATING TOTAL 151 236 -85 238
SINCE 7/1 169 264 -95 MM
COOLING TOTAL 48 26 22 4
SINCE 1/1 1345 1358 -13 MM
................................................................
WIND (MPH)
AVERAGE WIND SPEED 7.3
HIGHEST WIND SPEED/DIRECTION 32/330 DATE 10/07
HIGHEST GUST SPEED/DIRECTION 41/330 DATE 10/07
SKY COVER
POSSIBLE SUNSHINE (PERCENT) MM
AVERAGE SKY COVER 0.51
NUMBER OF DAYS FAIR 8
NUMBER OF DAYS PC 14
NUMBER OF DAYS CLOUDY 9
AVERAGE RH (PERCENT) 67
WEATHER CONDITIONS. NUMBER OF DAYS WITH
THUNDERSTORM 0 MIXED PRECIP 0
HEAVY RAIN 1 RAIN 3
LIGHT RAIN 9 FREEZING RAIN 0
LT FREEZING RAIN 0 HEAVY SNOW 0
SNOW 0 LIGHT SNOW 0
SLEET 0 FOG 9
FOG W/VIS <= 1/4 MILE 0 HAZE 0
- INDICATES NEGATIVE NUMBERS.
R INDICATES RECORD WAS SET OR TIED.
MM INDICATES DATA IS MISSING.
T INDICATES TRACE AMOUNT.
$$