000
CXUS53 KUNR 010930
CF6PHP
PRELIMINARY LOCAL CLIMATOLOGICAL DATA (WS FORM: F-6)
STATION: PHILIP SD
MONTH: AUGUST
YEAR: 2022
LATITUDE: 44 3 N
LONGITUDE: 101 36 W
TEMPERATURE IN F: :PCPN: SNOW: WIND :SUNSHINE: SKY :PK WND
================================================================================
1 2 3 4 5 6A 6B 7 8 9 10 11 12 13 14 15 16 17 18
12Z AVG MX 2MIN
DY MAX MIN AVG DEP HDD CDD WTR SNW DPTH SPD SPD DIR MIN PSBL S-S WX SPD DR
================================================================================
1 105 57 81 5 0 16 0.00 M M 6.1 16 320 M M 0 23 160
2 105 60 83 7 0 18 T M M 8.4 28 360 M M 0 38 10
3 92 65 79 3 0 14 0.00 M M 7.9 15 360 M M 0 19 20
4 104 61 83 7 0 18 T M M 14.0 31 150 M M 0 44 160
5 109 60 85 9 0 20 0.03 M M 12.7 36 40 M M 1 3 49 40
6 83 59 71 -5 0 6 0.10 M M 12.9 25 40 M M 5 13 34 30
7 78 57 68 -7 0 3 0.19 M M 6.7 17 100 M M 6 13 22 120
8 94 52 73 -2 0 8 0.00 M M 5.6 15 90 M M 0 19 90
9 100 61 81 6 0 16 0.00 M M 7.1 18 60 M M 0 26 40
10 98 59 79 4 0 14 0.00 M M 11.2 21 110 M M 0 30 100
11 107 69 88 13 0 23 0.00 M M 12.2 22 170 M M 2 1 29 190
12 97 66 82 8 0 17 0.00 M M 11.5 21 360 M M 0 30 360
13 94 61 78 4 0 13 0.00 M M 8.2 18 120 M M 0 25 100
14 95 68 82 8 0 17 T M M 6.5 18 150 M M 1 26 140
15 88 58 73 -1 0 8 0.00 M M 9.4 22 80 M M 4 28 90
16 88 55 72 -2 0 7 0.00 M M 7.9 17 160 M M 3 12 22 160
17 95 59 77 4 0 12 0.00 M M 5.5 14 70 M M 0 19 170
18 91 57 74 1 0 9 0.00 M M 11.3 30 340 M M 0 42 350
19 86 57 72 -1 0 7 0.00 M M 11.7 23 330 M M 3 36 320
20 87 56 72 -1 0 7 T M M 6.6 16 80 M M 1 23 80
21 96 57 77 5 0 12 0.00 M M 7.9 20 110 M M 0 29 120
22 101 65 83 11 0 18 0.00 M M 7.2 32 60 M M 1 47 60
23 95 61 78 6 0 13 0.00 M M 7.5 25 60 M M 1 3 35 40
24 89 62 76 4 0 11 0.01 M M 4.9 16 140 M M 2 3 20 50
25 79 62 71 0 0 6 0.18 M M 11.7 20 70 M M 4 1 28 110
26 77 61 69 -2 0 4 2.30 M M 10.5 43 290 M M 7 1 56 300
27 93 60 77 6 0 12 0.00 M M 7.8 15 170 M M 0 20 170
28 86 59 73 3 0 8 0.00 M M 11.5 28 340 M M 0 37 340
29 87 54 71 1 0 6 0.00 M M 8.6 21 320 M M 0 35 340
30 93 50 72 2 0 7 0.00 M M 5.8 14 70 M M 0 18 60
31 94 54 74 5 0 9 0.00 M M 4.3 12 60 M M 0 15 150
================================================================================
SM 2886 1842 0 359 2.81 M 271.1 M 41
================================================================================
AV 93.1 59.4 8.7 FASTST M M 1 MAX(MPH)
MISC ----> 43 290 56 300
================================================================================
NOTES:
# LAST OF SEVERAL OCCURRENCES
COLUMN 17 PEAK WIND IN M.P.H.
PRELIMINARY LOCAL CLIMATOLOGICAL DATA (WS FORM: F-6) , PAGE 2
STATION: PHILIP SD
MONTH: AUGUST
YEAR: 2022
LATITUDE: 44 3 N
LONGITUDE: 101 36 W
[TEMPERATURE DATA] [PRECIPITATION DATA] SYMBOLS USED IN COLUMN 16
AVERAGE MONTHLY: 76.3 TOTAL FOR MONTH: 2.81 1 = FOG OR MIST
DPTR FM NORMAL: 3.1 DPTR FM NORMAL: 1.33 2 = FOG REDUCING VISIBILITY
HIGHEST: 109 ON 5 GRTST 24HR 2.48 ON 25-26 TO 1/4 MILE OR LESS
LOWEST: 50 ON 30 3 = THUNDER
SNOW, ICE PELLETS, HAIL 4 = ICE PELLETS
TOTAL MONTH: M 5 = HAIL
GRTST 24HR M ON M 6 = FREEZING RAIN OR DRIZZLE
GRTST DEPTH: M ON M 7 = DUSTSTORM OR SANDSTORM:
VSBY 1/2 MILE OR LESS
8 = SMOKE OR HAZE
[NO. OF DAYS WITH] [WEATHER - DAYS WITH] 9 = BLOWING SNOW
X = TORNADO
MAX 32 OR BELOW: 0 0.01 INCH OR MORE: 6
MAX 90 OR ABOVE: 20 0.10 INCH OR MORE: 4
MIN 32 OR BELOW: 0 0.50 INCH OR MORE: 1
MIN 0 OR BELOW: 0 1.00 INCH OR MORE: 1
[HDD (BASE 65) ]
TOTAL THIS MO. 0 CLEAR (SCALE 0-3) 26
DPTR FM NORMAL -15 PTCLDY (SCALE 4-7) 5
TOTAL FM JUL 1 0 CLOUDY (SCALE 8-10) 0
DPTR FM NORMAL -18
[CDD (BASE 65) ]
TOTAL THIS MO. 359
DPTR FM NORMAL 88 [PRESSURE DATA]
TOTAL FM JAN 1 863 HIGHEST SLP 30.17 ON 30
DPTR FM NORMAL 123 LOWEST SLP 29.43 ON 28
[REMARKS]
#FINAL-08-22#