527
CXUS56 KLOX 011255
CF6PMD
PRELIMINARY LOCAL CLIMATOLOGICAL DATA (WS FORM: F-6)
STATION: PALMDALE AIRPORT CA
MONTH: FEBRUARY
YEAR: 2021
LATITUDE: 34 37 N
LONGITUDE: 118 5 W
TEMPERATURE IN F: :PCPN: SNOW: WIND :SUNSHINE: SKY :PK WND
================================================================================
1 2 3 4 5 6A 6B 7 8 9 10 11 12 13 14 15 16 17 18
12Z AVG MX 2MIN
DY MAX MIN AVG DEP HDD CDD WTR SNW DPTH SPD SPD DIR MIN PSBL S-S WX SPD DR
================================================================================
1 59 44 52 6 13 0 T M M 2.6 8 280 M M 7 9 280
2 70 40 55 9 10 0 0.00 M M 6.1 24 220 M M 2 27 220
3 65 34 50 3 15 0 0.00 M M 12.6 35 290 M M 0 1 41 290
4 60 30 45 -2 20 0 0.00 M M 6.6 20 50 M M 0 25 290
5 65 30 48 1 17 0 0.00 M M 4.2 14 280 M M 0 14 280
6 69 30 50 3 15 0 0.00 M M 4.4 10 190 M M 0 14 20
7 71 33 52 5 13 0 0.00 M M 3.7 13 200 M M 0 14 220
8 71 40 56 9 9 0 0.00 M M 9.8 23 220 M M 0 27 220
9 66 45 56 8 9 0 0.00 M M 9.0 18 230 M M 1 22 220
10 67 39 53 5 12 0 0.00 M M 8.0 20 290 M M 0 8 23 290
11 71 35 53 5 12 0 0.00 M M 8.6 25 220 M M 0 8 30 220
12 57 40 49 1 16 0 0.05 M M 14.2 32 270 M M 1 1 41 270
13 60 41 51 3 14 0 0.00 M M 22.0 43 280 M M 1 8 50 280
14 58 41 50 2 15 0 0.00 M M 12.5 29 270 M M 1 35 320
15 63 38 51 2 14 0 0.00 M M 18.9 41 260 M M 0 8 47 260
16 59 43 51 2 14 0 0.00 M M 15.4 35 260 M M 0 42 290
17 58 31 45 -4 20 0 0.00 M M 9.9 23 350 M M 0 27 360
18 58 29 44 -5 21 0 0.00 M M 7.8 21 70 M M 0 26 60
19 70 33 52 3 13 0 0.00 M M 9.1 29 270 M M 0 33 280
20 54 32 43 -7 22 0 0.00 M M 16.2 33 270 M M 0 40 290
21 62 27 45 -5 20 0 0.00 M M 8.0 21 60 M M 0 32 80
22 68 30 49 -1 16 0 0.00 M M 7.3 23 50 M M 0 28 50
23 74 33 54 4 11 0 0.00 M M 6.5 17 40 M M 0 19 30
24 74 36 55 5 10 0 0.00 M M 12.0 32 290 M M 0 8 38 290
25 58 32 45 -5 20 0 0.00 M M 11.8 24 70 M M 1 29 80
26 72 28 50 -1 15 0 0.00 M M 13.6 40 280 M M 0 49 280
27 61 32 47 -4 18 0 0.00 M M 15.0 28 270 M M 0 33 290
28 58 29 44 -7 21 0 0.00 M M 12.0 23 90 M M 0 28 80
================================================================================
SM 1798 975 425 0 0.05 M 287.8 M 14
================================================================================
AV 64.2 34.8 10.3 FASTST M M 1 MAX(MPH)
MISC ----> 43 280 50 280
================================================================================
NOTES:
# LAST OF SEVERAL OCCURRENCES
COLUMN 17 PEAK WIND IN M.P.H.
PRELIMINARY LOCAL CLIMATOLOGICAL DATA (WS FORM: F-6) , PAGE 2
STATION: PALMDALE AIRPORT CA
MONTH: FEBRUARY
YEAR: 2021
LATITUDE: 34 37 N
LONGITUDE: 118 5 W
[TEMPERATURE DATA] [PRECIPITATION DATA] SYMBOLS USED IN COLUMN 16
AVERAGE MONTHLY: 49.5 TOTAL FOR MONTH: 0.05 1 = FOG OR MIST
DPTR FM NORMAL: 1.0 DPTR FM NORMAL: -1.67 2 = FOG REDUCING VISIBILITY
HIGHEST: 74 ON 24,23 GRTST 24HR 0.05 ON 12-12 TO 1/4 MILE OR LESS
LOWEST: 27 ON 21 3 = THUNDER
SNOW, ICE PELLETS, HAIL 4 = ICE PELLETS
TOTAL MONTH: M 5 = HAIL
GRTST 24HR M ON M 6 = FREEZING RAIN OR DRIZZLE
GRTST DEPTH: M ON M 7 = DUSTSTORM OR SANDSTORM:
VSBY 1/2 MILE OR LESS
8 = SMOKE OR HAZE
[NO. OF DAYS WITH] [WEATHER - DAYS WITH] 9 = BLOWING SNOW
X = TORNADO
MAX 32 OR BELOW: 0 0.01 INCH OR MORE: 1
MAX 90 OR ABOVE: 0 0.10 INCH OR MORE: 0
MIN 32 OR BELOW: 12 0.50 INCH OR MORE: 0
MIN 0 OR BELOW: 0 1.00 INCH OR MORE: 0
[HDD (BASE 65) ]
TOTAL THIS MO. 425 CLEAR (SCALE 0-3) 27
DPTR FM NORMAL -36 PTCLDY (SCALE 4-7) 1
TOTAL FM JUL 1 1988 CLOUDY (SCALE 8-10) 0
DPTR FM NORMAL -256
[CDD (BASE 65) ]
TOTAL THIS MO. 0
DPTR FM NORMAL 0 [PRESSURE DATA]
TOTAL FM JAN 1 0 HIGHEST SLP 30.47 ON 21
DPTR FM NORMAL 0 LOWEST SLP 29.80 ON 12
[REMARKS]
#FINAL-02-21#