000
CXUS54 KMOB 010631
CF6PNS
PRELIMINARY LOCAL CLIMATOLOGICAL DATA (WS FORM: F-6)
STATION: PENSACOLA
MONTH: OCTOBER
YEAR: 2022
LATITUDE: 30 28 N
LONGITUDE: 87 12 W
TEMPERATURE IN F: :PCPN: SNOW: WIND :SUNSHINE: SKY :PK WND
================================================================================
1 2 3 4 5 6A 6B 7 8 9 10 11 12 13 14 15 16 17 18
12Z AVG MX 2MIN
DY MAX MIN AVG DEP HDD CDD WTR SNW DPTH SPD SPD DIR MIN PSBL S-S WX SPD DR
================================================================================
1 86 60 73 -4 0 8 0.00 0.0 0 8.8 16 330 M M 0 22 330
2 89 60 75 -1 0 10 0.00 0.0 0 9.7 16 330 M M 0 24 310
3 81 63 72 -4 0 7 0.00 0.0 0 5.6 10 160 M M 1 17 50
4 81 64 73 -3 0 8 0.00 0.0 0 5.4 16 100 M M 0 22 110
5 86 60 73 -2 0 8 0.00 0.0 0 5.2 13 350 M M 2 8 20 320
6 87 58 73 -2 0 8 0.00 0.0 0 6.6 15 190 M M 0 20 210
7 89 59 74 -1 0 9 0.00 0.0 0 4.6 12 230 M M 0 16 180
8 88 66 77 3 0 12 0.00 0.0 0 9.5 17 350 M M 0 22 360
9 82 60 71 -3 0 6 0.00 0.0 0 8.1 14 350 M M 0 22 360
10 83 60 72 -2 0 7 0.00 0.0 0 7.8 18 350 M M 0 24 340
11 83 61 72 -1 0 7 0.00 0.0 0 7.7 14 130 M M 0 19 130
12 85 72 79 6 0 14 0.08 0.0 0 7.1 15 220 M M 3 13 23 180
13 86 64 75 3 0 10 0.06 0.0 0 5.2 20 20 M M 2 13 34 40
14 83 62 73 1 0 8 0.00 0.0 0 5.9 14 200 M M 0 19 190
15 85 57 71 -1 0 6 0.00 0.0 0 3.9 10 160 M M 0 14 160
16 87 59 73 2 0 8 0.00 0.0 0 4.7 12 160 M M 0 16 160
17 86 63 75 4 0 10 0.00 0.0 0 8.9 17 360 M M 4 12 26 350
18 66 46 56 -15 9 0 0.00 0.0 0 13.5 22 340 M M 0 31 340
19 67 41 54 -16 11 0 0.00 0.0 0 7.8 14 340 M M 0 21 360
20 68 40 54 -16 11 0 0.00 0.0 0 6.0 17 170 M M 0 22 180
21 75 45 60 -10 5 0 0.00 0.0 0 4.5 13 140 M M 0 17 190
22 76 52 64 -5 1 0 0.00 0.0 0 3.7 10 170 M M 0 16 140
23 79 53 66 -3 0 1 0.00 0.0 0 4.4 10 120 M M 0 15 110
24 81 59 70 2 0 5 0.00 0.0 0 8.4 15 120 M M 1 21 100
25 81 65 73 5 0 8 0.39 0.0 0 10.8 17 190 M M 7 1 25 190
26 76 55 66 -2 0 1 0.00 0.0 0 10.2 17 350 M M 0 25 350
27 74 52 63 -4 2 0 0.00 0.0 0 4.6 10 60 M M 0 16 30
28 77 56 67 0 0 2 0.00 0.0 0 6.8 16 150 M M 4 21 140
29 73 67 70 3 0 5 0.09 0.0 0 14.1 22 110 M M 9 1 31 120
30 76 60 68 2 0 3 0.53 0.0 0 7.9 20 120 M M 8 1 26 120
31 77 56 67 1 0 2 0.00 0.0 0 4.0 10 160 M M 2 18 14 190
================================================================================
SM 2493 1795 39 173 1.15 0.0 221.4 M 43
================================================================================
AV 80.4 57.9 7.1 FASTST M M 1 MAX(MPH)
MISC ----> # 22 340 34 40
================================================================================
NOTES:
# LAST OF SEVERAL OCCURRENCES
COLUMN 17 PEAK WIND IN M.P.H.
PRELIMINARY LOCAL CLIMATOLOGICAL DATA (WS FORM: F-6) , PAGE 2
STATION: PENSACOLA
MONTH: OCTOBER
YEAR: 2022
LATITUDE: 30 28 N
LONGITUDE: 87 12 W
[TEMPERATURE DATA] [PRECIPITATION DATA] SYMBOLS USED IN COLUMN 16
AVERAGE MONTHLY: 69.2 TOTAL FOR MONTH: 1.15 1 = FOG OR MIST
DPTR FM NORMAL: -2.1 DPTR FM NORMAL: -3.55 2 = FOG REDUCING VISIBILITY
HIGHEST: 89 ON 7, 2 GRTST 24HR 0.56 ON 29-30 TO 1/4 MILE OR LESS
LOWEST: 40 ON 20 3 = THUNDER
SNOW, ICE PELLETS, HAIL 4 = ICE PELLETS
TOTAL MONTH: 0.0 INCH 5 = HAIL
GRTST 24HR 0.0 6 = FREEZING RAIN OR DRIZZLE
GRTST DEPTH: 0 7 = DUSTSTORM OR SANDSTORM:
VSBY 1/2 MILE OR LESS
8 = SMOKE OR HAZE
[NO. OF DAYS WITH] [WEATHER - DAYS WITH] 9 = BLOWING SNOW
X = TORNADO
MAX 32 OR BELOW: 0 0.01 INCH OR MORE: 5
MAX 90 OR ABOVE: 0 0.10 INCH OR MORE: 2
MIN 32 OR BELOW: 0 0.50 INCH OR MORE: 1
MIN 0 OR BELOW: 0 1.00 INCH OR MORE: 0
[HDD (BASE 65) ]
TOTAL THIS MO. 39 CLEAR (SCALE 0-3) 26
DPTR FM NORMAL 12 PTCLDY (SCALE 4-7) 4
TOTAL FM JUL 1 39 CLOUDY (SCALE 8-10) 1
DPTR FM NORMAL 14
[CDD (BASE 65) ]
TOTAL THIS MO. 173
DPTR FM NORMAL -51 [PRESSURE DATA]
TOTAL FM JAN 1 3088 HIGHEST SLP M ON M
DPTR FM NORMAL 220 LOWEST SLP 29.83 ON 17
[REMARKS]
#FINAL-10-22#