000
CXUS55 KPAH 010800
CF6POF
PRELIMINARY LOCAL CLIMATOLOGICAL DATA (WS FORM: F-6)
STATION: POPLAR BLUFF MO
MONTH: NOVEMBER
YEAR: 2020
LATITUDE: 36 46 N
LONGITUDE: 90 19 W
TEMPERATURE IN F: :PCPN: SNOW: WIND :SUNSHINE: SKY :PK WND
================================================================================
1 2 3 4 5 6A 6B 7 8 9 10 11 12 13 14 15 16 17 18
12Z AVG MX 2MIN
DY MAX MIN AVG DEP HDD CDD WTR SNW DPTH SPD SPD DIR MIN PSBL S-S WX SPD DR
================================================================================
1 60 34 47 -6 18 0 0.00 M M 7.6 23 350 M M 0 29 360
2 55 28 42 -11 23 0 0.00 M M 3.5 14 210 M M 0 18 190
3 69 36 53 0 12 0 0.00 M M 5.0 14 200 M M 0 18 200
4 74 38 56 4 9 0 0.00 M M 3.5 15 200 M M 0 1 21 180
5 70 43 57 5 8 0 0.00 M M 2.2 15 200 M M 0 8 21 190
6 71 40 56 5 9 0 0.00 M M 2.1 9 150 M M 0 1 14 160
7 76 43 60 9 5 0 0.00 M M 2.5 12 150 M M 2 15 170
8 77 59 68 17 0 3 0.05 M M 5.1 13 160 M M 5 1 19 150
9 75 63 69 19 0 4 0.00 M M 7.4 15 170 M M 7 22 170
10 80 57 69 19 0 4 T M M 9.8 23 210 M M 9 34 210
11 60 41 51 2 14 0 0.06 M M 8.2 16 360 M M 3 22 360
12 62 36 49 0 16 0 0.00 M M 3.7 12 310 M M 3 8 14 80
13 57 42 50 2 15 0 0.00 M M 5.6 14 350 M M 0 19 360
14 71 42 57 9 8 0 0.03 M M 9.1 24 190 M M 9 3 36 190
15 70 39 55 7 10 0 0.56 M M 10.2 31 260 M M 2 138 51 260
16 62 33 48 1 17 0 0.00 M M 4.7 17 210 M M 0 24 210
17 57 36 47 0 18 0 0.00 M M 4.0 14 10 M M 0 17 360
18 58 31 45 -1 20 0 0.00 M M 4.6 13 160 M M 0 18 170
19 67 45 56 10 9 0 0.00 M M 11.2 25 220 M M 0 36 230
20 71 48 60 14 5 0 0.00 M M 7.1 16 210 M M 3 1 21 220
21 57 50 54 9 11 0 0.14 M M 4.8 13 20 M M 10 1 16 20
22 53 36 45 0 20 0 0.41 M M 7.7 21 350 M M 8 1 27 360
23 55 31 43 -1 22 0 0.00 M M 1.5 7 160 M M 0 18 10 160
24 56 38 47 3 18 0 0.51 M M 4.9 17 160 M M 2 1 22 180
25 60 47 54 11 11 0 0.83 M M 10.0 22 300 M M 9 1 34 210
26 54 40 47 4 18 0 0.00 M M 4.1 10 290 M M 6 14 280
27 60 36 48 5 17 0 0.00 M M 4.0 16 10 M M 2 20 360
28 53 31 42 0 23 0 0.00 M M 1.8 9 40 M M 0 8 13 60
29 49 28 39 -3 26 0 T M M 6.1 28 360 M M 4 40 350
30 41 26 34 -7 31 0 0.00 M M 12.7 26 330 M M 6 35 340
================================================================================
SM 1880 1197 413 11 2.59 M 174.7 M 90
================================================================================
AV 62.7 39.9 5.8 FASTST M M 3 MAX(MPH)
MISC ----> 31 260 51 260
================================================================================
NOTES:
# LAST OF SEVERAL OCCURRENCES
COLUMN 17 PEAK WIND IN M.P.H.
PRELIMINARY LOCAL CLIMATOLOGICAL DATA (WS FORM: F-6) , PAGE 2
STATION: POPLAR BLUFF MO
MONTH: NOVEMBER
YEAR: 2020
LATITUDE: 36 46 N
LONGITUDE: 90 19 W
[TEMPERATURE DATA] [PRECIPITATION DATA] SYMBOLS USED IN COLUMN 16
AVERAGE MONTHLY: 51.3 TOTAL FOR MONTH: 2.59 1 = FOG OR MIST
DPTR FM NORMAL: 3.9 DPTR FM NORMAL: -2.37 2 = FOG REDUCING VISIBILITY
HIGHEST: 80 ON 10 GRTST 24HR 1.34 ON 24-25 TO 1/4 MILE OR LESS
LOWEST: 26 ON 30 3 = THUNDER
SNOW, ICE PELLETS, HAIL 4 = ICE PELLETS
TOTAL MONTH: M 5 = HAIL
GRTST 24HR M ON M 6 = FREEZING RAIN OR DRIZZLE
GRTST DEPTH: M ON M 7 = DUSTSTORM OR SANDSTORM:
VSBY 1/2 MILE OR LESS
8 = SMOKE OR HAZE
[NO. OF DAYS WITH] [WEATHER - DAYS WITH] 9 = BLOWING SNOW
X = TORNADO
MAX 32 OR BELOW: 0 0.01 INCH OR MORE: 8
MAX 90 OR ABOVE: 0 0.10 INCH OR MORE: 5
MIN 32 OR BELOW: 6 0.50 INCH OR MORE: 3
MIN 0 OR BELOW: 0 1.00 INCH OR MORE: 0
[HDD (BASE 65) ]
TOTAL THIS MO. 413 CLEAR (SCALE 0-3) 19
DPTR FM NORMAL -116 PTCLDY (SCALE 4-7) 7
TOTAL FM JUL 1 714 CLOUDY (SCALE 8-10) 4
DPTR FM NORMAL -69
[CDD (BASE 65) ]
TOTAL THIS MO. 11
DPTR FM NORMAL 10 [PRESSURE DATA]
TOTAL FM JAN 1 1598 HIGHEST SLP M ON M
DPTR FM NORMAL 36 LOWEST SLP 29.58 ON 15
[REMARKS]
#FINAL-11-20#