000
CXUS55 KALY 010810
CF6POU
PRELIMINARY LOCAL CLIMATOLOGICAL DATA (WS FORM: F-6)
STATION: POUGHKEEPSIE NY
MONTH: FEBRUARY
YEAR: 2024
LATITUDE: 41 37 N
LONGITUDE: 73 53 W
TEMPERATURE IN F: :PCPN: SNOW: WIND :SUNSHINE: SKY :PK WND
================================================================================
1 2 3 4 5 6A 6B 7 8 9 10 11 12 13 14 15 16 17 18
12Z AVG MX 2MIN
DY MAX MIN AVG DEP HDD CDD WTR SNW DPTH SPD SPD DIR MIN PSBL S-S WX SPD DR
================================================================================
1 43 27 35 8 30 0 0.00 M M 2.6 10 250 M M 9 18 16 240
2 41 34 38 11 27 0 0.07 M M 6.7 17 10 M M 9 18 25 10
3 40 29 35 8 30 0 0.00 M M 10.5 21 20 M M 2 30 10
4 44 23 34 7 31 0 0.00 M M 4.8 13 20 M M 0 20 20
5 41 23 32 5 33 0 0.00 M M 9.7 22 10 M M 0 32 20
6 41 22 32 5 33 0 0.00 M M 5.0 13 10 M M 0 18 30
7 47 20 34 6 31 0 0.00 M M 1.4 7 340 M M 2 11 340
8 53 25 39 11 26 0 0.00 M M 1.3 9 170 M M 0 12 160
9 56 33 45 17 20 0 0.00 M M 4.4 12 160 M M 2 20 140
10 59 29 44 16 21 0 0.03 M M 3.6 18 310 M M 2 12 28 330
11 49 28 39 11 26 0 0.00 M M 2.7 12 350 M M 0 12 16 360
12 40 22 31 3 34 0 0.00 M M 0.8 7 330 M M 6 12 20
13 39 20 30 1 35 0 0.42 M M 4.9 17 350 M M 7 12 31 340
14 34 24 29 0 36 0 0.00 M M 11.9 22 290 M M 2 34 290
15 38 13 26 -3 39 0 T M M 4.1 13 230 M M 3 1 19 190
16 39 28 34 5 31 0 T M M 13.0 30 270 M M 4 47 310
17 35 22 29 -1 36 0 0.06 M M 5.0 21 270 M M 7 18 30 280
18 37 16 27 -3 38 0 0.00 M M 7.8 20 240 M M 4 29 250
19 38 20 29 -1 36 0 0.00 M M 6.6 15 340 M M 1 21 320
20 38 12 25 -5 40 0 0.00 M M 1.0 9 260 M M 0 18 12 260
21 38 14 26 -4 39 0 0.00 M M 2.3 12 140 M M 3 19 170
22 45 24 35 4 30 0 0.10 M M 3.7 13 190 M M 7 1 18 190
23 49 31 40 9 25 0 0.18 M M 1.7 7 360 M M 7 1 10 360
24 37 22 30 -1 35 0 0.00 M M 7.2 18 20 M M 3 12 24 20
25 40 14 27 -5 38 0 0.00 M M 4.3 13 10 M M 0 17 10
26 59 31 45 13 20 0 0.00 M M 4.4 10 220 M M 3 21 220
27 62 28 45 13 20 0 0.16 M M 4.3 10 170 M M 2 1 21 170
28 60 38 49 17 16 0 0.41 M M 8.5 29 270 M M 10 1 43 290
29 38 27 33 0 32 0 0.00 M M 15.0 23 300 M M 2 44 290
================================================================================
SM 1280 699 888 0 1.43 M 159.2 M 97
================================================================================
AV 44.1 24.1 5.5 FASTST M M 3 MAX(MPH)
MISC ----> 30 270 47 310
================================================================================
NOTES:
# LAST OF SEVERAL OCCURRENCES
COLUMN 17 PEAK WIND IN M.P.H.
PRELIMINARY LOCAL CLIMATOLOGICAL DATA (WS FORM: F-6) , PAGE 2
STATION: POUGHKEEPSIE NY
MONTH: FEBRUARY
YEAR: 2024
LATITUDE: 41 37 N
LONGITUDE: 73 53 W
[TEMPERATURE DATA] [PRECIPITATION DATA] SYMBOLS USED IN COLUMN 16
AVERAGE MONTHLY: 34.1 TOTAL FOR MONTH: 1.43 1 = FOG OR MIST
DPTR FM NORMAL: 4.9 DPTR FM NORMAL: -0.78 2 = FOG REDUCING VISIBILITY
HIGHEST: 62 ON 27 GRTST 24HR 0.42 ON 13-13 TO 1/4 MILE OR LESS
LOWEST: 12 ON 20 3 = THUNDER
SNOW, ICE PELLETS, HAIL 4 = ICE PELLETS
TOTAL MONTH: M 5 = HAIL
GRTST 24HR M ON M 6 = FREEZING RAIN OR DRIZZLE
GRTST DEPTH: M ON M 7 = DUSTSTORM OR SANDSTORM:
VSBY 1/2 MILE OR LESS
8 = SMOKE OR HAZE
[NO. OF DAYS WITH] [WEATHER - DAYS WITH] 9 = BLOWING SNOW
X = TORNADO
MAX 32 OR BELOW: 0 0.01 INCH OR MORE: 8
MAX 90 OR ABOVE: 0 0.10 INCH OR MORE: 5
MIN 32 OR BELOW: 26 0.50 INCH OR MORE: 0
MIN 0 OR BELOW: 0 1.00 INCH OR MORE: 0
[HDD (BASE 65) ]
TOTAL THIS MO. 888 CLEAR (SCALE 0-3) 18
DPTR FM NORMAL -114 PTCLDY (SCALE 4-7) 8
TOTAL FM JUL 1 3863 CLOUDY (SCALE 8-10) 3
DPTR FM NORMAL -623
[CDD (BASE 65) ]
TOTAL THIS MO. 0
DPTR FM NORMAL 0 [PRESSURE DATA]
TOTAL FM JAN 1 0 HIGHEST SLP 30.51 ON 21
DPTR FM NORMAL 0 LOWEST SLP 29.37 ON 28
[REMARKS]
#FINAL-02-24#