000
CXUS51 KALY 040702
CLAPOU
CLIMATE REPORT...CORRECTED
NATIONAL WEATHER SERVICE ALBANY NY
202 AM EST WED JAN 04 2023
...................................
...THE POUGHKEEPSIE NY CLIMATE SUMMARY FOR THE YEAR OF 2022...
CLIMATE NORMAL PERIOD: 1991 TO 2020
CLIMATE RECORD PERIOD: 1931 TO 2023
WEATHER OBSERVED NORMAL DEPART LAST YEAR`S
VALUE DATE(S) VALUE FROM VALUE DATE(S)
NORMAL
................................................................
TEMPERATURE (F)
RECORD
HIGH 104 08/01/1933
LOW -30 01/21/1961
HIGHEST 99 08/04 98 06/30
LOWEST -3 01/30 0 02/12
AVG. MAXIMUM 62.9 61.0 1.9 62.6
AVG. MINIMUM 40.5 40.0 0.5 42.0
MEAN 51.7 50.5 1.2 52.3
DAYS MAX >= 90 34 18.6 15.4 20
DAYS MAX <= 32 25 26.5 -1.5 21
DAYS MIN <= 32 134 135.4 -1.4 127
DAYS MIN <= 0 3 4.2 -1.2 1
PRECIPITATION (INCHES)
RECORD
MAXIMUM 62.01 2011
MINIMUM 24.52 1964
TOTALS 35.24 41.90 -6.66 43.74
DAILY AVG. 0.10 0.12
DAYS >= .01 124 132.3 -8.3 137
DAYS >= .10 81 77.2 3.8 71
DAYS >= .50 22 26.8 -4.8 23
DAYS >= 1.00 6 9.2 -3.2 10
GREATEST
24 HR. TOTAL 2.38 09/05 TO 09/06
DEGREE DAYS
HEATING TOTAL 5675 5995 -320 5370
SINCE 7/1 2044 2245 -201 1834
COOLING TOTAL 1001 745 256 905
SINCE 1/1 1001 744 257 905
................................................................
WIND (MPH)
AVERAGE WIND SPEED 4.9
HIGHEST WIND SPEED/DIRECTION 35/240 DATE 12/23
HIGHEST GUST SPEED/DIRECTION 45/260 DATE 03/07
WEATHER CONDITIONS. NUMBER OF DAYS WITH
THUNDERSTORM 20 MIXED PRECIP 0
HEAVY RAIN 28 RAIN 57
LIGHT RAIN 111 FREEZING RAIN 2
LT FREEZING RAIN 5 HAIL 0
HEAVY SNOW 5 SNOW 11
LIGHT SNOW 25 SLEET 0
FOG 175 FOG W/VIS <= 1/4 MILE 42
HAZE 90
- INDICATES NEGATIVE NUMBERS.
R INDICATES RECORD WAS SET OR TIED.
MM INDICATES DATA IS MISSING.
T INDICATES TRACE AMOUNT.
$$