000
CXUS56 KPDT 021647
CF6PSC
PRELIMINARY LOCAL CLIMATOLOGICAL DATA (WS FORM: F-6)
STATION: PASCO WA
MONTH: DECEMBER
YEAR: 2021
LATITUDE: 46 16 N
LONGITUDE: 119 7 W
TEMPERATURE IN F: :PCPN: SNOW: WIND :SUNSHINE: SKY :PK WND
================================================================================
1 2 3 4 5 6A 6B 7 8 9 10 11 12 13 14 15 16 17 18
12Z AVG MX 2MIN
DY MAX MIN AVG DEP HDD CDD WTR SNW DPTH SPD SPD DIR MIN PSBL S-S WX SPD DR
================================================================================
1 71 56 64 28 1 0 0.00 M M 11.3 29 230 M M 0 35 230
2 62 38 50 14 15 0 0.00 M M 4.6 17 230 M M 0 24 240
3 50 29 40 4 25 0 0.00 M M 3.9 12 350 M M 3 15 340
4 46 32 39 3 26 0 T M M 3.8 12 310 M M 6 15 310
5 47 28 38 2 27 0 T M M 4.5 18 330 M M 4 29 340
6 43 32 38 3 27 0 T M M 5.2 12 10 M M 8 15 350
7 42 37 40 5 25 0 0.01 M M 2.4 10 340 M M 10 1 12 340
8 56 27 42 7 23 0 0.01 M M 8.8 30 230 M M 2 1 40 220
9 46 22 34 -1 31 0 0.00 M M 8.5 23 240 M M 3 32 230
10 50 26 38 3 27 0 0.00 M M 11.2 24 200 M M 5 34 210
11 57 48 53 19 12 0 T M M 18.9 39 210 M M 6 8 51 210
12 48 34 41 7 24 0 T M M 9.7 22 230 M M 6 32 230
13 45 28 37 3 28 0 T M M 5.6 26 280 M M 5 34 280
14 46 32 39 5 26 0 0.00 M M 10.5 16 220 M M 1 M M
15 46 27 37 3 28 0 T M M M M M M M M M M
16 44 32 38 4 27 0 0.02 M M 6.3 17 220 M M 9 1 22 210
17 42 28 35 1 30 0 0.00 M M 3.8 9 340 M M 6 11 60
18 49 29 39 5 26 0 0.11 M M 5.2 14 10 M M 9 1 18 190
19 44 32 38 4 27 0 0.69 M M 6.9 16 360 M M 10 1 19 360
20 33 30 32 -1 33 0 0.03 M M 5.0 13 330 M M 10 1 15 330
21 32 28 30 -3 35 0 0.00 M M 4.1 12 350 M M 10 14 360
22 46 32 39 6 26 0 0.03 M M 4.9 15 200 M M 5 1 19 190
23 46 34 40 7 25 0 0.00 M M 15.6 32 230 M M 4 43 230
24 48 38 43 10 22 0 0.00 M M 10.9 22 210 M M 3 29 210
25 46 32 39 6 26 0 0.00 M M 7.9 23 220 M M 1 30 220
26 39 17 28 -5 37 0 T M M 10.4 24 250 M M 6 33 250
27 22 14 18 -15 47 0 T M M 7.2 17 350 M M 5 22 350
28 21 14 18 -15 47 0 0.01 M M 6.9 15 350 M M 10 1 17 350
29 24 16 20 -13 45 0 T M M 9.9 22 340 M M 7 18 27 350
30 24 17 21 -12 44 0 0.09 M M 7.9 23 320 M M 10 18 29 310
31 24 -5 10 -23 55 0 T M M 4.0 15 320 M M 5 19 330
================================================================================
SM 1339 884 897 0 1.00 M 225.8 M 169
================================================================================
AV 43.2 28.5 7.5 FASTST M M 6 MAX(MPH)
MISC ----> 39 210 51 210
================================================================================
NOTES:
# LAST OF SEVERAL OCCURRENCES
COLUMN 17 PEAK WIND IN M.P.H.
PRELIMINARY LOCAL CLIMATOLOGICAL DATA (WS FORM: F-6) , PAGE 2
STATION: PASCO WA
MONTH: DECEMBER
YEAR: 2021
LATITUDE: 46 16 N
LONGITUDE: 119 7 W
[TEMPERATURE DATA] [PRECIPITATION DATA] SYMBOLS USED IN COLUMN 16
AVERAGE MONTHLY: 35.9 TOTAL FOR MONTH: 1.00 1 = FOG OR MIST
DPTR FM NORMAL: 1.8 DPTR FM NORMAL: -0.03 2 = FOG REDUCING VISIBILITY
HIGHEST: 71 ON 1 GRTST 24HR 0.79 ON 18-19 TO 1/4 MILE OR LESS
LOWEST: -5 ON 31 3 = THUNDER
SNOW, ICE PELLETS, HAIL 4 = ICE PELLETS
TOTAL MONTH: M 5 = HAIL
GRTST 24HR M ON M 6 = FREEZING RAIN OR DRIZZLE
GRTST DEPTH: M ON M 7 = DUSTSTORM OR SANDSTORM:
VSBY 1/2 MILE OR LESS
8 = SMOKE OR HAZE
[NO. OF DAYS WITH] [WEATHER - DAYS WITH] 9 = BLOWING SNOW
X = TORNADO
MAX 32 OR BELOW: 6 0.01 INCH OR MORE: 9
MAX 90 OR ABOVE: 0 0.10 INCH OR MORE: 2
MIN 32 OR BELOW: 24 0.50 INCH OR MORE: 1
MIN 0 OR BELOW: 1 1.00 INCH OR MORE: 0
[HDD (BASE 65) ]
TOTAL THIS MO. 897 CLEAR (SCALE 0-3) 7
DPTR FM NORMAL -59 PTCLDY (SCALE 4-7) 14
TOTAL FM JUL 1 1824 CLOUDY (SCALE 8-10) 10
DPTR FM NORMAL -356
[CDD (BASE 65) ]
TOTAL THIS MO. 0
DPTR FM NORMAL 0 [PRESSURE DATA]
TOTAL FM JAN 1 1252 HIGHEST SLP 30.57 ON 5
DPTR FM NORMAL 464 LOWEST SLP 29.31 ON 24
[REMARKS]
#FINAL-12-21#