000
CXUS54 KFWD 010730
CF6PSN
PRELIMINARY LOCAL CLIMATOLOGICAL DATA (WS FORM: F-6)
STATION: PALESTINE
MONTH: MAY
YEAR: 2022
LATITUDE: 31 46 N
LONGITUDE: 95 42 W
TEMPERATURE IN F: :PCPN: SNOW: WIND :SUNSHINE: SKY :PK WND
================================================================================
1 2 3 4 5 6A 6B 7 8 9 10 11 12 13 14 15 16 17 18
12Z AVG MX 2MIN
DY MAX MIN AVG DEP HDD CDD WTR SNW DPTH SPD SPD DIR MIN PSBL S-S WX SPD DR
================================================================================
1 84 61 73 5 0 8 0.00 M M 5.4 13 120 M M 7 14 70
2 88 72 80 11 0 15 0.00 M M 10.0 16 180 M M 8 25 180
3 81 66 74 5 0 9 0.38 M M 6.4 13 120 M M 8 18 21 170
4 88 66 77 8 0 12 0.00 M M 7.6 14 190 M M 7 1 20 99
5 79 63 71 1 0 6 0.63 M M 5.4 12 190 M M 7 123 41 180
6 84 55 70 0 0 5 0.00 M M 1.8 8 190 M M 6 12 M M
7 90 68 79 9 0 14 0.00 M M 7.1 12 190 M M 6 18 20 150
8 91 73 82 12 0 17 0.00 M M 10.9 15 190 M M 4 18 23 190
9 91 73 82 11 0 17 0.00 M M 10.2 16 190 M M 7 18 23 190
10 91 73 82 11 0 17 0.00 M M 8.3 13 150 M M 4 18 160
11 90 70 80 9 0 15 0.00 M M 6.3 13 150 M M 2 1 17 150
12 90 66 78 6 0 13 0.00 M M 6.5 10 170 M M 3 1 15 170
13 88 64 76 4 0 11 0.00 M M 6.0 12 180 M M 1 18 18 180
14 90 70 80 8 0 15 0.00 M M 5.8 10 180 M M 1 8 25 180
15 90 66 78 6 0 13 0.22 M M 6.3 12 170 M M 1 8 22 40
16 90 66 78 6 0 13 0.13 M M 4.5 14 40 M M 1 8 22 40
17 91 68 80 7 0 15 0.00 M M 6.6 14 190 M M 0 1 20 190
18 91 72 82 9 0 17 0.00 M M 9.5 16 190 M M 2 23 170
19 91 73 82 9 0 17 0.00 M M 11.9 17 190 M M 4 26 190
20 93 72 83 9 0 18 0.00 M M 12.0 18 180 M M 6 18 26 180
21 93 66 80 6 0 15 0.60 M M 8.3 15 190 M M 5 138 47 180
22 66 59 63 -11 2 0 0.01 M M 7.7 15 320 M M 10 1 29 320
23 82 64 73 -1 0 8 0.00 M M 6.7 12 80 M M 5 8 17 90
24 82 61 72 -2 0 7 0.40 M M 9.0 21 300 M M 6 18 28 300
25 77 55 66 -9 0 1 0.34 M M 4.9 10 120 M M 5 13 18 120
26 90 52 71 -4 0 6 0.00 M M 6.7 18 250 M M 1 24 250
27 90 55 73 -2 0 8 0.00 M M 2.9 9 330 M M 0 8 13 330
28 91 63 77 2 0 12 0.00 M M 7.6 12 160 M M 0 18 170
29 91 73 82 6 0 17 0.00 M M 11.6 18 200 M M 4 24 200
30 93 73 83 7 0 18 0.00 M M 11.3 17 200 M M 5 24 200
31 93 75 84 8 0 19 0.00 M M 8.8 13 150 M M 4 20 200
================================================================================
SM 2719 2053 2 378 2.71 M 234.2 M 130
================================================================================
AV 87.7 66.2 7.6 FASTST M M 4 MAX(MPH)
MISC ----> 21 300 47 180
================================================================================
NOTES:
# LAST OF SEVERAL OCCURRENCES
COLUMN 17 PEAK WIND IN M.P.H.
PRELIMINARY LOCAL CLIMATOLOGICAL DATA (WS FORM: F-6) , PAGE 2
STATION: PALESTINE
MONTH: MAY
YEAR: 2022
LATITUDE: 31 46 N
LONGITUDE: 95 42 W
[TEMPERATURE DATA] [PRECIPITATION DATA] SYMBOLS USED IN COLUMN 16
AVERAGE MONTHLY: 77.0 TOTAL FOR MONTH: 2.71 1 = FOG OR MIST
DPTR FM NORMAL: 4.6 DPTR FM NORMAL: -1.50 2 = FOG REDUCING VISIBILITY
HIGHEST: 93 ON 31,30 GRTST 24HR 0.63 ON 5- 5 TO 1/4 MILE OR LESS
LOWEST: 52 ON 26 3 = THUNDER
SNOW, ICE PELLETS, HAIL 4 = ICE PELLETS
TOTAL MONTH: M 5 = HAIL
GRTST 24HR M ON M 6 = FREEZING RAIN OR DRIZZLE
GRTST DEPTH: M ON M 7 = DUSTSTORM OR SANDSTORM:
VSBY 1/2 MILE OR LESS
8 = SMOKE OR HAZE
[NO. OF DAYS WITH] [WEATHER - DAYS WITH] 9 = BLOWING SNOW
X = TORNADO
MAX 32 OR BELOW: 0 0.01 INCH OR MORE: 8
MAX 90 OR ABOVE: 20 0.10 INCH OR MORE: 7
MIN 32 OR BELOW: 0 0.50 INCH OR MORE: 2
MIN 0 OR BELOW: 0 1.00 INCH OR MORE: 0
[HDD (BASE 65) ]
TOTAL THIS MO. 2 CLEAR (SCALE 0-3) 11
DPTR FM NORMAL -10 PTCLDY (SCALE 4-7) 19
TOTAL FM JUL 1 1828 CLOUDY (SCALE 8-10) 1
DPTR FM NORMAL -542
[CDD (BASE 65) ]
TOTAL THIS MO. 378
DPTR FM NORMAL 136 [PRESSURE DATA]
TOTAL FM JAN 1 561 HIGHEST SLP M ON M
DPTR FM NORMAL 211 LOWEST SLP M ON M
[REMARKS]
#FINAL-05-22#