000
CXUS56 KSGX 010933
CLMPSP
CLIMATE REPORT
NATIONAL WEATHER SERVICE SAN DIEGO, CA
233 AM PDT THU JUN 01 2023
...................................
...THE PALM SPRINGS INTL AIRPORT CA CLIMATE SUMMARY FOR THE MONTH OF MAY 2023...
CLIMATE NORMAL PERIOD: 1991 TO 2020
CLIMATE RECORD PERIOD: 1893 TO 2023
WEATHER OBSERVED NORMAL DEPART LAST YEAR`S
VALUE DATE(S) VALUE FROM VALUE DATE(S)
NORMAL
................................................................
TEMPERATURE (F)
RECORD
HIGH 116 05/28/1983
LOW 36 05/07/1964
HIGHEST 105 05/13 95 10 108 05/15
05/17
LOWEST 54 05/05 63 -9 55 05/11
05/12
AVG. MAXIMUM 91.9 94.7 -2.8 95.9
AVG. MINIMUM 65.1 65.9 -0.8 67.4
MEAN 78.5 80.3 -1.8 81.7
DAYS MAX >= 90 19 21.5 -2.5 25
DAYS MAX <= 32 0 0.0 0.0 0
DAYS MAX >= 45 31 31
DAYS MAX >= 120 0 0
DAYS MIN <= 32 0 0.0 0.0 0
PRECIPITATION (INCHES)
RECORD
MAXIMUM 1.11 1976
MINIMUM 0.00 2022
TOTALS T 0.02 -0.02 0.00
DAILY AVG. T 0.00 -0.00 0.00
DAYS >= .01 0 0.5 -0.5 0
DAYS >= .10 0 0.0 0.0 0
DAYS >= .50 0 0.0 0.0 0
DAYS >= 1.00 0 0.0 0.0 0
DAYS >= %-5.2F 0 0
DAYS >= %-5.2F 0 0
GREATEST
24 HR. TOTAL T 05/20 TO 05/20 0.00 04/30 TO 04/30
05/04 TO 05/04
05/20 TO 05/20
STORM TOTAL 0.00 0.00
(MM/DD(HH)) MM
DEGREE DAYS
HEATING TOTAL 0 1 -1 0
SINCE 7/1 913 700 213 MM
COOLING TOTAL 425 476 -51 527
SINCE 1/1 772 910 -138 MM
FREEZE DATES
RECORD
EARLIEST 10/24/1951
LATEST 03/13/1956
EARLIEST MM
LATEST MM
................................................................
WIND (MPH)
AVERAGE WIND SPEED 9.7
RESULTANT WIND SPEED/DIRECTION 7/330
HIGHEST WIND SPEED/DIRECTION 35/320 DATE 05/01
HIGHEST GUST SPEED/DIRECTION 43/320 DATE 05/01
43/330 05/31
SKY COVER
POSSIBLE SUNSHINE (PERCENT) MM
AVERAGE SKY COVER 0.01
NUMBER OF DAYS FAIR 31
NUMBER OF DAYS PC 0
NUMBER OF DAYS CLOUDY 0
AVERAGE RH (PERCENT) 35
WEATHER CONDITIONS. NUMBER OF DAYS WITH
THUNDERSTORM 2 MIXED PRECIP 0
HEAVY RAIN 0 RAIN 0
LIGHT RAIN 2 FREEZING RAIN 0
LT FREEZING RAIN 0 HAIL 0
HEAVY SNOW 0 SNOW 0
LIGHT SNOW 0 SLEET 0
FOG 0 FOG W/VIS <= 1/4 MILE 0
HAZE 1
- INDICATES NEGATIVE NUMBERS.
R INDICATES RECORD WAS SET OR TIED.
MM INDICATES DATA IS MISSING.
T INDICATES TRACE AMOUNT.
$$