000
CXUS56 KSGX 010946
CLMPSP
CLIMATE REPORT
NATIONAL WEATHER SERVICE SAN DIEGO, CA
246 AM PDT MON MAY 01 2023
...................................
...THE PALM SPRINGS INTL AIRPORT CA CLIMATE SUMMARY FOR THE MONTH OF APRIL 2023...
CLIMATE NORMAL PERIOD: 1991 TO 2020
CLIMATE RECORD PERIOD: 1893 TO 2023
WEATHER OBSERVED NORMAL DEPART LAST YEAR`S
VALUE DATE(S) VALUE FROM VALUE DATE(S)
NORMAL
................................................................
TEMPERATURE (F)
RECORD
HIGH 112 04/07/1989
LOW 34 04/19/1968
HIGHEST 106 04/29 88 18 101 04/08
LOWEST 48 04/04 56 -8 51 04/13
04/05
AVG. MAXIMUM 90.0 86.7 3.3 90.3
AVG. MINIMUM 60.4 59.1 1.3 61.9
MEAN 75.2 72.9 2.3 76.1
DAYS MAX >= 90 15 10.7 4.3 15
DAYS MAX <= 32 0 0.0 0.0 0
DAYS MAX >= 45 30 30
DAYS MAX >= 120 0 0
DAYS MIN <= 32 0 0.0 0.0 0
PRECIPITATION (INCHES)
RECORD
MAXIMUM 2.25 1942
MINIMUM 0.00 2018
TOTALS 0.00R 0.09 -0.09 0.02
DAILY AVG. 0.00 0.00 -0.00 0.00
DAYS >= .01 0 1.1 -1.1 1
DAYS >= .10 0 0.3 -0.3 0
DAYS >= .50 0 0.0 0.0 0
DAYS >= 1.00 0 0.0 0.0 0
DAYS >= %-5.2F 0 0
DAYS >= %-5.2F 0 0
GREATEST
24 HR. TOTAL 0.00 03/31 TO 03/31 0.02 04/22 TO 04/22
STORM TOTAL 0.00 0.02
(MM/DD(HH)) MM
DEGREE DAYS
HEATING TOTAL 12 14 -2 0
SINCE 7/1 913 698 215 MM
COOLING TOTAL 325 251 74 341
SINCE 1/1 347 434 -87 MM
FREEZE DATES
RECORD
EARLIEST 10/24/1951
LATEST 03/13/1956
EARLIEST MM
LATEST MM
................................................................
WIND (MPH)
AVERAGE WIND SPEED 7.9
RESULTANT WIND SPEED/DIRECTION 5/320
HIGHEST WIND SPEED/DIRECTION 45/330 DATE 04/03
HIGHEST GUST SPEED/DIRECTION 61/310 DATE 04/03
SKY COVER
POSSIBLE SUNSHINE (PERCENT) MM
AVERAGE SKY COVER MM
NUMBER OF DAYS FAIR 30
NUMBER OF DAYS PC 0
NUMBER OF DAYS CLOUDY 0
AVERAGE RH (PERCENT) 29
WEATHER CONDITIONS. NUMBER OF DAYS WITH
THUNDERSTORM 0 MIXED PRECIP 0
HEAVY RAIN 0 RAIN 0
LIGHT RAIN 0 FREEZING RAIN 0
LT FREEZING RAIN 0 HAIL 0
HEAVY SNOW 0 SNOW 0
LIGHT SNOW 0 SLEET 0
FOG 0 FOG W/VIS <= 1/4 MILE 0
HAZE 0
- INDICATES NEGATIVE NUMBERS.
R INDICATES RECORD WAS SET OR TIED.
MM INDICATES DATA IS MISSING.
T INDICATES TRACE AMOUNT.
$$