000
CXUS55 KPUB 011348
CF6PUB
PRELIMINARY LOCAL CLIMATOLOGICAL DATA (WS FORM: F-6)
STATION: PUEBLO CO
MONTH: DECEMBER
YEAR: 2022
LATITUDE: 38 16 N
LONGITUDE: 104 31 W
TEMPERATURE IN F: :PCPN: SNOW: WIND :SUNSHINE: SKY :PK WND
================================================================================
1 2 3 4 5 6A 6B 7 8 9 10 11 12 13 14 15 16 17 18
12Z AVG MX 2MIN
DY MAX MIN AVG DEP HDD CDD WTR SNW DPTH SPD SPD DIR MIN PSBL S-S WX SPD DR
================================================================================
1 64 12 38 4 27 0 0.00 0.0 T 5.3 25 260 M M 0 36 260
2 64 24 44 10 21 0 0.00 0.0 0 19.4 39 250 M M 0 55 230
3 44 13 29 -5 36 0 0.00 0.0 0 2.1 8 350 M M 0 10 110
4 51 23 37 3 28 0 0.00 0.0 0 4.1 15 310 M M 0 18 300
5 68 23 46 13 19 0 0.00 0.0 0 10.0 31 300 M M 0 38 300
6 54 16 35 2 30 0 0.00 0.0 0 4.9 13 130 M M 0 16 140
7 54 17 36 3 29 0 0.00 0.0 0 4.7 14 70 M M 1 17 70
8 56 15 36 4 29 0 0.00 0.0 0 14.1 35 280 M M 0 46 270
9 49 9 29 -3 36 0 0.00 0.0 0 4.3 16 340 M M 0 21 320
10 53 11 32 0 33 0 0.00 0.0 0 3.9 21 20 M M 0 24 350
11 67 12 40 8 25 0 0.00 0.0 0 6.9 21 200 M M 0 28 200
12 61 22 42 10 23 0 T T 0 8.6 29 200 M M 1 1 37 330
13 33 11 22 -10 43 0 0.01 0.1 T 8.0 24 10 M M 8 1 33 10
14 32 6 19 -12 46 0 0.00 0.0 0 3.7 13 90 M M 1 19 80
15 32 5 19 -12 46 0 0.00 0.0 0 5.0 18 120 M M 4 24 120
16 40 0 20 -11 45 0 0.00 0.0 0 5.4 21 290 M M 0 26 290
17 34 0 17 -14 48 0 0.00 0.0 0 5.3 13 100 M M 0 17 130
18 41 -1 20 -11 45 0 0.00 0.0 0 3.2 13 90 M M 0 14 90
19 51 1 26 -5 39 0 0.00 0.0 0 4.9 15 100 M M 0 18 100
20 43 3 23 -8 42 0 0.00 0.0 0 3.8 12 100 M M 1 14 110
21 57 1 29 -2 36 0 0.00 0.0 0 16.4 41 280 M M 0 54 280
22 2 -15 -6 -37 71 0 0.11 1.1 T 6.2 21 10 M M 5 8 27 360
23 13 -10 2 -29 63 0 0.00 0.0 1 3.6 9 70 M M 0 14 80
24 47 1 24 -7 41 0 0.00 0.0 1 4.1 10 100 M M 1 13 100
25 49 12 31 0 34 0 0.00 0.0 0 4.4 13 140 M M 0 16 140
26 49 17 33 2 32 0 0.00 0.0 0 6.3 15 100 M M 0 18 90
27 69 17 43 12 22 0 0.00 0.0 0 6.4 18 290 M M 0 27 290
28 61 35 48 17 17 0 T T 0 9.4 25 310 M M 5 33 310
29 50 18 34 3 31 0 0.01 0.1 0 9.6 31 10 M M 3 1 41 10
30 47 12 30 -1 35 0 0.00 0.0 0 3.7 10 280 M M 0 13 110
31 67 19 43 12 22 0 0.00 0.0 0 5.8 17 290 M M 0 30 130
================================================================================
SM 1502 329 1094 0 0.13 1.3 203.5 M 30
================================================================================
AV 48.5 10.6 6.6 FASTST M M 1 MAX(MPH)
MISC ----> 41 280 55 230
================================================================================
NOTES:
# LAST OF SEVERAL OCCURRENCES
COLUMN 17 PEAK WIND IN M.P.H.
PRELIMINARY LOCAL CLIMATOLOGICAL DATA (WS FORM: F-6) , PAGE 2
STATION: PUEBLO CO
MONTH: DECEMBER
YEAR: 2022
LATITUDE: 38 16 N
LONGITUDE: 104 31 W
[TEMPERATURE DATA] [PRECIPITATION DATA] SYMBOLS USED IN COLUMN 16
AVERAGE MONTHLY: 29.5 TOTAL FOR MONTH: 0.13 1 = FOG OR MIST
DPTR FM NORMAL: -2.2 DPTR FM NORMAL: -0.16 2 = FOG REDUCING VISIBILITY
HIGHEST: 69 ON 27 GRTST 24HR 0.11 ON 22 TO 1/4 MILE OR LESS
LOWEST: -15 ON 22 3 = THUNDER
SNOW, ICE PELLETS, HAIL 4 = ICE PELLETS
TOTAL MONTH: 1.3 INCHES 5 = HAIL
GRTST 24HR 1.1 ON 22 6 = FREEZING RAIN OR DRIZZLE
GRTST DEPTH: 1 ON 22,24# 7 = DUSTSTORM OR SANDSTORM:
VSBY 1/2 MILE OR LESS
8 = SMOKE OR HAZE
[NO. OF DAYS WITH] [WEATHER - DAYS WITH] 9 = BLOWING SNOW
X = TORNADO
MAX 32 OR BELOW: 4 0.01 INCH OR MORE: 3
MAX 90 OR ABOVE: 0 0.10 INCH OR MORE: 1
MIN 32 OR BELOW: 30 0.50 INCH OR MORE: 0
MIN 0 OR BELOW: 5 1.00 INCH OR MORE: 0
[HDD (BASE 65) ]
TOTAL THIS MO. 1094 CLEAR (SCALE 0-3) 27
DPTR FM NORMAL 62 PTCLDY (SCALE 4-7) 3
TOTAL FM JUL 1 2278 CLOUDY (SCALE 8-10) 1
DPTR FM NORMAL 55
[CDD (BASE 65) ]
TOTAL THIS MO. 0
DPTR FM NORMAL 0 [PRESSURE DATA]
TOTAL FM JAN 1 1361 HIGHEST SLP 30.79 ON 23
DPTR FM NORMAL 282 LOWEST SLP 29.26 ON 28
[REMARKS]
#FINAL-12-22#