280
CXUS55 KPUB 011624
CF6PUB
PRELIMINARY LOCAL CLIMATOLOGICAL DATA (WS FORM: F-6)
STATION: PUEBLO CO
MONTH: AUGUST
YEAR: 2020
LATITUDE: 38 16 N
LONGITUDE: 104 31 W
TEMPERATURE IN F: :PCPN: SNOW: WIND :SUNSHINE: SKY :PK WND
================================================================================
1 2 3 4 5 6A 6B 7 8 9 10 11 12 13 14 15 16 17 18
12Z AVG MX 2MIN
DY MAX MIN AVG DEP HDD CDD WTR SNW DPTH SPD SPD DIR MIN PSBL S-S WX SPD DR
================================================================================
1 90 57 74 -1 0 9 T 0.0 0 6.8 32 340 M M 1 3 47 340
2 88 59 74 -1 0 9 0.02 0.0 0 6.7 18 110 M M 1 3 23 110
3 81 59 70 -5 0 5 0.00 0.0 0 6.9 17 60 M M 2 1 22 60
4 93 61 77 2 0 12 T 0.0 0 10.8 35 70 M M 1 3 45 70
5 96 60 78 3 0 13 T 0.0 0 10.2 35 20 M M 1 3 46 350
6 101 63 82 7 0 17 0.00 0.0 0 9.6 29 60 M M 0 36 60
7 101 62 82 7 0 17 0.00 0.0 0 8.1 29 160 M M 0 35 160
8 99 57 78 3 0 13 0.00 0.0 0 6.8 21 220 M M 0 30 140
9 102 59 81 7 0 16 0.00 0.0 0 8.4 22 290 M M 0 28 280
10 98 60 79 5 0 14 0.00 0.0 0 9.3 35 70 M M 0 3 47 80
11 101 60 81 7 0 16 0.00 0.0 0 6.8 23 110 M M 0 35 120
12 98 62 80 6 0 15 T 0.0 0 8.3 22 10 M M 2 27 20
13 99 61 80 6 0 15 0.00 0.0 0 9.8 21 110 M M 0 30 110
14 102 61 82 8 0 17 0.00 0.0 0 10.0 25 90 M M 0 8 33 90
15 95 68 82 8 0 17 0.02 T 0 10.2 31 110 M M 1 358 40 110
16 96 64 80 6 0 15 T 0.0 0 9.3 26 330 M M 0 138 40 150
17 96 59 78 4 0 13 0.00 0.0 0 9.6 22 110 M M 0 27 110
18 99 55 77 4 0 12 0.00 0.0 0 6.2 15 140 M M 0 19 130
19 97 63 80 7 0 15 0.01 0.0 0 9.2 29 20 M M 1 38 36 30
20 95 61 78 5 0 13 0.01 0.0 0 10.9 43 20 M M 1 3 55 10
21 97 59 78 5 0 13 0.00 0.0 0 8.0 20 70 M M 0 8 27 140
22 103 61 82 9 0 17 0.00 0.0 0 6.0 17 80 M M 0 8 26 100
23 99 62 81 9 0 16 0.00 0.0 0 8.9 17 130 M M 0 8 22 120
24 100 63 82 10 0 17 0.00 0.0 0 7.7 37 290 M M 0 8 47 280
25 101 61 81 9 0 16 0.00 0.0 0 8.5 35 290 M M 0 8 45 290
26 98 64 81 9 0 16 T 0.0 0 9.7 32 320 M M 1 45 320
27 98 64 81 9 0 16 0.00 0.0 0 5.9 16 350 M M 0 22 350
28 91 63 77 5 0 12 0.10 0.0 0 17.8 39 10 M M 2 18 51 360
29 80 59 70 -1 0 5 0.14 0.0 0 4.6 30 290 M M 1 138 37 300
30 97 54 76 5 0 11 0.00 0.0 0 6.7 23 330 M M 1 1 33 330
31 82 53 68 -3 0 3 0.01 0.0 0 13.4 41 20 M M 1 55 10
================================================================================
SM 2973 1874 0 415 0.31 T 271.1 M 17
================================================================================
AV 95.9 60.5 8.7 FASTST M M 1 MAX(MPH)
MISC ----> 43 20 # 55 10
================================================================================
NOTES:
# LAST OF SEVERAL OCCURRENCES
COLUMN 17 PEAK WIND IN M.P.H.
PRELIMINARY LOCAL CLIMATOLOGICAL DATA (WS FORM: F-6) , PAGE 2
STATION: PUEBLO CO
MONTH: AUGUST
YEAR: 2020
LATITUDE: 38 16 N
LONGITUDE: 104 31 W
[TEMPERATURE DATA] [PRECIPITATION DATA] SYMBOLS USED IN COLUMN 16
AVERAGE MONTHLY: 78.2 TOTAL FOR MONTH: 0.31 1 = FOG OR MIST
DPTR FM NORMAL: 4.8 DPTR FM NORMAL: -2.01 2 = FOG REDUCING VISIBILITY
HIGHEST: 103 ON 22 GRTST 24HR 0.24 ON 28-29 TO 1/4 MILE OR LESS
LOWEST: 53 ON 31 3 = THUNDER
SNOW, ICE PELLETS, HAIL 4 = ICE PELLETS
TOTAL MONTH: T 5 = HAIL
GRTST 24HR T ON 15 6 = FREEZING RAIN OR DRIZZLE
GRTST DEPTH: 0 7 = DUSTSTORM OR SANDSTORM:
VSBY 1/2 MILE OR LESS
8 = SMOKE OR HAZE
[NO. OF DAYS WITH] [WEATHER - DAYS WITH] 9 = BLOWING SNOW
X = TORNADO
MAX 32 OR BELOW: 0 0.01 INCH OR MORE: 7
MAX 90 OR ABOVE: 27 0.10 INCH OR MORE: 2
MIN 32 OR BELOW: 0 0.50 INCH OR MORE: 0
MIN 0 OR BELOW: 0 1.00 INCH OR MORE: 0
[HDD (BASE 65) ]
TOTAL THIS MO. 0 CLEAR (SCALE 0-3) 31
DPTR FM NORMAL -4 PTCLDY (SCALE 4-7) 0
TOTAL FM JUL 1 0 CLOUDY (SCALE 8-10) 0
DPTR FM NORMAL -1
[CDD (BASE 65) ]
TOTAL THIS MO. 415
DPTR FM NORMAL 149 [PRESSURE DATA]
TOTAL FM JAN 1 1260 HIGHEST SLP M ON M
DPTR FM NORMAL 449 LOWEST SLP 29.58 ON 30
[REMARKS]
#FINAL-08-20#