000
CXUS54 KFWD 240731
CF6PWG
PRELIMINARY LOCAL CLIMATOLOGICAL DATA (WS FORM: F-6)
STATION: WACO MCGREGOR
MONTH: APRIL
YEAR: 2024
LATITUDE: 31 28 N
LONGITUDE: 97 19 W
TEMPERATURE IN F: :PCPN: SNOW: WIND :SUNSHINE: SKY :PK WND
================================================================================
1 2 3 4 5 6A 6B 7 8 9 10 11 12 13 14 15 16 17 18
12Z AVG MX 2MIN
DY MAX MIN AVG DEP HDD CDD WTR SNW DPTH SPD SPD DIR MIN PSBL S-S WX SPD DR
================================================================================
1 81 64 73 12 0 8 0.04 M M 14.3 25 180 M M 7 138 33 170
2 67 50 59 -2 6 0 T M M 9.9 17 320 M M 3 26 320
3 78 42 60 -1 5 0 0.00 M M 8.5 16 320 M M 0 23 320
4 85 43 64 2 1 0 0.00 M M 5.0 10 190 M M 0 M M
5 88 54 71 9 0 6 0.00 M M 9.8 20 170 M M 0 30 160
6 77 58 68 6 0 3 0.00 M M 16.2 24 180 M M 6 32 160
7 81 54 68 6 0 3 0.00 M M 6.1 13 190 M M 2 18 190
8 82 55 69 7 0 4 0.03 M M 6.1 12 140 M M 7 1 16 100
9 72 63 68 5 0 3 0.46 M M 7.9 20 20 M M 10 13 24 20
10 66 52 59 -4 6 0 0.20 M M 11.2 23 310 M M 8 1 36 340
11 75 45 60 -3 5 0 0.00 M M 6.1 16 320 M M 0 22 320
12 80 46 63 -1 2 0 0.00 M M 8.1 16 160 M M 0 22 160
13 81 56 69 5 0 4 0.00 M M 12.1 21 160 M M 2 29 160
14 81 64 73 9 0 8 0.00 M M 11.6 16 160 M M 5 23 190
15 82 68 75 11 0 10 0.00 M M 14.6 28 150 M M 9 38 140
16 83 69 76 12 0 11 0.00 M M 9.7 14 180 M M 7 21 160
17 82 70 76 11 0 11 0.00 M M 8.2 14 150 M M 6 1 M M
18 89 69 79 14 0 14 0.00 M M 7.9 13 180 M M 7 1 21 180
19 72 61 67 2 0 2 0.00 M M 8.4 16 350 M M 9 M M
20 64 49 57 -9 8 0 0.72 M M 11.4 20 10 M M 10 13 32 10
21 67 48 58 -8 7 0 T M M 9.6 16 30 M M 5 26 30
22 72 42 57 -9 8 0 0.00 M M 5.9 13 170 M M 0 17 140
23 76 55 66 0 0 1 M M M 12.0 17 170 M M 4 25 180
================================================================================
SM 1781 1277 48 88 1.45 M 220.5 M 107
================================================================================
AV 77.4 55.5 9.6 FASTST M M 5 MAX(MPH)
MISC ----> 28 150 38 140
================================================================================
NOTES:
# LAST OF SEVERAL OCCURRENCES
COLUMN 17 PEAK WIND IN M.P.H.
PRELIMINARY LOCAL CLIMATOLOGICAL DATA (WS FORM: F-6) , PAGE 2
STATION: WACO MCGREGOR
MONTH: APRIL
YEAR: 2024
LATITUDE: 31 28 N
LONGITUDE: 97 19 W
[TEMPERATURE DATA] [PRECIPITATION DATA] SYMBOLS USED IN COLUMN 16
AVERAGE MONTHLY: 66.5 TOTAL FOR MONTH: 1.45 1 = FOG OR MIST
DPTR FM NORMAL: 3.0 DPTR FM NORMAL: -0.51 2 = FOG REDUCING VISIBILITY
HIGHEST: 89 ON 18 GRTST 24HR 0.82 ON 9-10 TO 1/4 MILE OR LESS
LOWEST: 42 ON 22, 3 3 = THUNDER
SNOW, ICE PELLETS, HAIL 4 = ICE PELLETS
TOTAL MONTH: M 5 = HAIL
GRTST 24HR M ON M 6 = FREEZING RAIN OR DRIZZLE
GRTST DEPTH: M ON M 7 = DUSTSTORM OR SANDSTORM:
VSBY 1/2 MILE OR LESS
8 = SMOKE OR HAZE
[NO. OF DAYS WITH] [WEATHER - DAYS WITH] 9 = BLOWING SNOW
X = TORNADO
MAX 32 OR BELOW: 0 0.01 INCH OR MORE: 5
MAX 90 OR ABOVE: 0 0.10 INCH OR MORE: 3
MIN 32 OR BELOW: 0 0.50 INCH OR MORE: 1
MIN 0 OR BELOW: 0 1.00 INCH OR MORE: 0
[HDD (BASE 65) ]
TOTAL THIS MO. 48 CLEAR (SCALE 0-3) 9
DPTR FM NORMAL -39 PTCLDY (SCALE 4-7) 10
TOTAL FM JUL 1 1753 CLOUDY (SCALE 8-10) 4
DPTR FM NORMAL -569
[CDD (BASE 65) ]
TOTAL THIS MO. 88
DPTR FM NORMAL 33 [PRESSURE DATA]
TOTAL FM JAN 1 169 HIGHEST SLP M ON M
DPTR FM NORMAL 84 LOWEST SLP M ON M
[REMARKS]