000
CXUS51 KGYX 022232
CF6PWM
PRELIMINARY LOCAL CLIMATOLOGICAL DATA (WS FORM: F-6)
STATION: PORTLAND ME
MONTH: JANUARY
YEAR: 2022
LATITUDE: 43 39 N
LONGITUDE: 70 19 W
TEMPERATURE IN F: :PCPN: SNOW: WIND :SUNSHINE: SKY :PK WND
================================================================================
1 2 3 4 5 6A 6B 7 8 9 10 11 12 13 14 15 16 17 18
12Z AVG MX 2MIN
DY MAX MIN AVG DEP HDD CDD WTR SNW DPTH SPD SPD DIR MIN PSBL S-S WX SPD DR
================================================================================
1 39 34 37 11 28 0 0.07 0.0 3 2.7 9 340 M M 10 12 12 350
2 39 28 34 8 31 0 0.07 T 2 6.6 14 340 M M 9 1 20 360
3 28 16 22 -4 43 0 0.00 0.0 1 9.5 17 360 M M 5 20 10
4 27 9 18 -7 47 0 0.00 0.0 1 5.6 13 350 M M 1 15 350
5 41 24 33 8 32 0 0.21 0.0 1 5.2 10 290 M M 7 1 14 220
6 39 28 34 9 31 0 0.00 0.0 1 8.2 20 280 M M 3 1 28 270
7 32 23 28 3 37 0 0.40 5.4 2 12.1 22 340 M M 9 128 29 300
8 27 8 18 -7 47 0 0.00 0.0 6 6.5 21 330 M M 0 1 26 340
9 37 10 24 0 41 0 0.02 0.0 5 11.8 24 200 M M 7 6 36 200
10 39 12 26 2 39 0 0.00 0.0 4 12.6 29 320 M M 3 36 320
11 14 0 7 -17 58 0 0.00 0.0 4 9.2 21 350 M M 2 27 350
12 31 0 16 -8 49 0 0.00 0.0 4 6.5 20 230 M M 7 27 230
13 34 23 29 5 36 0 T T 4 2.7 7 290 M M 9 8 300
14 36 12 24 0 41 0 0.00 0.0 4 14.4 30 360 M M 7 38 340
15 12 0 6 -18 59 0 0.00 0.0 4 16.4 31 310 M M 0 38 310
16 22 -4 9 -15 56 0 0.00 0.0 3 3.5 10 200 M M 0 13 190
17 47 19 33 9 32 0 1.04 T 3 15.8 40 90 M M 10 1 54 90
18 35 9 22 -1 43 0 T 0.0 1 14.4 31 310 M M 4 46 310
19 41 8 25 2 40 0 T T 1 5.1 18 190 M M 7 26 200
20 39 11 25 2 40 0 0.00 0.0 1 11.2 20 350 M M 6 24 310
21 19 3 11 -12 54 0 0.00 0.0 1 8.1 15 350 M M 1 20 350
22 19 1 10 -13 55 0 0.00 0.0 1 4.4 12 350 M M 0 14 350
23 32 7 20 -3 45 0 0.00 0.0 1 5.0 15 260 M M 8 19 270
24 26 16 21 -2 44 0 0.02 0.2 1 5.0 13 30 M M 5 1 16 30
25 35 19 27 4 38 0 0.04 0.8 2 5.9 14 260 M M 8 1 20 290
26 21 3 12 -11 53 0 0.00 0.0 2 7.8 16 360 M M 1 21 340
27 22 -3 10 -13 55 0 0.00 0.0 1 5.6 13 210 M M 3 20 200
28 31 21 26 3 39 0 0.00 0.0 1 5.4 16 20 M M 8 20 20
29 23 10 17 -6 48 0 0.86 13.2 1 20.9 41 360 M M 10 1289 59 360
30 24 2 13 -10 52 0 0.00 0.0 11 8.3 26 310 M M 2 9 33 320
31 23 -7 8 -16 57 0 0.00 0.0 9 2.8 9 290 M M 1 10 300
================================================================================
SM 934 342 1370 0 2.73 19.6 259.2 M 153
================================================================================
AV 30.1 11.0 8.4 FASTST M M 5 MAX(MPH)
MISC ----> 41 360 59 360
================================================================================
NOTES:
# LAST OF SEVERAL OCCURRENCES
COLUMN 17 PEAK WIND IN M.P.H.
PRELIMINARY LOCAL CLIMATOLOGICAL DATA (WS FORM: F-6) , PAGE 2
STATION: PORTLAND ME
MONTH: JANUARY
YEAR: 2022
LATITUDE: 43 39 N
LONGITUDE: 70 19 W
[TEMPERATURE DATA] [PRECIPITATION DATA] SYMBOLS USED IN COLUMN 16
AVERAGE MONTHLY: 20.6 TOTAL FOR MONTH: 2.73 1 = FOG OR MIST
DPTR FM NORMAL: -3.4 DPTR FM NORMAL: -0.77 2 = FOG REDUCING VISIBILITY
HIGHEST: 47 ON 17 GRTST 24HR 1.04 ON 17-17 TO 1/4 MILE OR LESS
LOWEST: -7 ON 31 3 = THUNDER
SNOW, ICE PELLETS, HAIL 4 = ICE PELLETS
TOTAL MONTH: 19.6 INCHES 5 = HAIL
GRTST 24HR 13.2 ON 29-29 6 = FREEZING RAIN OR DRIZZLE
GRTST DEPTH: 11 ON 30 7 = DUSTSTORM OR SANDSTORM:
VSBY 1/2 MILE OR LESS
8 = SMOKE OR HAZE
[NO. OF DAYS WITH] [WEATHER - DAYS WITH] 9 = BLOWING SNOW
X = TORNADO
MAX 32 OR BELOW: 18 0.01 INCH OR MORE: 9
MAX 90 OR ABOVE: 0 0.10 INCH OR MORE: 4
MIN 32 OR BELOW: 30 0.50 INCH OR MORE: 2
MIN 0 OR BELOW: 6 1.00 INCH OR MORE: 1
[HDD (BASE 65) ]
TOTAL THIS MO. 1370 CLEAR (SCALE 0-3) 12
DPTR FM NORMAL 99 PTCLDY (SCALE 4-7) 12
TOTAL FM JUL 1 3576 CLOUDY (SCALE 8-10) 7
DPTR FM NORMAL -150
[CDD (BASE 65) ]
TOTAL THIS MO. 0
DPTR FM NORMAL 0 [PRESSURE DATA]
TOTAL FM JAN 1 0 HIGHEST SLP 30.62 ON 21
DPTR FM NORMAL 0 LOWEST SLP 28.99 ON 17
[REMARKS]
#FINAL-01-22#