000
CXUS51 KGYX 050954
CF6PWM
PRELIMINARY LOCAL CLIMATOLOGICAL DATA (WS FORM: F-6)
STATION: PORTLAND ME
MONTH: AUGUST
YEAR: 2021
LATITUDE: 43 39 N
LONGITUDE: 70 19 W
TEMPERATURE IN F: :PCPN: SNOW: WIND :SUNSHINE: SKY :PK WND
================================================================================
1 2 3 4 5 6A 6B 7 8 9 10 11 12 13 14 15 16 17 18
12Z AVG MX 2MIN
DY MAX MIN AVG DEP HDD CDD WTR SNW DPTH SPD SPD DIR MIN PSBL S-S WX SPD DR
================================================================================
1 73 56 65 -6 0 0 T 0.0 0 5.8 15 170 M M 5 20 160
2 77 58 68 -3 0 3 T 0.0 0 7.6 22 320 M M 7 29 320
3 77 53 65 -6 0 0 0.00 0.0 0 6.0 15 180 M M 2 22 190
4 77 58 68 -2 0 3 T 0.0 0 4.1 13 160 M M 7 15 150
5 69 62 66 -4 0 1 0.56 0.0 0 6.3 13 330 M M 9 1 17 50
6 83 61 72 2 0 7 0.00 0.0 0 4.8 14 180 M M 2 18 180
7 84 62 73 3 0 8 0.00 0.0 0 4.7 13 190 M M 5 16 190
8 82 65 74 4 0 9 0.00 0.0 0 5.1 13 160 M M 5 1 16 150
9 66 62 64 -6 1 0 0.00 0.0 0 7.7 15 90 M M 8 1 18 100
10 73 62 68 -2 0 3 0.00 0.0 0 3.8 12 150 M M 9 1 15 160
11 81 66 74 4 0 9 0.00 0.0 0 4.3 13 180 M M 6 1 17 180
12 89 67 78 8 0 13 0.00 0.0 0 3.9 12 160 M M 2 18 17 170
13 88 72 80 10 0 15 0.00 0.0 0 4.6 14 150 M M 2 16 140
14 90 65 78 8 0 13 0.00 0.0 0 5.0 18 290 M M 4 24 290
15 78 58 68 -2 0 3 0.00 0.0 0 6.2 18 350 M M 2 23 340
16 77 53 65 -5 0 0 0.00 0.0 0 4.5 13 190 M M 2 17 150
17 78 56 67 -2 0 2 T 0.0 0 3.5 13 150 M M 5 16 140
18 81 70 76 7 0 11 T 0.0 0 6.2 16 150 M M 7 20 190
19 80 69 75 6 0 10 0.95 0.0 0 5.2 14 90 M M 8 1 16 90
20 86 68 77 8 0 12 T 0.0 0 5.8 13 10 M M 7 1 17 140
21 80 63 72 3 0 7 0.00 0.0 0 5.8 15 90 M M 8 12 19 100
22 68 63 66 -3 0 1 0.57 0.0 0 11.2 20 80 M M 10 12 26 80
23 67 64 66 -2 0 1 T 0.0 0 6.1 15 100 M M 10 12 18 90
24 87 65 76 8 0 11 0.09 0.0 0 3.9 14 170 M M 5 12 17 270
25 89 66 78 10 0 13 0.00 0.0 0 3.7 10 320 M M 1 13 300
26 88 67 78 10 0 13 T 0.0 0 4.2 14 150 M M 2 18 160
27 86 63 75 7 0 10 0.00 0.0 0 6.0 16 340 M M 3 21 330
28 68 59 64 -3 1 0 T 0.0 0 4.8 14 40 M M 8 18 40
29 69 61 65 -2 0 0 T 0.0 0 4.4 12 180 M M 10 22 160
30 82 64 73 6 0 8 0.02 0.0 0 7.9 14 210 M M 8 13 20 220
31 82 63 73 6 0 8 0.00 0.0 0 6.1 14 270 M M 3 18 20 260
================================================================================
SM 2455 1941 2 194 2.19 0.0 169.2 M 172
================================================================================
AV 79.2 62.6 5.5 FASTST M M 6 MAX(MPH)
MISC ----> 22 320 29 320
================================================================================
NOTES:
# LAST OF SEVERAL OCCURRENCES
COLUMN 17 PEAK WIND IN M.P.H.
PRELIMINARY LOCAL CLIMATOLOGICAL DATA (WS FORM: F-6) , PAGE 2
STATION: PORTLAND ME
MONTH: AUGUST
YEAR: 2021
LATITUDE: 43 39 N
LONGITUDE: 70 19 W
[TEMPERATURE DATA] [PRECIPITATION DATA] SYMBOLS USED IN COLUMN 16
AVERAGE MONTHLY: 70.9 TOTAL FOR MONTH: 2.19 1 = FOG OR MIST
DPTR FM NORMAL: 1.7 DPTR FM NORMAL: -1.38 2 = FOG REDUCING VISIBILITY
HIGHEST: 90 ON 14 GRTST 24HR 0.95 ON 19-19 TO 1/4 MILE OR LESS
LOWEST: 53 ON 16, 3 3 = THUNDER
SNOW, ICE PELLETS, HAIL 4 = ICE PELLETS
TOTAL MONTH: 0.0 INCH 5 = HAIL
GRTST 24HR 0.0 6 = FREEZING RAIN OR DRIZZLE
GRTST DEPTH: 0 7 = DUSTSTORM OR SANDSTORM:
VSBY 1/2 MILE OR LESS
8 = SMOKE OR HAZE
[NO. OF DAYS WITH] [WEATHER - DAYS WITH] 9 = BLOWING SNOW
X = TORNADO
MAX 32 OR BELOW: 0 0.01 INCH OR MORE: 5
MAX 90 OR ABOVE: 1 0.10 INCH OR MORE: 3
MIN 32 OR BELOW: 0 0.50 INCH OR MORE: 3
MIN 0 OR BELOW: 0 1.00 INCH OR MORE: 0
[HDD (BASE 65) ]
TOTAL THIS MO. 2 CLEAR (SCALE 0-3) 9
DPTR FM NORMAL -14 PTCLDY (SCALE 4-7) 16
TOTAL FM JUL 1 31 CLOUDY (SCALE 8-10) 6
DPTR FM NORMAL 10
[CDD (BASE 65) ]
TOTAL THIS MO. 194
DPTR FM NORMAL 48 [PRESSURE DATA]
TOTAL FM JAN 1 490 HIGHEST SLP 30.39 ON 28
DPTR FM NORMAL 89 LOWEST SLP 29.65 ON 31
[REMARKS]
#FINAL-08-21#