000
CXUS51 KGYX 030157
CF6PWM
PRELIMINARY LOCAL CLIMATOLOGICAL DATA (WS FORM: F-6)
STATION: PORTLAND ME
MONTH: OCTOBER
YEAR: 2020
LATITUDE: 43 39 N
LONGITUDE: 70 19 W
TEMPERATURE IN F: :PCPN: SNOW: WIND :SUNSHINE: SKY :PK WND
================================================================================
1 2 3 4 5 6A 6B 7 8 9 10 11 12 13 14 15 16 17 18
12Z AVG MX 2MIN
DY MAX MIN AVG DEP HDD CDD WTR SNW DPTH SPD SPD DIR MIN PSBL S-S WX SPD DR
================================================================================
1 71 52 62 8 3 0 T 0.0 0 6.5 17 180 M M 2 1 23 150
2 69 43 56 2 9 0 0.05 0.0 0 3.9 12 320 M M 6 1 15 320
3 65 40 53 0 12 0 T 0.0 0 3.5 15 320 M M 4 1 18 320
4 63 39 51 -2 14 0 0.00 0.0 0 3.9 9 170 M M 4 12 170
5 63 42 53 0 12 0 T 0.0 0 4.0 9 150 M M 4 1 12 360
6 62 48 55 3 10 0 0.00 0.0 0 8.4 20 180 M M 6 1 25 170
7 67 53 60 8 5 0 0.13 0.0 0 10.1 20 260 M M 6 1 29 280
8 58 38 48 -3 17 0 0.00 0.0 0 14.4 28 300 M M 3 35 300
9 58 31 45 -6 20 0 T 0.0 0 7.3 20 300 M M 2 26 300
10 78 50 64 13 1 0 T 0.0 0 9.6 21 330 M M 5 29 310
11 60 37 49 -1 16 0 T 0.0 0 9.6 20 360 M M 0 24 360
12 53 34 44 -6 21 0 0.00 0.0 0 7.1 15 90 M M 6 20 90
13 53 44 49 -1 16 0 1.96 0.0 0 9.2 16 60 M M 10 1 22 60
14 70 44 57 8 8 0 0.00 0.0 0 5.0 15 310 M M 3 19 310
15 64 40 52 3 13 0 0.00 0.0 0 8.7 21 170 M M 3 33 160
16 62 53 58 9 7 0 0.28 0.0 0 8.1 15 180 M M 10 1 22 180
17 54 33 44 -4 21 0 1.08 0.0 0 10.7 23 310 M M 6 1 28 320
18 58 30 44 -4 21 0 0.00 0.0 0 3.6 14 160 M M 3 18 210
19 59 34 47 -1 18 0 T 0.0 0 3.4 13 150 M M 5 16 160
20 62 47 55 8 10 0 0.01 0.0 0 4.2 15 190 M M 7 21 180
21 57 50 54 7 11 0 T 0.0 0 4.3 14 50 M M 10 12 17 50
22 62 51 57 10 8 0 T 0.0 0 3.1 10 170 M M 7 12 13 140
23 58 53 56 10 9 0 0.00 0.0 0 5.5 10 110 M M 10 12 110
24 63 43 53 7 12 0 T 0.0 0 7.5 21 350 M M 9 1 24 360
25 50 33 42 -4 23 0 0.00 0.0 0 5.9 17 350 M M 2 21 340
26 48 36 42 -4 23 0 0.16 0.0 0 5.1 13 20 M M 9 1 15 20
27 55 41 48 3 17 0 T 0.0 0 5.7 15 310 M M 8 18 340
28 42 37 40 -5 25 0 0.09 0.0 0 5.5 10 80 M M 10 1 13 90
29 47 34 41 -4 24 0 0.32 0.0 0 4.7 20 20 M M 9 12 29 20
30 38 25 32 -12 33 0 T T 0 10.3 22 40 M M 8 29 50
31 45 21 33 -11 32 0 0.00 0.0 0 4.1 10 280 M M 0 14 190
================================================================================
SM 1814 1256 471 0 4.08 T 202.9 M 177
================================================================================
AV 58.5 40.5 6.5 FASTST M M 6 MAX(MPH)
MISC ----> # 28 300 # 35 300
================================================================================
NOTES:
# LAST OF SEVERAL OCCURRENCES
COLUMN 17 PEAK WIND IN M.P.H.
PRELIMINARY LOCAL CLIMATOLOGICAL DATA (WS FORM: F-6) , PAGE 2
STATION: PORTLAND ME
MONTH: OCTOBER
YEAR: 2020
LATITUDE: 43 39 N
LONGITUDE: 70 19 W
[TEMPERATURE DATA] [PRECIPITATION DATA] SYMBOLS USED IN COLUMN 16
AVERAGE MONTHLY: 49.5 TOTAL FOR MONTH: 4.08 1 = FOG OR MIST
DPTR FM NORMAL: 0.7 DPTR FM NORMAL: -0.79 2 = FOG REDUCING VISIBILITY
HIGHEST: 78 ON 10 GRTST 24HR 1.96 ON 13-13 TO 1/4 MILE OR LESS
LOWEST: 21 ON 31 3 = THUNDER
SNOW, ICE PELLETS, HAIL 4 = ICE PELLETS
TOTAL MONTH: T 5 = HAIL
GRTST 24HR T ON 30-30 6 = FREEZING RAIN OR DRIZZLE
GRTST DEPTH: 0 7 = DUSTSTORM OR SANDSTORM:
VSBY 1/2 MILE OR LESS
8 = SMOKE OR HAZE
[NO. OF DAYS WITH] [WEATHER - DAYS WITH] 9 = BLOWING SNOW
X = TORNADO
MAX 32 OR BELOW: 0 0.01 INCH OR MORE: 9
MAX 90 OR ABOVE: 0 0.10 INCH OR MORE: 6
MIN 32 OR BELOW: 4 0.50 INCH OR MORE: 2
MIN 0 OR BELOW: 0 1.00 INCH OR MORE: 2
[HDD (BASE 65) ]
TOTAL THIS MO. 471 CLEAR (SCALE 0-3) 9
DPTR FM NORMAL -32 PTCLDY (SCALE 4-7) 13
TOTAL FM JUL 1 587 CLOUDY (SCALE 8-10) 9
DPTR FM NORMAL -137
[CDD (BASE 65) ]
TOTAL THIS MO. 0
DPTR FM NORMAL -1 [PRESSURE DATA]
TOTAL FM JAN 1 681 HIGHEST SLP M ON M
DPTR FM NORMAL 322 LOWEST SLP 29.40 ON 7
[REMARKS]
#FINAL-10-20#