000
CXUS54 KFWD 010831
CF6RBD
PRELIMINARY LOCAL CLIMATOLOGICAL DATA (WS FORM: F-6)
STATION: DALLAS EXECUTIVE
MONTH: NOVEMBER
YEAR: 2023
LATITUDE: 32 40 N
LONGITUDE: 96 52 W
TEMPERATURE IN F: :PCPN: SNOW: WIND :SUNSHINE: SKY :PK WND
================================================================================
1 2 3 4 5 6A 6B 7 8 9 10 11 12 13 14 15 16 17 18
12Z AVG MX 2MIN
DY MAX MIN AVG DEP HDD CDD WTR SNW DPTH SPD SPD DIR MIN PSBL S-S WX SPD DR
================================================================================
1 57 34 46 -16 19 0 0.00 M M 5.0 13 110 M M 0 16 40
2 63 35 49 -13 16 0 0.00 M M 6.7 13 170 M M 0 21 170
3 72 44 58 -3 7 0 0.00 M M 9.6 20 170 M M 0 28 180
4 73 52 63 2 2 0 0.00 M M 8.4 17 180 M M 2 1 24 170
5 79 59 69 8 0 4 0.00 M M 9.1 18 190 M M 2 26 200
6 81 63 72 12 0 7 0.00 M M 12.2 22 180 M M 0 30 180
7 84 62 73 13 0 8 0.00 M M 12.7 22 170 M M 0 32 170
8 85 68 77 17 0 12 0.00 M M 12.0 20 170 M M 0 31 210
9 71 52 62 3 3 0 0.31 M M 9.0 20 350 M M 9 1 29 340
10 60 52 56 -3 9 0 0.01 M M 8.9 15 30 M M 9 1 21 30
11 64 54 59 0 6 0 0.00 M M 6.7 14 70 M M 10 8 18 50
12 63 50 57 -1 8 0 0.00 M M 3.0 8 10 M M 2 10 30
13 65 50 58 0 7 0 T M M 5.6 13 60 M M 1 19 40
14 69 49 59 1 6 0 0.00 M M 2.2 7 90 M M 2 11 70
15 72 49 61 4 4 0 0.00 M M 2.5 10 50 M M 0 1 17 70
16 61 51 56 -1 9 0 0.00 M M 8.2 15 180 M M 9 12 23 190
17 60 56 58 1 7 0 T M M 7.2 15 170 M M 10 1 22 180
18 70 54 62 6 3 0 0.00 M M 3.8 9 350 M M 3 1 13 360
19 66 50 58 2 7 0 0.03 M M 8.7 20 170 M M 8 13 26 170
20 75 53 64 8 1 0 T M M 14.8 25 330 M M 5 1 37 340
21 57 41 49 -6 16 0 0.00 M M 15.3 30 340 M M 8 40 340
22 60 37 49 -6 16 0 0.00 M M 7.9 17 320 M M 0 22 330
23 60 40 50 -5 15 0 0.00 M M 7.5 14 170 M M 0 19 170
24 63 38 51 -3 14 0 0.00 M M 2.9 8 90 M M 2 128 13 110
25 60 40 50 -4 15 0 0.27 M M 6.4 15 110 M M 4 1 20 150
26 51 34 43 -11 22 0 T M M 13.5 25 330 M M 3 1 32 330
27 53 30 42 -12 23 0 0.00 M M 3.4 9 10 M M 0 14 330
28 61 36 49 -4 16 0 0.00 M M 5.3 13 160 M M 2 20 190
29 65 41 53 0 12 0 0.00 M M 8.6 16 190 M M 4 24 190
30 63 53 58 5 7 0 0.32 M M 7.7 15 160 M M 10 123 20 160
================================================================================
SM 1983 1427 270 31 0.94 M 234.8 M 105
================================================================================
AV 66.1 47.6 7.8 FASTST M M 4 MAX(MPH)
MISC ----> 30 340 40 340
================================================================================
NOTES:
# LAST OF SEVERAL OCCURRENCES
COLUMN 17 PEAK WIND IN M.P.H.
PRELIMINARY LOCAL CLIMATOLOGICAL DATA (WS FORM: F-6) , PAGE 2
STATION: DALLAS EXECUTIVE
MONTH: NOVEMBER
YEAR: 2023
LATITUDE: 32 40 N
LONGITUDE: 96 52 W
[TEMPERATURE DATA] [PRECIPITATION DATA] SYMBOLS USED IN COLUMN 16
AVERAGE MONTHLY: 56.8 TOTAL FOR MONTH: 0.94 1 = FOG OR MIST
DPTR FM NORMAL: -0.4 DPTR FM NORMAL: -1.84 2 = FOG REDUCING VISIBILITY
HIGHEST: 85 ON 8 GRTST 24HR 0.32 ON 30-30 TO 1/4 MILE OR LESS
LOWEST: 30 ON 27 3 = THUNDER
SNOW, ICE PELLETS, HAIL 4 = ICE PELLETS
TOTAL MONTH: M 5 = HAIL
GRTST 24HR M ON M 6 = FREEZING RAIN OR DRIZZLE
GRTST DEPTH: M ON M 7 = DUSTSTORM OR SANDSTORM:
VSBY 1/2 MILE OR LESS
8 = SMOKE OR HAZE
[NO. OF DAYS WITH] [WEATHER - DAYS WITH] 9 = BLOWING SNOW
X = TORNADO
MAX 32 OR BELOW: 0 0.01 INCH OR MORE: 5
MAX 90 OR ABOVE: 0 0.10 INCH OR MORE: 3
MIN 32 OR BELOW: 1 0.50 INCH OR MORE: 0
MIN 0 OR BELOW: 0 1.00 INCH OR MORE: 0
[HDD (BASE 65) ]
TOTAL THIS MO. 270 CLEAR (SCALE 0-3) 19
DPTR FM NORMAL 6 PTCLDY (SCALE 4-7) 5
TOTAL FM JUL 1 357 CLOUDY (SCALE 8-10) 6
DPTR FM NORMAL 25
[CDD (BASE 65) ]
TOTAL THIS MO. 31
DPTR FM NORMAL 1 [PRESSURE DATA]
TOTAL FM JAN 1 3300 HIGHEST SLP 30.53 ON 1
DPTR FM NORMAL 471 LOWEST SLP 29.61 ON 30
[REMARKS]
#FINAL-11-23#