000
CXUS56 KSTO 031744
CF6RBL
PRELIMINARY LOCAL CLIMATOLOGICAL DATA (WS FORM: F-6)
STATION: RED BLUFF AIRPORT CA
MONTH: MARCH
YEAR: 2021
LATITUDE: 40 9 N
LONGITUDE: 122 15 W
TEMPERATURE IN F: :PCPN: SNOW: WIND :SUNSHINE: SKY :PK WND
================================================================================
1 2 3 4 5 6A 6B 7 8 9 10 11 12 13 14 15 16 17 18
12Z AVG MX 2MIN
DY MAX MIN AVG DEP HDD CDD WTR SNW DPTH SPD SPD DIR MIN PSBL S-S WX SPD DR
================================================================================
1 67 35 51 -2 14 0 0.00 0.0 0 7.4 20 150 M M 0 24 170
2 73 38 56 3 9 0 0.00 0.0 0 6.9 15 350 M M 0 18 350
3 74 37 56 3 9 0 0.00 0.0 0 8.0 18 170 M M 0 23 170
4 67 41 54 1 11 0 0.00 0.0 0 9.5 20 170 M M 0 24 170
5 68 37 53 0 12 0 0.23 M 0 11.4 25 160 M M 0 34 150
6 60 40 50 -3 15 0 0.41 M 0 4.8 15 160 M M 3 1 19 290
7 66 36 51 -2 14 0 0.00 0.0 0 5.8 14 350 M M 1 19 360
8 58 43 51 -2 14 0 0.07 0.0 0 12.4 28 160 M M 8 36 170
9 54 37 46 -8 19 0 0.20 0.0 0 13.8 30 180 M M 6 3 36 170
10 51 39 45 -9 20 0 0.12 0.0 0 6.4 20 120 M M 9 1 23 120
11 63 37 50 -4 15 0 T 0.0 0 7.8 17 340 M M 2 1 23 350
12 70 42 56 2 9 0 0.00 0.0 0 8.1 18 10 M M 0 8 22 360
13 66 35 51 -3 14 0 0.00 0.0 0 6.1 12 160 M M 0 15 140
14 52 40 46 -8 19 0 0.55 0.0 0 10.9 24 140 M M 7 1 32 140
15 56 38 47 -7 18 0 0.21 0.0 0 6.4 12 330 M M 8 17 320
16 58 39 49 -5 16 0 0.00 0.0 0 6.3 16 360 M M 1 22 10
17 60 40 50 -4 15 0 0.00 0.0 0 6.5 16 180 M M 3 20 190
18 53 47 50 -4 15 0 0.28 0.0 0 12.9 23 150 M M 10 1 27 150
19 62 46 54 -1 11 0 0.02 0.0 0 10.4 20 160 M M 7 29 170
20 61 40 51 -4 14 0 0.00 0.0 0 4.6 12 350 M M 2 16 340
21 70 38 54 -1 11 0 0.00 0.0 0 7.5 17 360 M M 0 22 10
22 67 48 58 3 7 0 0.00 0.0 0 9.1 21 300 M M 4 32 290
23 66 46 56 1 9 0 0.00 0.0 0 17.0 31 350 M M 0 39 350
24 69 41 55 0 10 0 0.00 0.0 0 6.9 16 280 M M 2 21 280
25 68 42 55 0 10 0 0.00 0.0 0 11.6 21 40 M M 1 27 330
26 74 45 60 5 5 0 0.00 0.0 0 8.4 18 340 M M 0 24 350
27 77 45 61 6 4 0 0.00 0.0 0 5.9 12 20 M M 0 14 20
28 77 42 60 4 5 0 0.00 0.0 0 6.0 13 160 M M 0 16 150
29 70 51 61 5 4 0 0.00 0.0 0 16.9 29 340 M M 0 48 330
30 76 51 64 8 1 0 0.00 0.0 0 14.9 29 350 M M 0 41 360
31 81 47 64 8 1 0 0.00 0.0 0 5.4 14 340 M M 0 16 350
================================================================================
SM 2034 1283 350 0 2.09 0.0 276.0 M 74
================================================================================
AV 65.6 41.4 8.9 FASTST M M 2 MAX(MPH)
MISC ----> # 31 350 # 48 330
================================================================================
NOTES:
# LAST OF SEVERAL OCCURRENCES
COLUMN 17 PEAK WIND IN M.P.H.
PRELIMINARY LOCAL CLIMATOLOGICAL DATA (WS FORM: F-6) , PAGE 2
STATION: RED BLUFF AIRPORT CA
MONTH: MARCH
YEAR: 2021
LATITUDE: 40 9 N
LONGITUDE: 122 15 W
[TEMPERATURE DATA] [PRECIPITATION DATA] SYMBOLS USED IN COLUMN 16
AVERAGE MONTHLY: 53.5 TOTAL FOR MONTH: 2.09 1 = FOG OR MIST
DPTR FM NORMAL: -0.8 DPTR FM NORMAL: -1.11 2 = FOG REDUCING VISIBILITY
HIGHEST: 81 ON 31 GRTST 24HR 0.55 ON 14-14 TO 1/4 MILE OR LESS
LOWEST: 35 ON 1,13 3 = THUNDER
SNOW, ICE PELLETS, HAIL 4 = ICE PELLETS
TOTAL MONTH: 0.0 INCH 5 = HAIL
GRTST 24HR 0.0 6 = FREEZING RAIN OR DRIZZLE
GRTST DEPTH: 0 7 = DUSTSTORM OR SANDSTORM:
VSBY 1/2 MILE OR LESS
8 = SMOKE OR HAZE
[NO. OF DAYS WITH] [WEATHER - DAYS WITH] 9 = BLOWING SNOW
X = TORNADO
MAX 32 OR BELOW: 0 0.01 INCH OR MORE: 9
MAX 90 OR ABOVE: 0 0.10 INCH OR MORE: 7
MIN 32 OR BELOW: 0 0.50 INCH OR MORE: 1
MIN 0 OR BELOW: 0 1.00 INCH OR MORE: 0
[HDD (BASE 65) ]
TOTAL THIS MO. 350 CLEAR (SCALE 0-3) 22
DPTR FM NORMAL 14 PTCLDY (SCALE 4-7) 7
TOTAL FM JUL 1 2079 CLOUDY (SCALE 8-10) 2
DPTR FM NORMAL -311
[CDD (BASE 65) ]
TOTAL THIS MO. 0
DPTR FM NORMAL -3 [PRESSURE DATA]
TOTAL FM JAN 1 5 HIGHEST SLP 30.32 ON 21
DPTR FM NORMAL 2 LOWEST SLP 29.68 ON 3
[REMARKS]
#FINAL-03-21#