000
CXUS56 KSTO 020144
CF6RDD
PRELIMINARY LOCAL CLIMATOLOGICAL DATA (WS FORM: F-6)
STATION: REDDING CA AIRPORT AND CITY
MONTH: APRIL
YEAR: 2020
LATITUDE: 40 30 N
LONGITUDE: 122 18 W
TEMPERATURE IN F: :PCPN: SNOW: WIND :SUNSHINE: SKY :PK WND
================================================================================
1 2 3 4 5 6A 6B 7 8 9 10 11 12 13 14 15 16 17 18
12Z AVG MX 2MIN
DY MAX MIN AVG DEP HDD CDD WTR SNW DPTH SPD SPD DIR MIN PSBL S-S WX SPD DR
================================================================================
1 63 38 51 -4 14 0 0.00 0.0 0 8.0 21 360 M M 1 29 10
2 66 40 53 -3 12 0 0.00 0.0 0 6.7 18 10 M M 0 26 10
3 66 35 51 -5 14 0 0.00 0.0 0 5.0 14 360 M M 0 18 330
4 51 41 46 -10 19 0 1.07 0.0 0 6.4 23 170 M M 9 13 29 180
5 57 45 51 -5 14 0 0.04 0.0 0 13.6 29 150 M M 10 13 36 150
6 64 44 54 -2 11 0 0.18 0.0 0 3.6 10 160 M M 5 1 16 160
7 68 41 55 -1 10 0 T 0.0 0 4.7 16 150 M M 2 20 150
8 85 48 67 11 0 2 0.00 0.0 0 8.4 21 20 M M 0 27 40
9 63 44 54 -3 11 0 0.00 0.0 0 4.8 13 160 M M 7 14 160
10 75 51 63 6 2 0 0.00 0.0 0 4.6 14 150 M M 2 17 150
11 76 49 63 6 2 0 0.00 0.0 0 5.8 16 180 M M 2 19 160
12 78 53 66 9 0 1 0.00 0.0 0 5.5 22 360 M M 2 26 360
13 76 48 62 5 3 0 0.00 0.0 0 10.4 25 10 M M 0 32 10
14 79 41 60 2 5 0 0.00 0.0 0 5.1 17 10 M M 0 21 10
15 82 47 65 7 0 0 0.00 0.0 0 4.9 16 360 M M 0 21 10
16 80 56 68 10 0 3 0.00 0.0 0 10.6 26 10 M M 0 32 10
17 79 58 69 11 0 4 0.00 0.0 0 8.3 20 180 M M 0 23 180
18 68 50 59 0 6 0 0.00 0.0 0 6.0 16 190 M M 6 20 190
19 69 50 60 1 5 0 0.00 0.0 0 3.8 14 210 M M 5 17 210
20 71 47 59 0 6 0 0.02 0.0 0 3.5 18 210 M M 1 22 210
21 81 45 63 4 2 0 0.00 0.0 0 3.3 9 160 M M 0 14 150
22 80 48 64 4 1 0 0.00 0.0 0 3.1 15 230 M M 1 21 220
23 82 50 66 6 0 1 0.00 0.0 0 3.3 9 270 M M 0 16 140
24 88 53 71 11 0 6 0.00 0.0 0 4.4 9 360 M M 0 13 340
25 84 57 71 10 0 6 0.00 0.0 0 3.0 10 190 M M 0 8 12 150
26 86 51 69 8 0 4 0.00 0.0 0 3.8 12 150 M M 0 15 130
27 84 59 72 11 0 7 0.00 0.0 0 3.5 10 290 M M 2 16 310
28 93 55 74 12 0 9 0.00 0.0 0 5.0 13 340 M M 0 20 350
29 85 61 73 11 0 8 0.00 0.0 0 4.3 13 160 M M 1 20 180
30 82 59 71 9 0 6 0.00 0.0 0 5.3 16 220 M M 1 20 210
================================================================================
SM 2261 1464 137 57 1.31 0.0 168.7 M 57
================================================================================
AV 75.4 48.8 5.6 FASTST M M 2 MAX(MPH)
MISC ----> # 29 150 # 36 150
================================================================================
NOTES:
# LAST OF SEVERAL OCCURRENCES
COLUMN 17 PEAK WIND IN M.P.H.
PRELIMINARY LOCAL CLIMATOLOGICAL DATA (WS FORM: F-6) , PAGE 2
STATION: REDDING CA AIRPORT AND CITY
MONTH: APRIL
YEAR: 2020
LATITUDE: 40 30 N
LONGITUDE: 122 18 W
[TEMPERATURE DATA] [PRECIPITATION DATA] SYMBOLS USED IN COLUMN 16
AVERAGE MONTHLY: 62.1 TOTAL FOR MONTH: 1.31 1 = FOG OR MIST
DPTR FM NORMAL: 3.8 DPTR FM NORMAL: -1.17 2 = FOG REDUCING VISIBILITY
HIGHEST: 93 ON 28 GRTST 24HR 1.07 ON 4- 4 TO 1/4 MILE OR LESS
LOWEST: 35 ON 3 3 = THUNDER
SNOW, ICE PELLETS, HAIL 4 = ICE PELLETS
TOTAL MONTH: 0.0 INCH 5 = HAIL
GRTST 24HR 0.0 6 = FREEZING RAIN OR DRIZZLE
GRTST DEPTH: 0 7 = DUSTSTORM OR SANDSTORM:
VSBY 1/2 MILE OR LESS
8 = SMOKE OR HAZE
[NO. OF DAYS WITH] [WEATHER - DAYS WITH] 9 = BLOWING SNOW
X = TORNADO
MAX 32 OR BELOW: 0 0.01 INCH OR MORE: 4
MAX 90 OR ABOVE: 1 0.10 INCH OR MORE: 2
MIN 32 OR BELOW: 0 0.50 INCH OR MORE: 1
MIN 0 OR BELOW: 0 1.00 INCH OR MORE: 1
[HDD (BASE 65) ]
TOTAL THIS MO. 137 CLEAR (SCALE 0-3) 24
DPTR FM NORMAL -85 PTCLDY (SCALE 4-7) 4
TOTAL FM JUL 1 2258 CLOUDY (SCALE 8-10) 2
DPTR FM NORMAL -478
[CDD (BASE 65) ]
TOTAL THIS MO. 57
DPTR FM NORMAL 36 [PRESSURE DATA]
TOTAL FM JAN 1 60 HIGHEST SLP 30.27 ON 14
DPTR FM NORMAL 36 LOWEST SLP 29.49 ON 5
[REMARKS]
#FINAL-04-20#