000
CXUS51 KPHI 161555
CF6RDG
PRELIMINARY LOCAL CLIMATOLOGICAL DATA (WS FORM: F-6)
STATION: READING PA
MONTH: APRIL
YEAR: 2022
LATITUDE: 40 22 N
LONGITUDE: 75 58 W
TEMPERATURE IN F: :PCPN: SNOW: WIND :SUNSHINE: SKY :PK WND
================================================================================
1 2 3 4 5 6A 6B 7 8 9 10 11 12 13 14 15 16 17 18
12Z AVG MX 2MIN
DY MAX MIN AVG DEP HDD CDD WTR SNW DPTH SPD SPD DIR MIN PSBL S-S WX SPD DR
================================================================================
1 58 41 50 3 15 0 0.07 0.0 0 16.7 31 280 M M 8 1 50 270
2 54 36 45 -3 20 0 0.00 0.0 0 6.9 24 310 M M 3 32 310
3 52 41 47 -1 18 0 0.10 0.0 0 10.2 28 300 M M 8 18 37 270
4 53 33 43 -5 22 0 0.00 0.0 0 7.0 18 300 M M 5 23 280
5 63 37 50 1 15 0 0.11 0.0 0 5.2 13 120 M M 8 1 17 130
6 59 47 53 4 12 0 0.70 0.0 0 9.0 16 60 M M 10 1 23 50
7 51 47 49 0 16 0 1.60 0.0 0 7.6 17 110 M M 10 13 25 120
8 63 42 53 3 12 0 0.06 0.0 0 7.1 23 300 M M 4 1 29 240
9 57 42 50 0 15 0 0.16 0.0 0 7.2 24 310 M M 7 1 29 300
10 51 38 45 -6 20 0 T 0.0 0 13.8 26 300 M M 8 34 290
11 63 33 48 -3 17 0 T 0.0 0 6.0 17 210 M M 1 21 200
12 72 50 61 10 4 0 0.02 0.0 0 3.6 14 280 M M 4 18 270
13 80 51 66 14 0 1 0.00 0.0 0 6.1 17 220 M M 2 22 220
14 83 46 65 13 0 0 0.03 0.0 0 10.2 31 320 M M 3 38 320
15 71 39 55 3 10 0 0.00 0.0 0 10.3 24 180 M M 0 36 190
16 73 48 61 8 4 0 T 0.0 0 10.1 23 210 M M 6 33 190
17 51 34 43 -10 22 0 T 0.0 0 10.3 30 340 M M 3 41 330
18 48 27 38 -16 27 0 1.32 T 0 7.2 17 120 M M 5 1 25 120
19 51 37 44 -10 21 0 0.20 T 0 16.4 31 270 M M 6 1 41 270
20 59 38 49 -5 16 0 0.00 0.0 0 7.6 18 290 M M 1 23 290
21 63 44 54 -1 11 0 T 0.0 0 8.3 21 190 M M 4 8 29 190
22 69 43 56 1 9 0 0.00 0.0 0 6.2 20 300 M M 1 1 25 300
23 65 51 58 3 7 0 T 0.0 0 3.7 10 130 M M 7 13 160
24 76 47 62 6 3 0 0.00 0.0 0 5.9 16 120 M M 0 8 22 120
25 65 49 57 1 8 0 0.00 0.0 0 6.4 16 120 M M 9 22 120
26 64 51 58 2 7 0 0.04 0.0 0 6.0 15 290 M M 9 18 21 290
27 53 37 45 -12 20 0 T 0.0 0 16.9 28 310 M M 7 37 310
28 58 35 47 -10 18 0 0.00 0.0 0 15.1 31 320 M M 3 38 340
29 63 36 50 -7 15 0 0.00 0.0 0 11.4 25 320 M M 0 29 310
30 69 34 52 -6 13 0 0.00 0.0 0 4.2 15 290 M M 0 21 340
================================================================================
SM 1857 1234 397 1 4.41 T 262.6 M 142
================================================================================
AV 61.9 41.1 8.8 FASTST M M 5 MAX(MPH)
MISC ----> # 31 280 50 270
================================================================================
NOTES:
# LAST OF SEVERAL OCCURRENCES
COLUMN 17 PEAK WIND IN M.P.H.
PRELIMINARY LOCAL CLIMATOLOGICAL DATA (WS FORM: F-6) , PAGE 2
STATION: READING PA
MONTH: APRIL
YEAR: 2022
LATITUDE: 40 22 N
LONGITUDE: 75 58 W
[TEMPERATURE DATA] [PRECIPITATION DATA] SYMBOLS USED IN COLUMN 16
AVERAGE MONTHLY: 51.5 TOTAL FOR MONTH: 4.41 1 = FOG OR MIST
DPTR FM NORMAL: -1.0 DPTR FM NORMAL: 1.06 2 = FOG REDUCING VISIBILITY
HIGHEST: 83 ON 14 GRTST 24HR 1.60 ON 7- 7 TO 1/4 MILE OR LESS
LOWEST: 27 ON 18 3 = THUNDER
SNOW, ICE PELLETS, HAIL 4 = ICE PELLETS
TOTAL MONTH: T 5 = HAIL
GRTST 24HR T ON 18-18 6 = FREEZING RAIN OR DRIZZLE
GRTST DEPTH: 0 7 = DUSTSTORM OR SANDSTORM:
VSBY 1/2 MILE OR LESS
8 = SMOKE OR HAZE
[NO. OF DAYS WITH] [WEATHER - DAYS WITH] 9 = BLOWING SNOW
X = TORNADO
MAX 32 OR BELOW: 0 0.01 INCH OR MORE: 12
MAX 90 OR ABOVE: 0 0.10 INCH OR MORE: 7
MIN 32 OR BELOW: 1 0.50 INCH OR MORE: 3
MIN 0 OR BELOW: 0 1.00 INCH OR MORE: 2
[HDD (BASE 65) ]
TOTAL THIS MO. 397 CLEAR (SCALE 0-3) 11
DPTR FM NORMAL 12 PTCLDY (SCALE 4-7) 13
TOTAL FM JUL 1 4497 CLOUDY (SCALE 8-10) 6
DPTR FM NORMAL -471
[CDD (BASE 65) ]
TOTAL THIS MO. 1
DPTR FM NORMAL -10 [PRESSURE DATA]
TOTAL FM JAN 1 1 HIGHEST SLP M ON M
DPTR FM NORMAL -10 LOWEST SLP 29.48 ON 1
[REMARKS]
#FINAL-04-22#