000
CXUS52 KRAH 132311 RRA
CLSRDU
CLIMATE REPORT
NATIONAL WEATHER SERVICE RALEIGH NC
706 PM EDT MON SEP 13 2021
...................................
...THE RALEIGH NC CLIMATE SUMMARY FOR THE SEASON, FROM
6/1/2021 TO 8/31/2021...
CLIMATE NORMAL PERIOD 1991 TO 2020
CLIMATE RECORD PERIOD 1887 TO 2021
WEATHER OBSERVED NORMAL DEPART LAST YEAR`S
VALUE DATE(S) VALUE FROM VALUE
NORMAL
..............................................................
TEMPERATURE (F)
RECORD
HIGH 105 07/08/2012
06/30/2012
06/29/2012
LOW 38 06/08/1977
HIGHEST 100 08/13
LOWEST 53 06/01
AVG. MAXIMUM 88.4 88.9 -0.5
AVG. MINIMUM 68.9 68.4 0.5
MEAN 78.7 78.7 -0.0
DAYS MAX >= 90 47 44.4 2.6
DAYS MAX <= 32 0 0.0 0.0
DAYS MIN <= 32 0 0.0 0.0
DAYS MIN <= 0 0 0.0 0.0
PRECIPITATION (INCHES)
RECORD
MAXIMUM 25.97 1908
MINIMUM 4.21 1993
TOTALS 15.87 13.62 2.25
DAYS >= .01 30 33.6 -3.6
DAYS >= 1.00 7 3.8 3.2
GREATEST
24 HR. TOTAL 3.38 06/02 TO 06/03
DEGREE DAYS
COOLING TOTAL 1280 1262 18
SINCE 1/1 1498 1496 2
..............................................................
WIND (MPH)
AVERAGE WIND SPEED 5.8
HIGHEST WIND SPEED/DIRECTION 37/210 DATE 07/01
HIGHEST GUST SPEED/DIRECTION 48/210 DATE 07/01
SKY COVER
POSSIBLE SUNSHINE (PERCENT) MM
AVERAGE SKY COVER 0.60
NUMBER OF DAYS FAIR 16
NUMBER OF DAYS PC 48
NUMBER OF DAYS CLOUDY 28
AVERAGE RH (PERCENT) 76
WEATHER CONDITIONS. NUMBER OF DAYS WITH
THUNDERSTORM 23 MIXED PRECIP 0
HEAVY RAIN 12 RAIN 14
LIGHT RAIN 37 FREEZING RAIN 0
LT FREEZING RAIN 0 HAIL 0
HEAVY SNOW 0 SNOW 0
LIGHT SNOW 0 SLEET 0
FOG 49 FOG W/VIS <= 1/4 MILE 4
HAZE 1
- INDICATES NEGATIVE NUMBERS.
R INDICATES RECORD WAS SET OR TIED.
MM INDICATES DATA IS MISSING.
T INDICATES TRACE AMOUNT.
$$