000
CXUS56 KBOI 011750
CF6REO
PRELIMINARY LOCAL CLIMATOLOGICAL DATA (WS FORM: F-6)
STATION: ROME OR
MONTH: JANUARY
YEAR: 2024
LATITUDE: 42 35 N
LONGITUDE: 117 52 W
TEMPERATURE IN F: :PCPN: SNOW: WIND :SUNSHINE: SKY :PK WND
================================================================================
1 2 3 4 5 6A 6B 7 8 9 10 11 12 13 14 15 16 17 18
12Z AVG MX 2MIN
DY MAX MIN AVG DEP HDD CDD WTR SNW DPTH SPD SPD DIR MIN PSBL S-S WX SPD DR
================================================================================
1 33 24 29 -1 36 0 0.00 M M 1.2 7 160 M M 0 9 150
2 30 26 28 -2 37 0 0.00 M M 2.3 7 30 M M 0 8 20
3 35 28 32 2 33 0 0.39 M M 3.3 8 240 M M 0 10 230
4 39 17 28 -2 37 0 0.03 M M 7.2 14 180 M M 0 19 170
5 42 25 34 4 31 0 0.00 M M 8.1 23 290 M M 0 31 290
6 37 23 30 0 35 0 0.00 M M 13.9 30 230 M M 0 40 240
7 35 17 26 -4 39 0 0.00 M M 8.1 12 310 M M 0 M M
8 37 14 26 -4 39 0 0.03 M M 9.3 23 170 M M 0 31 170
9 42 28 35 5 30 0 0.00 M M 20.5 39 260 M M 0 55 270
10 35 21 28 -2 37 0 0.11 M M 13.9 32 250 M M 0 45 250
11 34 17 26 -4 39 0 0.00 M M 18.3 32 240 M M 0 44 230
12 38 26 32 2 33 0 0.00 M M 19.9 30 250 M M 0 45 230
13 25 10 18 -13 47 0 0.61 M M 8.6 16 60 M M 0 20 60
14 36 8 22 -9 43 0 0.01 M M 2.8 23 50 M M 0 26 50
15 20 -6 7 -24 58 0 0.00 M M 3.7 10 50 M M 0 11 50
16 12 -5 4 -27 61 0 0.22 M M 2.3 8 30 M M 0 10 50
17 42 11 27 -4 38 0 0.04 M M 12.5 28 220 M M 0 39 220
18 43 33 38 7 27 0 0.00 M M 9.5 21 220 M M 0 29 240
19 39 32 36 5 29 0 0.00 M M 3.3 8 100 M M 0 10 20
20 37 27 32 1 33 0 0.00 M M 3.5 9 60 M M 0 12 130
21 51 33 42 11 23 0 0.03 M M 8.2 15 210 M M 0 20 170
22 48 36 42 11 23 0 0.02 M M 3.9 16 180 M M 0 22 170
23 48 30 39 7 26 0 0.00 M M 4.9 12 160 M M 0 16 170
24 47 29 38 6 27 0 0.12 M M 9.3 23 230 M M 0 33 230
25 47 29 38 6 27 0 0.05 M M 5.2 14 160 M M 0 18 160
26 45 27 36 4 29 0 0.04 M M 3.8 15 180 M M 0 19 170
27 56 37 47 15 18 0 0.01 M M 3.8 14 190 M M 0 19 180
28 60 38 49 17 16 0 0.02 M M 5.3 9 80 M M 0 16 60
29 40 34 37 5 28 0 0.01 M M 2.1 7 50 M M 0 8 40
30 41 33 37 5 28 0 0.00 M M 2.3 12 70 M M 0 15 70
31 50 31 41 9 24 0 0.00 M M 3.0 9 60 M M 0 11 80
================================================================================
SM 1224 733 1031 0 1.74 M 224.0 M 0
================================================================================
AV 39.5 23.6 7.2 FASTST M M 0 MAX(MPH)
MISC ----> 39 260 55 270
================================================================================
NOTES:
# LAST OF SEVERAL OCCURRENCES
COLUMN 17 PEAK WIND IN M.P.H.
PRELIMINARY LOCAL CLIMATOLOGICAL DATA (WS FORM: F-6) , PAGE 2
STATION: ROME OR
MONTH: JANUARY
YEAR: 2024
LATITUDE: 42 35 N
LONGITUDE: 117 52 W
[TEMPERATURE DATA] [PRECIPITATION DATA] SYMBOLS USED IN COLUMN 16
AVERAGE MONTHLY: 31.6 TOTAL FOR MONTH: 1.74 1 = FOG OR MIST
DPTR FM NORMAL: 0.8 DPTR FM NORMAL: 0.90 2 = FOG REDUCING VISIBILITY
HIGHEST: 60 ON 28 GRTST 24HR 0.61 ON 13-13 TO 1/4 MILE OR LESS
LOWEST: -6 ON 15 3 = THUNDER
SNOW, ICE PELLETS, HAIL 4 = ICE PELLETS
TOTAL MONTH: M 5 = HAIL
GRTST 24HR M ON M 6 = FREEZING RAIN OR DRIZZLE
GRTST DEPTH: M ON M 7 = DUSTSTORM OR SANDSTORM:
VSBY 1/2 MILE OR LESS
8 = SMOKE OR HAZE
[NO. OF DAYS WITH] [WEATHER - DAYS WITH] 9 = BLOWING SNOW
X = TORNADO
MAX 32 OR BELOW: 4 0.01 INCH OR MORE: 16
MAX 90 OR ABOVE: 0 0.10 INCH OR MORE: 5
MIN 32 OR BELOW: 24 0.50 INCH OR MORE: 1
MIN 0 OR BELOW: 2 1.00 INCH OR MORE: 0
[HDD (BASE 65) ]
TOTAL THIS MO. 1031 CLEAR (SCALE 0-3) 31
DPTR FM NORMAL -28 PTCLDY (SCALE 4-7) 0
TOTAL FM JUL 1 3383 CLOUDY (SCALE 8-10) 0
DPTR FM NORMAL -258
[CDD (BASE 65) ]
TOTAL THIS MO. 0
DPTR FM NORMAL 0 [PRESSURE DATA]
TOTAL FM JAN 1 0 HIGHEST SLP 30.52 ON 15
DPTR FM NORMAL 0 LOWEST SLP 29.56 ON 10
[REMARKS]
#FINAL-01-24#