000
CXUS53 KGRB 010912
CF6RHI
PRELIMINARY LOCAL CLIMATOLOGICAL DATA (WS FORM: F-6)
STATION: RHINELANDER WI
MONTH: AUGUST
YEAR: 2021
LATITUDE: 45 37 N
LONGITUDE: 89 27 W
TEMPERATURE IN F: :PCPN: SNOW: WIND :SUNSHINE: SKY :PK WND
================================================================================
1 2 3 4 5 6A 6B 7 8 9 10 11 12 13 14 15 16 17 18
12Z AVG MX 2MIN
DY MAX MIN AVG DEP HDD CDD WTR SNW DPTH SPD SPD DIR MIN PSBL S-S WX SPD DR
================================================================================
1 72 48 60 -7 5 0 0.00 0.0 0 4.5 13 320 M M 3 18 20 10
2 78 44 61 -6 4 0 0.00 0.0 0 4.8 14 250 M M 4 12 22 220
3 79 54 67 0 0 2 0.00 0.0 0 6.4 13 260 M M 1 18 17 250
4 83 54 69 2 0 4 0.00 0.0 0 5.5 13 220 M M 1 128 20 280
5 76 59 68 2 0 3 0.13 0.0 0 8.7 17 220 M M 5 1 26 180
6 81 61 71 5 0 6 0.00 0.0 0 4.5 10 90 M M 7 18 15 200
7 72 61 67 1 0 2 0.61 0.0 0 6.9 14 170 M M 10 1 22 160
8 76 66 71 5 0 6 1.25 0.0 0 6.3 20 100 M M 9 123 30 140
9 81 63 72 6 0 7 0.01 0.0 0 2.2 12 230 M M 6 12 17 220
10 80 62 71 5 0 6 0.02 0.0 0 5.4 15 200 M M 6 12 24 220
11 82 59 71 5 0 6 0.03 0.0 0 7.6 16 260 M M 5 13 23 250
12 79 48 64 -2 1 0 0.10 0.0 0 7.2 18 260 M M 4 1 28 290
13 71 45 58 -8 7 0 0.00 0.0 0 5.2 14 290 M M 2 1 26 270
14 78 45 62 -3 3 0 0.00 0.0 0 2.9 12 270 M M 0 1 16 260
15 82 56 69 4 0 4 0.00 0.0 0 6.9 15 220 M M 1 20 210
16 79 53 66 1 0 1 0.00 0.0 0 5.0 14 220 M M 0 1 21 210
17 80 50 65 0 0 0 0.00 0.0 0 5.2 15 220 M M 0 12 22 220
18 84 56 70 5 0 5 0.00 0.0 0 3.2 12 190 M M 1 12 16 180
19 86 54 70 5 0 5 0.00 0.0 0 2.1 9 240 M M 2 12 13 230
20 85 56 71 7 0 6 0.00 0.0 0 5.9 15 190 M M 2 12 24 140
21 82 48 65 1 0 0 0.04 0.0 0 9.6 21 260 M M 5 1 29 260
22 77 44 61 -3 4 0 T 0.0 0 3.7 10 130 M M 0 1 16 180
23 83 57 70 6 0 5 T 0.0 0 6.3 17 210 M M 4 12 24 210
24 74 57 66 2 0 1 0.32 0.0 0 4.4 15 130 M M 5 123 21 140
25 85 53 69 5 0 4 0.00 0.0 0 4.5 16 270 M M 1 1 22 260
26 77 49 63 0 2 0 0.03 0.0 0 4.3 15 110 M M 2 128 20 90
27 68 57 63 0 2 0 0.25 0.0 0 6.7 15 110 M M 10 1 19 110
28 82 65 74 11 0 9 1.04 0.0 0 4.6 25 280 M M 5 13 39 260
29 77 59 68 5 0 3 0.83 0.0 0 9.8 23 270 M M 5 13 32 270
30 76 51 64 2 1 0 0.00 0.0 0 5.6 17 280 M M 1 1 25 280
31 74 48 61 -1 4 0 0.00 0.0 0 2.7 10 80 M M 1 12 17 20
================================================================================
SM 2439 1682 33 85 4.66 0.0 168.6 M 108
================================================================================
AV 78.7 54.3 5.4 FASTST M M 3 MAX(MPH)
MISC ----> 25 280 39 260
================================================================================
NOTES:
# LAST OF SEVERAL OCCURRENCES
COLUMN 17 PEAK WIND IN M.P.H.
PRELIMINARY LOCAL CLIMATOLOGICAL DATA (WS FORM: F-6) , PAGE 2
STATION: RHINELANDER WI
MONTH: AUGUST
YEAR: 2021
LATITUDE: 45 37 N
LONGITUDE: 89 27 W
[TEMPERATURE DATA] [PRECIPITATION DATA] SYMBOLS USED IN COLUMN 16
AVERAGE MONTHLY: 66.5 TOTAL FOR MONTH: 4.66 1 = FOG OR MIST
DPTR FM NORMAL: 1.6 DPTR FM NORMAL: 1.57 2 = FOG REDUCING VISIBILITY
HIGHEST: 86 ON 19 GRTST 24HR 1.65 ON 28-29 TO 1/4 MILE OR LESS
LOWEST: 44 ON 22, 2 3 = THUNDER
SNOW, ICE PELLETS, HAIL 4 = ICE PELLETS
TOTAL MONTH: 0.0 INCH 5 = HAIL
GRTST 24HR 0.0 6 = FREEZING RAIN OR DRIZZLE
GRTST DEPTH: 0 7 = DUSTSTORM OR SANDSTORM:
VSBY 1/2 MILE OR LESS
8 = SMOKE OR HAZE
[NO. OF DAYS WITH] [WEATHER - DAYS WITH] 9 = BLOWING SNOW
X = TORNADO
MAX 32 OR BELOW: 0 0.01 INCH OR MORE: 13
MAX 90 OR ABOVE: 0 0.10 INCH OR MORE: 8
MIN 32 OR BELOW: 0 0.50 INCH OR MORE: 4
MIN 0 OR BELOW: 0 1.00 INCH OR MORE: 2
[HDD (BASE 65) ]
TOTAL THIS MO. 33 CLEAR (SCALE 0-3) 16
DPTR FM NORMAL -44 PTCLDY (SCALE 4-7) 12
TOTAL FM JUL 1 62 CLOUDY (SCALE 8-10) 3
DPTR FM NORMAL -65
[CDD (BASE 65) ]
TOTAL THIS MO. 85
DPTR FM NORMAL 13 [PRESSURE DATA]
TOTAL FM JAN 1 313 HIGHEST SLP 30.29 ON 14
DPTR FM NORMAL 58 LOWEST SLP 29.63 ON 11
[REMARKS]
#FINAL-08-21#