000
CXUS53 KGRB 010651
CLMRHI
CLIMATE REPORT
NATIONAL WEATHER SERVICE GREEN BAY
151 AM CDT SUN OCT 01 2023
...................................
...THE RHINELANDER WI CLIMATE SUMMARY FOR THE MONTH OF SEPTEMBER 2023...
CLIMATE NORMAL PERIOD: 1991 TO 2020
CLIMATE RECORD PERIOD: 1908 TO 2023
WEATHER OBSERVED NORMAL DEPART LAST YEAR`S
VALUE DATE(S) VALUE FROM VALUE DATE(S)
NORMAL
................................................................
TEMPERATURE (F)
RECORD
HIGH 98 09/10/1908
LOW 21 09/30/1918
HIGHEST 94 09/04 83 11 85 09/01
LOWEST 33 09/14 29 4 23 09/28
AVG. MAXIMUM 70.4 69.0 1.4 68.9
AVG. MINIMUM 51.3 44.7 6.6 45.6
MEAN 60.8 56.9 3.9 57.3
DAYS MAX >= 90 2 0.1 1.9 0
DAYS MAX <= 32 0 0.0 0.0 0
DAYS MIN <= 32 0 2.7 -2.7 4
DAYS MIN <= 0 0 0.0 0.0 0
PRECIPITATION (INCHES)
RECORD
MAXIMUM 8.90 1934
MINIMUM 0.40 1976
TOTALS 3.21 3.90 -0.69 1.42
DAYS >= .01 12 12.1 -0.1 9
DAYS >= .10 5 7.5 -2.5 3
DAYS >= .50 3 1.9 1.1 1
DAYS >= 1.00 0 1.0 -1.0 0
GREATEST
STORM TOTAL 0.99
(MM/DD(HH))
SNOWFALL (INCHES)
RECORDS
TOTAL 0.5 1985
TOTALS 0.0 0.0 0.0 0.0
SINCE 7/1 0.0 0.0 0.0 MM
DAYS >= TRACE 0 0.0 0.0 0
DAYS >= 1.0 0 0.0 0.0 0
GREATEST
SNOW DEPTH 0 0 MM
24 HR TOTAL MM
DEGREE DAYS
HEATING TOTAL 173 270 -97 254
SINCE 7/1 305 397 -92 MM
COOLING TOTAL 56 25 31 29
SINCE 1/1 292 280 12 MM
................................................................
WIND (MPH)
AVERAGE WIND SPEED 5.5
HIGHEST WIND SPEED/DIRECTION 21/110 DATE 09/24
HIGHEST GUST SPEED/DIRECTION 31/100 DATE 09/24
SKY COVER
POSSIBLE SUNSHINE (PERCENT) MM
AVERAGE SKY COVER 0.55
NUMBER OF DAYS FAIR 7
NUMBER OF DAYS PC 13
NUMBER OF DAYS CLOUDY 10
AVERAGE RH (PERCENT) 76
WEATHER CONDITIONS. NUMBER OF DAYS WITH
THUNDERSTORM 4 MIXED PRECIP 0
HEAVY RAIN 4 RAIN 6
LIGHT RAIN 14 FREEZING RAIN 0
LT FREEZING RAIN 0 HAIL 0
HEAVY SNOW 0 SNOW 0
LIGHT SNOW 0 SLEET 0
FOG 23 FOG W/VIS <= 1/4 MILE 8
HAZE 1
- INDICATES NEGATIVE NUMBERS.
R INDICATES RECORD WAS SET OR TIED.
MM INDICATES DATA IS MISSING.
T INDICATES TRACE AMOUNT.
$$