000
CXUS53 KGRB 031203
CLSRHI
CLIMATE REPORT
NATIONAL WEATHER SERVICE GREEN BAY
603 AM CST WED MAR 03 2021
...................................
...THE RHINELANDER WI CLIMATE SUMMARY FOR THE SEASON, FROM
12/1/2020 TO 2/28/2021...
CLIMATE NORMAL PERIOD: 1981 TO 2010
CLIMATE RECORD PERIOD: 1908 TO 2021
WEATHER OBSERVED NORMAL DEPART LAST YEAR`S
VALUE DATE(S) VALUE FROM VALUE DATE(S)
NORMAL
................................................................
TEMPERATURE (F)
RECORD
HIGH 62 12/02/1998
LOW -42 02/03/1996
HIGHEST 48 12/10 48 0 45 02/23
LOWEST -33 02/15 -27 -6 -25 02/14
AVG. MAXIMUM 24.7 24.2 0.5 26.4
AVG. MINIMUM 6.6 6.0 0.6 8.9
MEAN 15.7 15.1 0.6 17.7
DAYS MAX >= 90 0 0.0 0.0 0
DAYS MAX <= 32 69 70.1 -1.1 69
DAYS MIN <= 32 90 88.6 1.4 90
DAYS MIN <= 0 27 30.5 -3.5 24
PRECIPITATION (INCHES)
RECORD
MAXIMUM 7.94 2005
MINIMUM 0.93 1958
TOTALS 3.34 3.48 -0.14 5.68
DAILY AVG. 0.04 0.04 0.00 0.06
DAYS >= .01 28 MM MM MM
DAYS >= .10 13 MM MM MM
DAYS >= .50 1 MM MM 2
DAYS >= 1.00 0 MM MM MM
SNOWFALL (INCHES)
RECORDS
TOTAL 79.0 1969
24 HR TOTAL MM
TOTALS 37.0 MM MM 52.9
SINCE 7/1 49.9 MM MM MM
DAYS >= TRACE 46 MM MM MM
DAYS >= 1.0 14 MM MM MM
GREATEST
SNOW DEPTH 16 02/04 21 01/25
01/24
24 HR TOTAL 8.4
DEGREE DAYS
HEATING TOTAL 4392 4488 -96 4281
SINCE 7/1 6195 6621 -426 6488
COOLING TOTAL 0 0 0 0
SINCE 1/1 0 0 0 0
FREEZE DATES
RECORD
EARLIEST 08/27/1915
LATEST 07/30/1928
EARLIEST 10/01
LATEST 05/31
................................................................
WIND (MPH)
AVERAGE WIND SPEED 6.3
RESULTANT WIND SPEED/DIRECTION 3/260
HIGHEST WIND SPEED/DIRECTION 28/210 DATE 02/26
HIGHEST GUST SPEED/DIRECTION 39/260 DATE 01/20
SKY COVER
POSSIBLE SUNSHINE (PERCENT) MM
AVERAGE SKY COVER 0.64
NUMBER OF DAYS FAIR 20
NUMBER OF DAYS PC 28
NUMBER OF DAYS CLOUDY 42
AVERAGE RH (PERCENT) 74
WEATHER CONDITIONS. NUMBER OF DAYS WITH
THUNDERSTORM 0 MIXED PRECIP 0
HEAVY RAIN 0 RAIN 0
LIGHT RAIN 2 FREEZING RAIN 0
LT FREEZING RAIN 2 HAIL 0
HEAVY SNOW 1 SNOW 6
LIGHT SNOW 46 SLEET 0
FOG 55 FOG W/VIS <= 1/4 MILE 14
HAZE 20
- INDICATES NEGATIVE NUMBERS.
R INDICATES RECORD WAS SET OR TIED.
MM INDICATES DATA IS MISSING.
T INDICATES TRACE AMOUNT.
$$