000
CXUS51 KAKQ 010833
CF6RIC
PRELIMINARY LOCAL CLIMATOLOGICAL DATA (WS FORM: F-6)
STATION: RICHMOND VA
MONTH: JUNE
YEAR: 2020
LATITUDE: 37 30 N
LONGITUDE: 77 20 W
TEMPERATURE IN F: :PCPN: SNOW: WIND :SUNSHINE: SKY :PK WND
================================================================================
1 2 3 4 5 6A 6B 7 8 9 10 11 12 13 14 15 16 17 18
12Z AVG MX 2MIN
DY MAX MIN AVG DEP HDD CDD WTR SNW DPTH SPD SPD DIR MIN PSBL S-S WX SPD DR
================================================================================
1 74 54 64 -7 1 0 0.00 0.0 0 7.0 15 350 M M 4 20 30
2 84 56 70 -1 0 5 0.00 0.0 0 8.9 17 230 M M 6 24 230
3 92 67 80 8 0 15 0.00 0.0 0 11.0 22 230 M M 6 26 250
4 94 73 84 12 0 19 0.00 0.0 0 9.4 18 200 M M 5 23 200
5 86 72 79 7 0 14 T 0.0 0 10.0 24 170 M M 6 3 30 200
6 92 70 81 8 0 16 0.53 0.0 0 7.2 22 210 M M 6 13 29 50
7 85 65 75 2 0 10 0.02 0.0 0 7.8 18 350 M M 4 22 330
8 88 59 74 1 0 9 0.00 0.0 0 4.3 10 100 M M 2 17 260
9 91 64 78 4 0 13 0.00 0.0 0 5.6 14 200 M M 7 18 190
10 92 73 83 9 0 18 T 0.0 0 12.8 28 190 M M 7 36 200
11 86 71 79 5 0 14 1.30 0.0 0 11.5 20 190 M M 10 13 26 190
12 86 66 76 2 0 11 0.00 0.0 0 6.1 16 10 M M 4 1 21 10
13 81 62 72 -3 0 7 0.00 0.0 0 8.4 17 10 M M 2 22 30
14 79 61 70 -5 0 5 0.00 0.0 0 8.5 16 80 M M 4 24 80
15 68 60 64 -11 1 0 0.17 0.0 0 8.1 14 50 M M 10 1 19 40
16 67 60 64 -12 1 0 0.58 0.0 0 11.5 18 40 M M 10 1 23 30
17 70 62 66 -10 0 1 0.31 0.0 0 11.6 21 40 M M 10 1 25 40
18 81 66 74 -2 0 9 0.01 0.0 0 6.7 12 200 M M 7 1 16 160
19 83 65 74 -2 0 9 0.48 0.0 0 4.8 22 190 M M 8 138 25 200
20 81 66 74 -3 0 9 0.00 0.0 0 3.7 13 70 M M 8 1 18 170
21 86 66 76 -1 0 11 0.00 0.0 0 3.7 9 120 M M 6 12 12 120
22 91 68 80 3 0 15 0.25 0.0 0 5.5 25 170 M M 5 13 32 150
23 90 66 78 1 0 13 T 0.0 0 9.0 23 210 M M 6 1 27 210
24 88 70 79 1 0 14 0.00 0.0 0 8.2 17 220 M M 4 22 220
25 84 65 75 -3 0 10 1.15 0.0 0 6.3 32 330 M M 8 13 42 10
26 89 63 76 -2 0 11 0.00 0.0 0 6.9 16 220 M M 4 1 21 220
27 92 68 80 2 0 15 0.00 0.0 0 9.2 21 220 M M 5 28 220
28 90 73 82 4 0 17 0.19 0.0 M 6.7 25 260 M M 7 32 260
29 90 70 80 2 0 15 0.00 0.0 0 6.6 17 360 M M 4 22 10
30 89 68 79 0 0 14 0.26 0.0 0 3.7 28 160 M M 6 33 170
================================================================================
SM 2549 1969 3 319 5.25 0.0 230.7 M 181
================================================================================
AV 85.0 65.6 7.7 FASTST M M 6 MAX(MPH)
MISC ----> # 32 330 # 42 10
================================================================================
NOTES:
# LAST OF SEVERAL OCCURRENCES
COLUMN 17 PEAK WIND IN M.P.H.
PRELIMINARY LOCAL CLIMATOLOGICAL DATA (WS FORM: F-6) , PAGE 2
STATION: RICHMOND VA
MONTH: JUNE
YEAR: 2020
LATITUDE: 37 30 N
LONGITUDE: 77 20 W
[TEMPERATURE DATA] [PRECIPITATION DATA] SYMBOLS USED IN COLUMN 16
AVERAGE MONTHLY: 75.3 TOTAL FOR MONTH: 5.25 1 = FOG OR MIST
DPTR FM NORMAL: 0.0 DPTR FM NORMAL: 1.32 2 = FOG REDUCING VISIBILITY
HIGHEST: 94 ON 4 GRTST 24HR 1.30 ON 11-11 TO 1/4 MILE OR LESS
LOWEST: 54 ON 1 3 = THUNDER
SNOW, ICE PELLETS, HAIL 4 = ICE PELLETS
TOTAL MONTH: 0.0 INCH 5 = HAIL
GRTST 24HR 0.0 6 = FREEZING RAIN OR DRIZZLE
GRTST DEPTH: 0 7 = DUSTSTORM OR SANDSTORM:
VSBY 1/2 MILE OR LESS
8 = SMOKE OR HAZE
[NO. OF DAYS WITH] [WEATHER - DAYS WITH] 9 = BLOWING SNOW
X = TORNADO
MAX 32 OR BELOW: 0 0.01 INCH OR MORE: 12
MAX 90 OR ABOVE: 10 0.10 INCH OR MORE: 10
MIN 32 OR BELOW: 0 0.50 INCH OR MORE: 4
MIN 0 OR BELOW: 0 1.00 INCH OR MORE: 2
[HDD (BASE 65) ]
TOTAL THIS MO. 3 CLEAR (SCALE 0-3) 2
DPTR FM NORMAL -4 PTCLDY (SCALE 4-7) 23
TOTAL FM JUL 1 3279 CLOUDY (SCALE 8-10) 5
DPTR FM NORMAL -494
[CDD (BASE 65) ]
TOTAL THIS MO. 319
DPTR FM NORMAL 4 [PRESSURE DATA]
TOTAL FM JAN 1 459 HIGHEST SLP 30.36 ON 15
DPTR FM NORMAL -17 LOWEST SLP 29.72 ON 24
[REMARKS]
#FINAL-06-20#