000
CXUS51 KAKQ 021819
CLMRIC
CLIMATE REPORT
NATIONAL WEATHER SERVICE WAKEFIELD VA
219 PM EDT MON OCT 02 2023
...................................
...THE RICHMOND VA CLIMATE SUMMARY FOR THE MONTH OF SEPTEMBER 2023...
CLIMATE NORMAL PERIOD: 1991 TO 2020
CLIMATE RECORD PERIOD: 1871 TO 2023
WEATHER OBSERVED NORMAL DEPART LAST YEAR`S
VALUE DATE(S) VALUE FROM VALUE DATE(S)
NORMAL
................................................................
TEMPERATURE (F)
RECORD
HIGH 103 09/07/1954
LOW 35 09/24/1974
HIGHEST 101 09/06 93 8 93 09/22
LOWEST 54 09/16 49 5 48 09/28
AVG. MAXIMUM 83.3 81.2 2.1 84.4
AVG. MINIMUM 63.1 61.1 2.0 61.2
MEAN 73.2 71.2 2.0 72.8
DAYS MAX >= 90 7 4.0 3.0 10
DAYS MAX <= 32 0 0.0 0.0 0
DAYS MIN <= 32 0 0.0 0.0 0
DAYS MIN <= 0 0 0.0 0.0 0
PRECIPITATION (INCHES)
RECORD
MAXIMUM 16.60 1999
MINIMUM 0.08 2005
TOTALS 4.99 4.61 0.38 1.68
DAILY AVG. 0.17 0.15 0.02 0.06
DAYS >= .01 10 9.3 0.7 9
DAYS >= .10 8 5.7 2.3 4
DAYS >= .50 2 2.8 -0.8 1
DAYS >= 1.00 1 1.4 -0.4 0
GREATEST
24 HR. TOTAL 2.84 09/22 TO 09/23
DEGREE DAYS
HEATING TOTAL 4
SINCE 7/1 4 19 -15 MM
COOLING TOTAL 258 206 52 260
SINCE 1/1 1563 1516 47 MM
................................................................
WIND (MPH)
AVERAGE WIND SPEED 6.8
HIGHEST WIND SPEED/DIRECTION 45/250 DATE 09/07
HIGHEST GUST SPEED/DIRECTION 60/250 DATE 09/07
SKY COVER
POSSIBLE SUNSHINE (PERCENT) MM
AVERAGE SKY COVER 0.56
AVERAGE RH (PERCENT) 68
WEATHER CONDITIONS. NUMBER OF DAYS WITH
THUNDERSTORM 3 MIXED PRECIP 0
HEAVY RAIN 5 RAIN 7
LIGHT RAIN 11 FREEZING RAIN 0
LT FREEZING RAIN 0 HAIL 0
HEAVY SNOW 0 SNOW 0
LIGHT SNOW 0 SLEET 0
FOG 15 FOG W/VIS <= 1/4 MILE 0
HAZE 3
- INDICATES NEGATIVE NUMBERS.
R INDICATES RECORD WAS SET OR TIED.
MM INDICATES DATA IS MISSING.
T INDICATES TRACE AMOUNT.
$$