000
CXUS56 KSGX 011045
CF6RIV
PRELIMINARY LOCAL CLIMATOLOGICAL DATA (WS FORM: F-6)
STATION: RIVERSIDE/MARCH ARB CA
MONTH: APRIL
YEAR: 2023
LATITUDE: 33 53 N
LONGITUDE: 117-15 E
TEMPERATURE IN F: :PCPN: SNOW: WIND :SUNSHINE: SKY :PK WND
================================================================================
1 2 3 4 5 6A 6B 7 8 9 10 11 12 13 14 15 16 17 18
12Z AVG MX 2MIN
DY MAX MIN AVG DEP HDD CDD WTR SNW DPTH SPD SPD DIR MIN PSBL S-S WX SPD DR
================================================================================
1 70 37 54 M 11 0 0.00 M M 3.4 12 320 M M 0 M M
2 69 36 53 M 12 0 0.00 M M 3.5 10 300 M M 0 M M
3 60 34 47 M 18 0 0.00 M M 9.9 18 280 M M 5 31 300
4 60 30 45 M 20 0 0.00 M M 4.6 13 260 M M 0 21 260
5 66 33 50 M 15 0 0.00 M M 1.6 9 300 M M 0 M M
6 71 38 55 M 10 0 0.00 M M 3.9 13 90 M M 0 21 90
7 71 41 56 M 9 0 0.00 M M 3.5 14 320 M M 0 M M
8 72 40 56 M 9 0 0.00 M M 3.2 12 290 M M 0 M M
9 82 43 63 M 2 0 0.00 M M 2.9 9 300 M M 0 M M
10 87 46 67 M 0 2 0.00 M M 2.1 12 290 M M 0 M M
11 80 46 63 M 2 0 0.00 M M 3.0 12 300 M M 0 M M
12 69 51 60 M 5 0 0.00 M M 5.3 13 300 M M 7 12 M M
13 53 47 50 M 15 0 T M M 7.7 14 160 M M 9 M M
14 64 44 54 M 11 0 T M M 4.7 9 330 M M 5 M M
15 77 39 58 M 7 0 0.00 M M 3.6 10 340 M M 0 M M
16 73 44 59 M 6 0 0.00 M M 4.3 10 320 M M 0 M M
17 65 45 55 M 10 0 T M M 3.8 10 310 M M 6 12 M M
18 65 48 57 M 8 0 T M M 5.3 12 300 M M 7 M M
19 69 40 55 M 10 0 0.00 M M 4.8 10 310 M M 2 17 290
20 82 37 60 M 5 0 0.00 M M 3.3 13 310 M M 2 M M
21 87 43 65 M 0 0 0.00 M M 2.5 13 300 M M 0 M M
22 88 48 68 M 0 3 0.00 M M 2.5 10 310 M M 0 M M
23 82 48 65 M 0 0 0.00 M M 3.9 13 330 M M 0 18 300
24 73 51 62 M 3 0 0.00 M M 2.9 10 320 M M 4 1 M M
25 73 50 62 M 3 0 T M M 3.9 12 300 M M 4 1 M M
26 86 46 66 M 0 1 0.00 M M 4.3 13 300 M M 1 1 20 300
27 88 47 68 M 0 3 0.00 M M 4.8 16 320 M M 0 20 320
28 86 48 67 M 0 2 0.00 M M 4.5 13 300 M M 0 M M
29 90 49 70 M 0 5 0.00 M M 4.2 12 300 M M 0 M M
30 81 50 66 M 0 1 0.00 M M 5.5 14 320 M M 2 1 M M
================================================================================
SM 2239 1299 191 17 T M 123.2 M 54
================================================================================
AV 74.6 43.3 4.1 FASTST M M 2 MAX(MPH)
MISC ----> 18 280 31 300
================================================================================
NOTES:
# LAST OF SEVERAL OCCURRENCES
COLUMN 17 PEAK WIND IN M.P.H.
PRELIMINARY LOCAL CLIMATOLOGICAL DATA (WS FORM: F-6) , PAGE 2
STATION: RIVERSIDE/MARCH ARB CA
MONTH: APRIL
YEAR: 2023
LATITUDE: 33 53 N
LONGITUDE: 117-15 E
[TEMPERATURE DATA] [PRECIPITATION DATA] SYMBOLS USED IN COLUMN 16
AVERAGE MONTHLY: 59.0 TOTAL FOR MONTH: T 1 = FOG OR MIST
DPTR FM NORMAL: 0.0 DPTR FM NORMAL: M 2 = FOG REDUCING VISIBILITY
HIGHEST: 90 ON 29 GRTST 24HR T ON 13-13 TO 1/4 MILE OR LESS
LOWEST: 30 ON 4 3 = THUNDER
SNOW, ICE PELLETS, HAIL 4 = ICE PELLETS
TOTAL MONTH: M 5 = HAIL
GRTST 24HR M ON M 6 = FREEZING RAIN OR DRIZZLE
GRTST DEPTH: M ON M 7 = DUSTSTORM OR SANDSTORM:
VSBY 1/2 MILE OR LESS
8 = SMOKE OR HAZE
[NO. OF DAYS WITH] [WEATHER - DAYS WITH] 9 = BLOWING SNOW
X = TORNADO
MAX 32 OR BELOW: 0 0.01 INCH OR MORE: 0
MAX 90 OR ABOVE: 1 0.10 INCH OR MORE: 0
MIN 32 OR BELOW: 1 0.50 INCH OR MORE: 0
MIN 0 OR BELOW: 0 1.00 INCH OR MORE: 0
[HDD (BASE 65) ]
TOTAL THIS MO. 191 CLEAR (SCALE 0-3) 22
DPTR FM NORMAL M PTCLDY (SCALE 4-7) 7
TOTAL FM JUL 1 2372 CLOUDY (SCALE 8-10) 1
DPTR FM NORMAL M
[CDD (BASE 65) ]
TOTAL THIS MO. 17
DPTR FM NORMAL M [PRESSURE DATA]
TOTAL FM JAN 1 17 HIGHEST SLP M ON M
DPTR FM NORMAL M LOWEST SLP M ON M
[REMARKS]
#FINAL-04-23#