000
CXUS55 KRIW 061355
CF6RIW
PRELIMINARY LOCAL CLIMATOLOGICAL DATA (WS FORM: F-6)
STATION: RIVERTON WY
MONTH: APRIL
YEAR: 2021
LATITUDE: 43 2 N
LONGITUDE: 108 27 W
TEMPERATURE IN F: :PCPN: SNOW: WIND :SUNSHINE: SKY :PK WND
================================================================================
1 2 3 4 5 6A 6B 7 8 9 10 11 12 13 14 15 16 17 18
12Z AVG MX 2MIN
DY MAX MIN AVG DEP HDD CDD WTR SNW DPTH SPD SPD DIR MIN PSBL S-S WX SPD DR
================================================================================
1 67 25 46 5 19 0 0.00 0.0 0 7.4 20 280 M M 0 23 270
2 70 28 49 8 16 0 0.00 0.0 0 9.1 22 280 M M 0 30 250
3 73 39 56 15 9 0 0.00 0.0 0 8.4 22 260 M M 0 29 270
4 76 38 57 16 8 0 0.00 0.0 0 11.2 25 280 M M 0 44 280
5 72 34 53 12 12 0 0.07 0.0 0 9.9 28 30 M M 2 43 30
6 72 32 52 10 13 0 0.32 T T 11.5 31 30 M M 10 1 42 30
7 58 32 45 3 20 0 0.00 0.0 0 7.9 21 310 M M 4 28 300
8 62 31 47 5 18 0 0.00 0.0 0 15.7 33 10 M M 2 45 10
9 49 25 37 -5 28 0 0.00 0.0 0 8.2 25 10 M M 3 35 10
10 65 32 49 7 16 0 0.00 0.0 0 15.3 31 270 M M 0 40 280
11 43 26 35 -7 30 0 T T 0 10.3 28 30 M M 5 40 20
12 39 24 32 -10 33 0 T T T 12.3 23 20 M M 9 18 31 30
13 36 22 29 -14 36 0 0.00 0.0 0 11.4 21 20 M M 10 30 20
14 27 22 25 -18 40 0 0.39 4.8 0 7.5 16 50 M M 10 12 20 60
15 31 23 27 -16 38 0 0.25 2.4 6 8.9 17 360 M M 10 1 22 10
16 39 26 33 -10 32 0 0.07 0.3 2 8.2 20 10 M M 9 128 26 30
17 50 23 37 -7 28 0 0.00 0.0 0 8.4 17 20 M M 2 12 26 350
18 60 30 45 1 20 0 0.00 0.0 0 8.5 20 300 M M 2 27 300
19 38 12 25 -19 40 0 0.21 3.0 0 11.6 28 10 M M 8 168 38 10
20 34 10 22 -22 43 0 0.00 0.0 2 4.4 13 310 M M 4 15 310
21 45 22 34 -10 31 0 0.00 0.0 0 4.6 13 110 M M 3 20 80
22 59 24 42 -3 23 0 0.00 0.0 0 6.7 20 20 M M 2 26 20
23 49 27 38 -7 27 0 0.00 0.0 0 10.3 18 60 M M 4 25 70
24 58 24 41 -4 24 0 0.00 0.0 0 7.6 20 230 M M 0 26 240
25 64 35 50 4 15 0 0.00 0.0 0 10.8 32 260 M M 6 40 240
26 57 38 48 2 17 0 T 0.0 0 11.5 24 350 M M 4 33 320
27 53 36 45 -1 20 0 0.16 0.0 0 7.9 16 10 M M 8 1 23 10
28 67 30 49 3 16 0 0.00 0.0 0 8.3 21 300 M M 0 27 290
29 72 35 54 7 11 0 0.00 0.0 0 7.3 16 310 M M 0 23 50
30 80 47 64 17 1 0 0.00 0.0 0 9.3 17 270 M M 0 23 230
================================================================================
SM 1665 852 684 0 1.47 10.5 280.4 M 117
================================================================================
AV 55.5 28.4 9.3 FASTST M M 4 MAX(MPH)
MISC ----> 33 10 45 10
================================================================================
NOTES:
# LAST OF SEVERAL OCCURRENCES
COLUMN 17 PEAK WIND IN M.P.H.
PRELIMINARY LOCAL CLIMATOLOGICAL DATA (WS FORM: F-6) , PAGE 2
STATION: RIVERTON WY
MONTH: APRIL
YEAR: 2021
LATITUDE: 43 2 N
LONGITUDE: 108 27 W
[TEMPERATURE DATA] [PRECIPITATION DATA] SYMBOLS USED IN COLUMN 16
AVERAGE MONTHLY: 42.0 TOTAL FOR MONTH: 1.47 1 = FOG OR MIST
DPTR FM NORMAL: -1.5 DPTR FM NORMAL: 0.27 2 = FOG REDUCING VISIBILITY
HIGHEST: 80 ON 30 GRTST 24HR 0.61 ON 14-15 TO 1/4 MILE OR LESS
LOWEST: 10 ON 20 3 = THUNDER
SNOW, ICE PELLETS, HAIL 4 = ICE PELLETS
TOTAL MONTH: 10.5 INCHES 5 = HAIL
GRTST 24HR 4.8 ON 14-14 6 = FREEZING RAIN OR DRIZZLE
GRTST DEPTH: 6 ON 15 7 = DUSTSTORM OR SANDSTORM:
VSBY 1/2 MILE OR LESS
8 = SMOKE OR HAZE
[NO. OF DAYS WITH] [WEATHER - DAYS WITH] 9 = BLOWING SNOW
X = TORNADO
MAX 32 OR BELOW: 2 0.01 INCH OR MORE: 7
MAX 90 OR ABOVE: 0 0.10 INCH OR MORE: 5
MIN 32 OR BELOW: 22 0.50 INCH OR MORE: 0
MIN 0 OR BELOW: 0 1.00 INCH OR MORE: 0
[HDD (BASE 65) ]
TOTAL THIS MO. 684 CLEAR (SCALE 0-3) 15
DPTR FM NORMAL 37 PTCLDY (SCALE 4-7) 8
TOTAL FM JUL 1 7376 CLOUDY (SCALE 8-10) 7
DPTR FM NORMAL -59
[CDD (BASE 65) ]
TOTAL THIS MO. 0
DPTR FM NORMAL 0 [PRESSURE DATA]
TOTAL FM JAN 1 0 HIGHEST SLP 30.44 ON 20
DPTR FM NORMAL 0 LOWEST SLP 29.44 ON 26
[REMARKS]
#FINAL-04-21#