000
CXUS51 KRNK 010816
CF6RNK
PRELIMINARY LOCAL CLIMATOLOGICAL DATA (WS FORM: F-6)
STATION: BLACKSBURG VA
MONTH: MAY
YEAR: 2022
LATITUDE: 37 13 N
LONGITUDE: 80 25 W
TEMPERATURE IN F: :PCPN: SNOW: WIND :SUNSHINE: SKY :PK WND
================================================================================
1 2 3 4 5 6A 6B 7 8 9 10 11 12 13 14 15 16 17 18
12Z AVG MX 2MIN
DY MAX MIN AVG DEP HDD CDD WTR SNW DPTH SPD SPD DIR MIN PSBL S-S WX SPD DR
================================================================================
1 69 42 56 0 9 0 0.03 0.0 0 1.9 9 170 M M 6 123 M M
2 81 47 64 7 1 0 0.00 0.0 0 3.2 12 300 M M 2 1 18 280
3 82 46 64 7 1 0 0.21 0.0 0 2.6 13 180 M M 3 123 24 180
4 80 54 67 10 0 2 0.02 0.0 0 4.5 12 320 M M 3 12 24 310
5 75 45 60 2 5 0 0.00 0.0 0 3.6 14 100 M M 5 17 130
6 70 53 62 4 3 0 0.72 0.0 0 4.7 12 250 M M 10 13 38 250
7 61 44 53 -5 12 0 0.41 0.0 0 4.2 10 60 M M 10 1 18 50
8 55 39 47 -11 18 0 T 0.0 0 7.0 10 100 M M 8 18 60
9 68 35 52 -6 13 0 0.00 0.0 0 3.5 9 110 M M 0 1 M M
10 76 32 54 -5 11 0 0.00 0.0 0 4.0 13 80 M M 0 18 10
11 79 41 60 1 5 0 0.00 0.0 0 4.5 13 90 M M 0 18 90
12 73 45 59 0 6 0 0.15 0.0 0 5.9 14 80 M M 6 1 21 70
13 70 58 64 5 1 0 0.32 0.0 0 5.7 14 80 M M 9 1 22 80
14 75 56 66 6 0 1 0.08 0.0 0 2.3 9 80 M M 7 13 M M
15 79 56 68 8 0 3 T 0.0 0 1.2 7 310 M M 7 12 M M
16 74 49 62 2 3 0 0.01 0.0 0 5.5 16 310 M M 6 13 30 300
17 74 46 60 0 5 0 0.00 0.0 0 4.4 20 310 M M 1 28 300
18 78 47 63 2 2 0 0.00 0.0 0 3.0 12 170 M M 2 18 190
19 82 59 71 10 0 6 T 0.0 0 4.7 15 310 M M 6 3 21 300
20 86 56 71 10 0 6 0.00 0.0 0 2.4 9 180 M M 0 18 200
21 84 57 71 10 0 6 T 0.0 0 1.6 12 160 M M 2 3 16 150
22 83 59 71 9 0 6 0.37 0.0 0 0.9 22 300 M M 4 13 31 300
23 67 53 60 -2 5 0 1.61 0.0 0 4.0 13 60 M M 9 1 17 60
24 62 51 57 -5 8 0 0.55 0.0 0 5.8 12 50 M M 10 1 17 50
25 64 55 60 -2 5 0 0.02 0.0 0 5.3 10 120 M M 10 1 M M
26 69 57 63 0 2 0 0.73 0.0 0 7.5 13 110 M M 10 13 M M
27 73 54 64 1 1 0 1.24 0.0 0 1.9 22 320 M M 9 13 32 320
28 72 53 63 0 2 0 0.00 0.0 0 3.4 13 300 M M 8 18 300
29 80 49 65 2 0 0 0.00 0.0 0 1.6 9 130 M M 3 12 M M
30 83 54 69 5 0 4 0.00 0.0 0 1.7 8 130 M M 2 1 M M
31 86 57 72 8 0 7 T 0.0 0 0.8 8 340 M M 3 1 M M
================================================================================
SM 2310 1549 118 41 6.47 0.0 113.3 M 161
================================================================================
AV 74.5 50.0 3.7 FASTST M M 5 MAX(MPH)
MISC ----> # 22 300 38 250
================================================================================
NOTES:
# LAST OF SEVERAL OCCURRENCES
COLUMN 17 PEAK WIND IN M.P.H.
PRELIMINARY LOCAL CLIMATOLOGICAL DATA (WS FORM: F-6) , PAGE 2
STATION: BLACKSBURG VA
MONTH: MAY
YEAR: 2022
LATITUDE: 37 13 N
LONGITUDE: 80 25 W
[TEMPERATURE DATA] [PRECIPITATION DATA] SYMBOLS USED IN COLUMN 16
AVERAGE MONTHLY: 62.2 TOTAL FOR MONTH: 6.47 1 = FOG OR MIST
DPTR FM NORMAL: 2.0 DPTR FM NORMAL: 2.00 2 = FOG REDUCING VISIBILITY
HIGHEST: 86 ON 31,20 GRTST 24HR 1.61 ON 23-23 TO 1/4 MILE OR LESS
LOWEST: 32 ON 10 3 = THUNDER
SNOW, ICE PELLETS, HAIL 4 = ICE PELLETS
TOTAL MONTH: 0.0 INCH 5 = HAIL
GRTST 24HR 0.0 6 = FREEZING RAIN OR DRIZZLE
GRTST DEPTH: 0 7 = DUSTSTORM OR SANDSTORM:
VSBY 1/2 MILE OR LESS
8 = SMOKE OR HAZE
[NO. OF DAYS WITH] [WEATHER - DAYS WITH] 9 = BLOWING SNOW
X = TORNADO
MAX 32 OR BELOW: 0 0.01 INCH OR MORE: 15
MAX 90 OR ABOVE: 0 0.10 INCH OR MORE: 10
MIN 32 OR BELOW: 1 0.50 INCH OR MORE: 5
MIN 0 OR BELOW: 0 1.00 INCH OR MORE: 2
[HDD (BASE 65) ]
TOTAL THIS MO. 118 CLEAR (SCALE 0-3) 12
DPTR FM NORMAL -65 PTCLDY (SCALE 4-7) 10
TOTAL FM JUL 1 4497 CLOUDY (SCALE 8-10) 9
DPTR FM NORMAL -764
[CDD (BASE 65) ]
TOTAL THIS MO. 41
DPTR FM NORMAL 9 [PRESSURE DATA]
TOTAL FM JAN 1 43 HIGHEST SLP M ON M
DPTR FM NORMAL 8 LOWEST SLP M ON M
[REMARKS]
#FINAL-05-22#