000
CXUS56 KSGX 011145
CF6RNM
PRELIMINARY LOCAL CLIMATOLOGICAL DATA (WS FORM: F-6)
STATION: RAMONA AIRPORT CA
MONTH: DECEMBER
YEAR: 2021
LATITUDE: 33 2 N
LONGITUDE: 116 55 W
TEMPERATURE IN F: :PCPN: SNOW: WIND :SUNSHINE: SKY :PK WND
================================================================================
1 2 3 4 5 6A 6B 7 8 9 10 11 12 13 14 15 16 17 18
12Z AVG MX 2MIN
DY MAX MIN AVG DEP HDD CDD WTR SNW DPTH SPD SPD DIR MIN PSBL S-S WX SPD DR
================================================================================
1 86 37 62 10 3 0 0.00 M M 5.3 21 90 M M 0 24 90
2 75 37 56 4 9 0 0.00 M M 3.0 13 310 M M 1 12 16 300
3 68 34 51 -1 14 0 0.00 M M 3.9 12 260 M M 5 128 15 300
4 68 39 54 3 11 0 0.00 M M 3.5 14 300 M M 6 128 17 300
5 72 38 55 4 10 0 0.00 M M 2.5 12 300 M M 4 128 14 290
6 77 34 56 5 9 0 0.00 M M 3.3 15 300 M M 1 128 18 300
7 57 42 50 -1 15 0 0.04 M M 2.4 10 70 M M 9 128 12 110
8 67 39 53 2 12 0 0.00 M M 3.1 15 270 M M 5 1 19 270
9 56 46 51 0 14 0 0.21 M M 6.6 18 290 M M 10 1 23 280
10 57 34 46 -4 19 0 0.01 M M 3.0 10 260 M M 7 12 12 250
11 67 31 49 -1 16 0 0.00 M M 2.3 12 280 M M 0 12 16 270
12 65 27 46 -4 19 0 0.00 M M 2.8 13 270 M M 0 1 17 260
13 56 32 44 -6 21 0 0.03 M M 2.7 12 220 M M 8 12 14 230
14 55 40 48 -2 17 0 1.49 M M 12.1 33 270 M M 9 1 43 270
15 55 30 43 -7 22 0 0.00 M M 2.6 12 270 M M 1 1 13 270
16 58 26 42 -8 23 0 0.04 M M 2.9 14 250 M M 3 1 17 280
17 66 35 51 1 14 0 0.01 M M 5.3 17 90 M M 3 12 23 90
18 68 26 47 -3 18 0 0.00 M M 3.8 13 300 M M 0 1 16 280
19 67 26 47 -3 18 0 0.00 M M 2.9 12 280 M M 0 M M
20 72 22 47 -3 18 0 0.00 M M 1.9 13 310 M M 0 1 14 310
21 67 41 54 4 11 0 0.00 M M 2.6 13 300 M M 2 15 300
22 70 38 54 4 11 0 T M M 2.3 13 310 M M 1 14 260
23 65 48 57 7 8 0 0.75 M M 4.9 22 170 M M 10 1 27 180
24 56 45 51 1 14 0 0.81 M M 8.6 33 260 M M 9 1 49 260
25 53 46 50 0 15 0 0.13 M M 6.1 15 250 M M 10 1 18 260
26 54 33 44 -6 21 0 0.30 M M 6.4 20 290 M M 4 1 25 290
27 53 34 44 -6 21 0 0.40 M M 7.7 22 230 M M 8 1 27 240
28 49 42 46 -4 19 0 0.34 M M 5.9 21 270 M M 9 1 27 280
29 53 41 47 -4 18 0 0.06 M M 4.6 13 190 M M 10 1 17 160
30 63 46 55 4 10 0 T M M 5.4 14 200 M M 8 19 160
31 59 45 52 1 13 0 T M M 6.1 17 260 M M 9 1 20 260
================================================================================
SM 1954 1134 463 0 4.62 M 136.5 M 152
================================================================================
AV 63.0 36.6 4.4 FASTST M M 5 MAX(MPH)
MISC ----> # 33 270 49 260
================================================================================
NOTES:
# LAST OF SEVERAL OCCURRENCES
COLUMN 17 PEAK WIND IN M.P.H.
PRELIMINARY LOCAL CLIMATOLOGICAL DATA (WS FORM: F-6) , PAGE 2
STATION: RAMONA AIRPORT CA
MONTH: DECEMBER
YEAR: 2021
LATITUDE: 33 2 N
LONGITUDE: 116 55 W
[TEMPERATURE DATA] [PRECIPITATION DATA] SYMBOLS USED IN COLUMN 16
AVERAGE MONTHLY: 49.8 TOTAL FOR MONTH: 4.62 1 = FOG OR MIST
DPTR FM NORMAL: -0.8 DPTR FM NORMAL: 2.54 2 = FOG REDUCING VISIBILITY
HIGHEST: 86 ON 1 GRTST 24HR 1.55 ON 23-24 TO 1/4 MILE OR LESS
LOWEST: 22 ON 20 3 = THUNDER
SNOW, ICE PELLETS, HAIL 4 = ICE PELLETS
TOTAL MONTH: M 5 = HAIL
GRTST 24HR M ON M 6 = FREEZING RAIN OR DRIZZLE
GRTST DEPTH: M ON M 7 = DUSTSTORM OR SANDSTORM:
VSBY 1/2 MILE OR LESS
8 = SMOKE OR HAZE
[NO. OF DAYS WITH] [WEATHER - DAYS WITH] 9 = BLOWING SNOW
X = TORNADO
MAX 32 OR BELOW: 0 0.01 INCH OR MORE: 14
MAX 90 OR ABOVE: 0 0.10 INCH OR MORE: 8
MIN 32 OR BELOW: 8 0.50 INCH OR MORE: 3
MIN 0 OR BELOW: 0 1.00 INCH OR MORE: 1
[HDD (BASE 65) ]
TOTAL THIS MO. 463 CLEAR (SCALE 0-3) 11
DPTR FM NORMAL 17 PTCLDY (SCALE 4-7) 11
TOTAL FM JUL 1 792 CLOUDY (SCALE 8-10) 9
DPTR FM NORMAL -19
[CDD (BASE 65) ]
TOTAL THIS MO. 0
DPTR FM NORMAL 0 [PRESSURE DATA]
TOTAL FM JAN 1 989 HIGHEST SLP 30.25 ON 15
DPTR FM NORMAL 32 LOWEST SLP 29.67 ON 31
[REMARKS]
#FINAL-12-21#