000
CXUS51 KBUF 010905
CF6ROC
PRELIMINARY LOCAL CLIMATOLOGICAL DATA (WS FORM: F-6)
STATION: ROCHESTER NY
MONTH: FEBRUARY
YEAR: 2021
LATITUDE: 43 7 N
LONGITUDE: 77 40 W
TEMPERATURE IN F: :PCPN: SNOW: WIND :SUNSHINE: SKY :PK WND
================================================================================
1 2 3 4 5 6A 6B 7 8 9 10 11 12 13 14 15 16 17 18
12Z AVG MX 2MIN
DY MAX MIN AVG DEP HDD CDD WTR SNW DPTH SPD SPD DIR MIN PSBL S-S WX SPD DR
================================================================================
1 25 18 22 -2 43 0 0.04 0.5 6 11.0 18 50 M M 10 1 22 50
2 30 24 27 3 38 0 0.59 5.9 6 13.7 28 20 M M 10 12 35 20
3 33 24 29 4 36 0 0.06 0.6 9 13.9 22 290 M M 7 19 29 310
4 38 18 28 3 37 0 0.00 0.0 9 8.6 16 270 M M 3 8 20 270
5 37 23 30 5 35 0 0.07 0.6 7 17.4 31 280 M M 9 149 40 290
6 25 9 17 -8 48 0 0.08 2.0 6 12.5 32 260 M M 7 189 43 270
7 24 7 16 -9 49 0 0.02 0.6 7 10.1 24 270 M M 8 19 35 280
8 24 2 13 -12 52 0 T 0.1 7 6.2 16 250 M M 6 1 19 240
9 27 18 23 -2 42 0 0.10 1.3 8 4.2 15 260 M M 10 1 19 250
10 23 8 16 -9 49 0 T T 8 8.1 16 260 M M 7 19 260
11 26 10 18 -8 47 0 0.05 1.9 7 5.8 17 340 M M 9 1 21 340
12 17 10 14 -12 51 0 0.02 0.5 9 7.7 15 110 M M 9 1 18 110
13 18 8 13 -13 52 0 T 0.1 9 7.8 14 90 M M 10 1 17 70
14 25 14 20 -6 45 0 T 0.1 8 5.8 13 310 M M 9 18 17 310
15 28 12 20 -6 45 0 0.28 2.6 8 4.8 16 110 M M 10 1 20 80
16 27 15 21 -5 44 0 0.57 4.7 11 11.5 21 280 M M 10 1469 29 280
17 27 3 15 -12 50 0 T T 11 6.6 16 310 M M 7 1 22 310
18 25 17 21 -6 44 0 0.04 0.8 10 6.8 16 120 M M 10 1 19 130
19 32 22 27 0 38 0 T 0.8 11 8.6 18 290 M M 10 1 21 300
20 29 19 24 -3 41 0 0.14 6.2 12 9.9 18 300 M M 10 18 24 330
21 32 6 19 -8 46 0 T T 16 6.8 12 160 M M 4 1 17 160
22 37 28 33 5 32 0 0.08 0.4 13 16.0 28 270 M M 10 1489 39 270
23 38 30 34 6 31 0 0.01 0.2 11 15.0 25 270 M M 10 18 35 270
24 54 27 41 13 24 0 T 0.0 9 13.9 32 270 M M 7 1 48 290
25 35 24 30 2 35 0 0.00 0.0 6 12.3 24 270 M M 6 32 280
26 39 23 31 2 34 0 0.00 0.0 5 6.5 13 140 M M 4 17 140
27 45 30 38 9 27 0 0.05 0.0 4 14.6 32 270 M M 7 8 39 280
28 44 26 35 6 30 0 0.03 0.0 2 8.1 21 140 M M 9 1 28 130
================================================================================
SM 864 475 1145 0 2.23 29.9 274.2 M 228
================================================================================
AV 30.9 17.0 9.8 FASTST M M 8 MAX(MPH)
MISC ----> # 32 260 48 290
================================================================================
NOTES:
# LAST OF SEVERAL OCCURRENCES
COLUMN 17 PEAK WIND IN M.P.H.
PRELIMINARY LOCAL CLIMATOLOGICAL DATA (WS FORM: F-6) , PAGE 2
STATION: ROCHESTER NY
MONTH: FEBRUARY
YEAR: 2021
LATITUDE: 43 7 N
LONGITUDE: 77 40 W
[TEMPERATURE DATA] [PRECIPITATION DATA] SYMBOLS USED IN COLUMN 16
AVERAGE MONTHLY: 23.9 TOTAL FOR MONTH: 2.23 1 = FOG OR MIST
DPTR FM NORMAL: -2.5 DPTR FM NORMAL: 0.28 2 = FOG REDUCING VISIBILITY
HIGHEST: 54 ON 24 GRTST 24HR 0.71 ON 15-16 TO 1/4 MILE OR LESS
LOWEST: 2 ON 8 3 = THUNDER
SNOW, ICE PELLETS, HAIL 4 = ICE PELLETS
TOTAL MONTH: 29.9 INCHES 5 = HAIL
GRTST 24HR 6.2 ON 20-20 6 = FREEZING RAIN OR DRIZZLE
GRTST DEPTH: 16 ON 21 7 = DUSTSTORM OR SANDSTORM:
VSBY 1/2 MILE OR LESS
8 = SMOKE OR HAZE
[NO. OF DAYS WITH] [WEATHER - DAYS WITH] 9 = BLOWING SNOW
X = TORNADO
MAX 32 OR BELOW: 18 0.01 INCH OR MORE: 17
MAX 90 OR ABOVE: 0 0.10 INCH OR MORE: 5
MIN 32 OR BELOW: 28 0.50 INCH OR MORE: 2
MIN 0 OR BELOW: 0 1.00 INCH OR MORE: 0
[HDD (BASE 65) ]
TOTAL THIS MO. 1145 CLEAR (SCALE 0-3) 1
DPTR FM NORMAL 63 PTCLDY (SCALE 4-7) 11
TOTAL FM JUL 1 4423 CLOUDY (SCALE 8-10) 16
DPTR FM NORMAL -362
[CDD (BASE 65) ]
TOTAL THIS MO. 0
DPTR FM NORMAL 0 [PRESSURE DATA]
TOTAL FM JAN 1 0 HIGHEST SLP 30.57 ON 21
DPTR FM NORMAL 0 LOWEST SLP 29.41 ON 5
[REMARKS]
#FINAL-02-21#