000
CXUS51 KBUF 011659
CF6ROC
PRELIMINARY LOCAL CLIMATOLOGICAL DATA (WS FORM: F-6)
STATION: ROCHESTER NY
MONTH: SEPTEMBER
YEAR: 2020
LATITUDE: 43 7 N
LONGITUDE: 77 40 W
TEMPERATURE IN F: :PCPN: SNOW: WIND :SUNSHINE: SKY :PK WND
================================================================================
1 2 3 4 5 6A 6B 7 8 9 10 11 12 13 14 15 16 17 18
12Z AVG MX 2MIN
DY MAX MIN AVG DEP HDD CDD WTR SNW DPTH SPD SPD DIR MIN PSBL S-S WX SPD DR
================================================================================
1 78 66 72 5 0 7 0.00 0.0 0 7.9 16 200 M M 8 21 200
2 81 64 73 7 0 8 0.09 0.0 0 10.5 23 260 M M 9 1 29 260
3 81 59 70 4 0 5 0.06 0.0 0 7.1 21 320 M M 6 1 26 270
4 75 53 64 -2 1 0 0.00 0.0 0 9.3 21 270 M M 5 28 280
5 73 50 62 -4 3 0 0.17 0.0 0 8.0 15 280 M M 5 13 19 260
6 73 51 62 -3 3 0 0.00 0.0 0 4.7 12 60 M M 6 14 60
7 75 57 66 1 0 1 0.06 0.0 0 10.4 38 210 M M 8 60 210
8 80 63 72 7 0 7 0.00 0.0 0 6.9 18 30 M M 8 23 10
9 80 59 70 6 0 5 0.00 0.0 0 5.4 16 30 M M 6 20 30
10 72 58 65 1 0 0 0.01 0.0 0 7.3 16 50 M M 9 12 20 60
11 60 47 54 -10 11 0 0.00 0.0 0 6.2 15 20 M M 7 1 18 40
12 75 41 58 -5 7 0 0.00 0.0 0 8.0 20 190 M M 5 29 180
13 75 62 69 6 0 4 0.24 0.0 0 11.9 21 260 M M 9 1 31 220
14 62 45 54 -9 11 0 0.00 0.0 0 8.6 20 10 M M 4 25 20
15 64 41 53 -9 12 0 0.00 0.0 0 5.2 13 220 M M 2 17 230
16 74 54 64 2 1 0 0.00 0.0 0 10.7 16 230 M M 2 21 210
17 68 49 59 -2 6 0 T 0.0 0 7.4 17 20 M M 8 22 30
18 59 48 54 -7 11 0 0.03 0.0 0 9.2 20 40 M M 8 1 26 50
19 56 36 46 -15 19 0 0.00 0.0 0 4.6 15 10 M M 4 21 30
20 62 38 50 -10 15 0 0.00 0.0 0 5.1 16 30 M M 4 22 30
21 67 35 51 -9 14 0 0.00 0.0 0 5.2 15 40 M M 2 17 60
22 70 38 54 -5 11 0 0.00 0.0 0 5.8 12 320 M M 4 16 310
23 78 51 65 6 0 0 0.00 0.0 0 9.8 20 300 M M 2 27 310
24 78 53 66 7 0 1 0.00 0.0 0 4.8 14 290 M M 5 1 19 270
25 80 55 68 10 0 3 0.00 0.0 0 5.1 9 40 M M 3 1 12 250
26 81 53 67 9 0 2 0.00 0.0 0 6.8 15 220 M M 4 1 19 220
27 85 63 74 17 0 9 0.00 0.0 0 10.4 24 220 M M 6 33 210
28 82 58 70 13 0 5 T 0.0 0 7.3 21 230 M M 6 26 240
29 74 54 64 7 1 0 0.78 0.0 0 6.9 24 280 M M 10 1 30 270
30 61 50 56 0 9 0 0.85 0.0 0 10.8 29 240 M M 9 1 35 240
================================================================================
SM 2179 1551 135 57 2.29 0.0 227.3 M 174
================================================================================
AV 72.6 51.7 7.6 FASTST M M 6 MAX(MPH)
MISC ----> # 38 210 # 60 210
================================================================================
NOTES:
# LAST OF SEVERAL OCCURRENCES
COLUMN 17 PEAK WIND IN M.P.H.
PRELIMINARY LOCAL CLIMATOLOGICAL DATA (WS FORM: F-6) , PAGE 2
STATION: ROCHESTER NY
MONTH: SEPTEMBER
YEAR: 2020
LATITUDE: 43 7 N
LONGITUDE: 77 40 W
[TEMPERATURE DATA] [PRECIPITATION DATA] SYMBOLS USED IN COLUMN 16
AVERAGE MONTHLY: 62.2 TOTAL FOR MONTH: 2.29 1 = FOG OR MIST
DPTR FM NORMAL: 0.4 DPTR FM NORMAL: -1.09 2 = FOG REDUCING VISIBILITY
HIGHEST: 85 ON 27 GRTST 24HR 0.85 ON 30-30 TO 1/4 MILE OR LESS
LOWEST: 35 ON 21 3 = THUNDER
SNOW, ICE PELLETS, HAIL 4 = ICE PELLETS
TOTAL MONTH: 0.0 INCH 5 = HAIL
GRTST 24HR 0.0 6 = FREEZING RAIN OR DRIZZLE
GRTST DEPTH: 0 7 = DUSTSTORM OR SANDSTORM:
VSBY 1/2 MILE OR LESS
8 = SMOKE OR HAZE
[NO. OF DAYS WITH] [WEATHER - DAYS WITH] 9 = BLOWING SNOW
X = TORNADO
MAX 32 OR BELOW: 0 0.01 INCH OR MORE: 9
MAX 90 OR ABOVE: 0 0.10 INCH OR MORE: 4
MIN 32 OR BELOW: 0 0.50 INCH OR MORE: 2
MIN 0 OR BELOW: 0 1.00 INCH OR MORE: 0
[HDD (BASE 65) ]
TOTAL THIS MO. 135 CLEAR (SCALE 0-3) 5
DPTR FM NORMAL -12 PTCLDY (SCALE 4-7) 18
TOTAL FM JUL 1 142 CLOUDY (SCALE 8-10) 7
DPTR FM NORMAL -39
[CDD (BASE 65) ]
TOTAL THIS MO. 57
DPTR FM NORMAL 7 [PRESSURE DATA]
TOTAL FM JAN 1 795 HIGHEST SLP 30.62 ON 21
DPTR FM NORMAL 261 LOWEST SLP 29.58 ON 30
[REMARKS]
#FINAL-09-20#