000
CXUS51 KBUF 010905
CF6ROC
PRELIMINARY LOCAL CLIMATOLOGICAL DATA (WS FORM: F-6)
STATION: ROCHESTER NY
MONTH: MARCH
YEAR: 2020
LATITUDE: 43 7 N
LONGITUDE: 77 40 W
TEMPERATURE IN F: :PCPN: SNOW: WIND :SUNSHINE: SKY :PK WND
================================================================================
1 2 3 4 5 6A 6B 7 8 9 10 11 12 13 14 15 16 17 18
12Z AVG MX 2MIN
DY MAX MIN AVG DEP HDD CDD WTR SNW DPTH SPD SPD DIR MIN PSBL S-S WX SPD DR
================================================================================
1 40 17 29 0 36 0 0.00 0.0 1 7.5 14 260 M M 6 20 280
2 53 39 46 16 19 0 0.04 0.0 T 14.4 22 230 M M 10 1 27 200
3 53 38 46 16 19 0 0.21 0.0 0 8.1 36 290 M M 10 12 51 290
4 45 33 39 9 26 0 0.03 0.3 0 15.6 30 250 M M 8 42 260
5 45 32 39 9 26 0 0.00 0.0 T 8.4 15 320 M M 7 20 320
6 41 29 35 4 30 0 0.12 3.3 0 13.2 30 40 M M 10 1 36 30
7 36 23 30 -1 35 0 0.00 0.0 2 9.4 21 20 M M 4 26 20
8 58 27 43 12 22 0 0.00 0.0 0 11.6 22 260 M M 5 27 280
9 66 47 57 25 8 0 0.00 0.0 0 13.4 32 270 M M 7 39 280
10 59 32 46 14 19 0 0.06 0.0 0 14.3 25 210 M M 8 1 37 210
11 40 25 33 1 32 0 0.00 0.0 0 6.2 17 100 M M 7 20 100
12 52 31 42 9 23 0 0.00 0.0 0 5.3 15 170 M M 9 21 160
13 52 34 43 10 22 0 0.07 0.0 0 18.9 41 270 M M 8 1 53 280
14 39 33 36 3 29 0 0.00 0.0 0 10.2 20 280 M M 7 27 280
15 34 24 29 -5 36 0 0.00 0.0 0 8.2 17 50 M M 2 22 40
16 50 21 36 2 29 0 T 0.0 0 7.1 22 210 M M 5 33 210
17 46 36 41 7 24 0 0.01 0.0 0 12.8 28 270 M M 9 1 36 270
18 47 26 37 2 28 0 0.09 0.0 0 5.7 16 120 M M 7 19 120
19 54 38 46 11 19 0 0.12 T 0 5.9 10 140 M M 10 1 13 140
20 70 29 50 14 15 0 0.12 0.0 0 18.1 48 260 M M 9 1 61 260
21 30 21 26 -10 39 0 0.00 0.0 0 8.3 22 330 M M 5 28 340
22 36 19 28 -8 37 0 0.00 0.0 0 8.6 17 50 M M 4 23 30
23 38 32 35 -2 30 0 0.23 0.4 T 8.3 18 170 M M 10 1 25 170
24 43 33 38 1 27 0 0.01 0.1 T 5.1 15 360 M M 9 1 20 340
25 52 32 42 4 23 0 T 0.0 0 8.3 17 210 M M 8 23 190
26 64 40 52 14 13 0 0.00 0.0 0 11.5 23 270 M M 8 32 270
27 50 36 43 5 22 0 0.00 0.0 0 5.8 15 30 M M 6 16 30
28 48 33 41 2 24 0 0.23 0.0 0 9.2 21 130 M M 8 1 26 130
29 69 45 57 18 8 0 0.19 0.0 0 15.1 33 270 M M 8 138 45 250
30 51 40 46 6 19 0 0.09 0.0 0 14.2 26 240 M M 9 37 230
31 46 37 42 2 23 0 0.02 0.0 0 8.6 16 50 M M 10 1 21 50
================================================================================
SM 1507 982 762 0 1.64 4.1 317.3 M 233
================================================================================
AV 48.6 31.7 10.2 FASTST M M 8 MAX(MPH)
MISC ----> # 48 260 # 61 260
================================================================================
NOTES:
# LAST OF SEVERAL OCCURRENCES
COLUMN 17 PEAK WIND IN M.P.H.
PRELIMINARY LOCAL CLIMATOLOGICAL DATA (WS FORM: F-6) , PAGE 2
STATION: ROCHESTER NY
MONTH: MARCH
YEAR: 2020
LATITUDE: 43 7 N
LONGITUDE: 77 40 W
[TEMPERATURE DATA] [PRECIPITATION DATA] SYMBOLS USED IN COLUMN 16
AVERAGE MONTHLY: 40.2 TOTAL FOR MONTH: 1.64 1 = FOG OR MIST
DPTR FM NORMAL: 5.8 DPTR FM NORMAL: -0.86 2 = FOG REDUCING VISIBILITY
HIGHEST: 70 ON 20 GRTST 24HR 0.23 ON 28-28 TO 1/4 MILE OR LESS
LOWEST: 17 ON 1 3 = THUNDER
SNOW, ICE PELLETS, HAIL 4 = ICE PELLETS
TOTAL MONTH: 4.1 INCHES 5 = HAIL
GRTST 24HR 3.3 ON 6- 6 6 = FREEZING RAIN OR DRIZZLE
GRTST DEPTH: 2 ON 7 7 = DUSTSTORM OR SANDSTORM:
VSBY 1/2 MILE OR LESS
8 = SMOKE OR HAZE
[NO. OF DAYS WITH] [WEATHER - DAYS WITH] 9 = BLOWING SNOW
X = TORNADO
MAX 32 OR BELOW: 1 0.01 INCH OR MORE: 16
MAX 90 OR ABOVE: 0 0.10 INCH OR MORE: 7
MIN 32 OR BELOW: 16 0.50 INCH OR MORE: 0
MIN 0 OR BELOW: 0 1.00 INCH OR MORE: 0
[HDD (BASE 65) ]
TOTAL THIS MO. 762 CLEAR (SCALE 0-3) 1
DPTR FM NORMAL -190 PTCLDY (SCALE 4-7) 16
TOTAL FM JUL 1 5207 CLOUDY (SCALE 8-10) 14
DPTR FM NORMAL -531
[CDD (BASE 65) ]
TOTAL THIS MO. 0
DPTR FM NORMAL 0 [PRESSURE DATA]
TOTAL FM JAN 1 0 HIGHEST SLP 30.75 ON 22
DPTR FM NORMAL 0 LOWEST SLP 29.34 ON 3
[REMARKS]
#FINAL-03-20#