407
CXUS53 KGRB 280806
CF6RRL
PRELIMINARY LOCAL CLIMATOLOGICAL DATA (WS FORM: F-6)
STATION: MERRILL MUNICIPAL AI
MONTH: JANUARY
YEAR: 2021
LATITUDE: 45 10 N
LONGITUDE: 89 42 W
TEMPERATURE IN F: :PCPN: SNOW: WIND :SUNSHINE: SKY :PK WND
================================================================================
1 2 3 4 5 6A 6B 7 8 9 10 11 12 13 14 15 16 17 18
12Z AVG MX 2MIN
DY MAX MIN AVG DEP HDD CDD WTR SNW DPTH SPD SPD DIR MIN PSBL S-S WX SPD DR
================================================================================
1 22 -1 11 0 54 0 M M M 1.0 7 320 M M 8 1 M M
2 26 18 22 11 43 0 M M M 1.4 6 290 M M 10 1 M M
3 25 19 22 11 43 0 M M M 1.9 7 200 M M 10 1 M M
4 28 22 25 14 40 0 M M M 3.1 6 220 M M 10 1 M M
5 28 7 18 7 47 0 M M M 0.0 M M M M 8 12 M M
6 32 2 17 6 48 0 M M M 0.0 M M M M 7 12 M M
7 29 8 19 9 46 0 M M M 0.1 3 10 M M 9 12 M M
8 32 8 20 M 45 0 M M M 1.3 6 10 M M 7 1 M M
9 22 18 20 M 45 0 M M M 1.6 6 300 M M 10 1 M M
10 22 17 20 M 45 0 M M M 2.7 7 240 M M 10 1 M M
11 30 17 24 M 41 0 M M M 3.8 10 250 M M 10 1 M M
12 31 23 27 M 38 0 M M M 4.4 9 240 M M 10 1 M M
13 35 10 23 M 42 0 M M M 0.1 3 300 M M 2 12 M M
14 35 12 24 M 41 0 M M M 6.6 12 90 M M 8 1 17 130
15 35 32 34 M 31 0 M M M 7.2 12 80 M M 10 20 80
16 33 25 29 M 36 0 M M M 8.0 12 10 M M 10 17 340
17 26 21 24 M 41 0 M M M 4.2 8 360 M M 10 1 M M
18 23 14 19 M 46 0 M M M 4.0 12 300 M M 9 16 290
19 18 6 12 M 53 0 M M M 5.2 9 300 M M 9 17 310
20 32 1 17 M 48 0 M M M 7.5 14 270 M M 2 22 180
21 33 9 21 M 44 0 M M M 13.4 17 350 M M 8 29 290
22 15 5 10 M 55 0 M M M 7.6 14 320 M M 7 21 320
23 20 2 11 M 54 0 M M M 2.3 9 260 M M 6 M M
24 29 5 17 M 48 0 M M M 3.6 9 360 M M 4 M M
25 26 -3 12 M 53 0 M M M 3.6 9 10 M M 1 16 40
26 23 7 15 M 50 0 M M M 8.3 14 30 M M 5 21 30
27 19 -6 7 M 58 0 M M M 2.6 9 350 M M 3 16 340
================================================================================
SM 729 298 1235 0 M M 105.6 M 203
================================================================================
AV 27.0 11.0 3.9 FASTST M M 8 MAX(MPH)
MISC ----> 17 350 29 290
================================================================================
NOTES:
# LAST OF SEVERAL OCCURRENCES
COLUMN 17 PEAK WIND IN M.P.H.
PRELIMINARY LOCAL CLIMATOLOGICAL DATA (WS FORM: F-6) , PAGE 2
STATION: MERRILL MUNICIPAL AI
MONTH: JANUARY
YEAR: 2021
LATITUDE: 45 10 N
LONGITUDE: 89 42 W
[TEMPERATURE DATA] [PRECIPITATION DATA] SYMBOLS USED IN COLUMN 16
AVERAGE MONTHLY: 19.0 TOTAL FOR MONTH: M 1 = FOG OR MIST
DPTR FM NORMAL: 0.0 DPTR FM NORMAL: M 2 = FOG REDUCING VISIBILITY
HIGHEST: 35 ON 15,14 GRTST 24HR 0.29 ON 25-26 TO 1/4 MILE OR LESS
LOWEST: -6 ON 27 3 = THUNDER
SNOW, ICE PELLETS, HAIL 4 = ICE PELLETS
TOTAL MONTH: M 5 = HAIL
GRTST 24HR M ON M 6 = FREEZING RAIN OR DRIZZLE
GRTST DEPTH: M ON M 7 = DUSTSTORM OR SANDSTORM:
VSBY 1/2 MILE OR LESS
8 = SMOKE OR HAZE
[NO. OF DAYS WITH] [WEATHER - DAYS WITH] 9 = BLOWING SNOW
X = TORNADO
MAX 32 OR BELOW: 22 0.01 INCH OR MORE: 0
MAX 90 OR ABOVE: 0 0.10 INCH OR MORE: 0
MIN 32 OR BELOW: 27 0.50 INCH OR MORE: 0
MIN 0 OR BELOW: 3 1.00 INCH OR MORE: 0
[HDD (BASE 65) ]
TOTAL THIS MO. 1235 CLEAR (SCALE 0-3) 4
DPTR FM NORMAL 855 PTCLDY (SCALE 4-7) 8
TOTAL FM JUL 1 4590 CLOUDY (SCALE 8-10) 15
DPTR FM NORMAL 4210
[CDD (BASE 65) ]
TOTAL THIS MO. 0
DPTR FM NORMAL 0 [PRESSURE DATA]
TOTAL FM JAN 1 0 HIGHEST SLP M ON M
DPTR FM NORMAL 0 LOWEST SLP M ON M
[REMARKS]